-- https://www.phpmyadmin.net/
--

START TRANSACTION;



--
-- Database: `omsiga_db`
--

-- --------------------------------------------------------

--
-- Table structure for table `about_content`
--

CREATE TABLE `about_content` (
  `about_content_id` int(11) NOT NULL,
  `about_content` text DEFAULT NULL
) ENGINE=InnoDB DEFAULT CHARSET=latin1 COLLATE=latin1_swedish_ci;

--
-- Dumping data for table `about_content`
--

INSERT INTO `about_content` (`about_content_id`, `about_content`) VALUES
(1, '<p><span dir=\"rtl\"><big><strong>&trade;<span dir=\"ltr\">Brinell Scott</span></strong></big></span></p>\r\n\r\n<p><span dir=\"ltr\"><small><big>With an idea to promote right living and right eating <strong>Brinell Scott&trade;</strong> has evolved many years perfecting its products. We strive to bring secrets of Superfoods which kept many civilization and cultures Hail and Healthy.</big></small></span></p>\r\n\r\n<p><span dir=\"ltr\">Dead food and Highly processed food has been destroying its micro Nutrients, change in food habits and lifestyle has been the major factor affecting the last generation and current generation. <strong>Brinell Scott&trade;</strong> will bring back Naturally bio active food products and foods with high micro and macro Nutrients will soon be bought from differnt Cultures, Civilization and periods right on your Table.</span></p>\r\n\r\n<p>&nbsp;</p>\r\n');

-- --------------------------------------------------------

--
-- Table structure for table `blog_content`
--

CREATE TABLE `blog_content` (
  `blog_content_id` int(11) NOT NULL,
  `blog_content` text DEFAULT NULL,
  `blog_message` text DEFAULT NULL,
  `blog_title` varchar(100) DEFAULT NULL,
  `blog_image` varchar(200) DEFAULT NULL
) ENGINE=InnoDB DEFAULT CHARSET=latin1 COLLATE=latin1_swedish_ci;

-- --------------------------------------------------------

--
-- Table structure for table `contactus`
--

CREATE TABLE `contactus` (
  `name` varchar(100) NOT NULL,
  `email` varchar(100) NOT NULL,
  `company` varchar(100) DEFAULT NULL,
  `telephone` varchar(100) NOT NULL,
  `address1` varchar(100) NOT NULL,
  `address2` varchar(100) NOT NULL,
  `comment` varchar(100) NOT NULL,
  `id` int(11) NOT NULL
) ENGINE=InnoDB DEFAULT CHARSET=latin1 COLLATE=latin1_swedish_ci;

--
-- Dumping data for table `contactus`
--

INSERT INTO `contactus` (`name`, `email`, `company`, `telephone`, `address1`, `address2`, `comment`, `id`) VALUES
('1', 'nivethagslakshmi@gmail.com', '', 'P', 'sdf', 'sdfsda', 'sdfsdfsd', 1);

-- --------------------------------------------------------

--
-- Table structure for table `contact_add`
--

CREATE TABLE `contact_add` (
  `contact_add_id` int(11) NOT NULL,
  `contact_email` varchar(100) DEFAULT NULL,
  `contact_phone` varchar(100) DEFAULT NULL
) ENGINE=InnoDB DEFAULT CHARSET=latin1 COLLATE=latin1_swedish_ci;

-- --------------------------------------------------------

--
-- Table structure for table `delivery_option`
--

CREATE TABLE `delivery_option` (
  `deli_opt_id` int(11) NOT NULL,
  `delivery_name` varchar(100) NOT NULL,
  `status` int(11) NOT NULL DEFAULT 0
) ENGINE=InnoDB DEFAULT CHARSET=latin1 COLLATE=latin1_swedish_ci;

--
-- Dumping data for table `delivery_option`
--

INSERT INTO `delivery_option` (`deli_opt_id`, `delivery_name`, `status`) VALUES
(1, 'COD', 0),
(2, 'Pay Using Gateway', 0);

-- --------------------------------------------------------

--
-- Table structure for table `home_slider`
--

CREATE TABLE `home_slider` (
  `slider_id` int(11) NOT NULL,
  `slider_image` varchar(100) DEFAULT NULL
) ENGINE=MyISAM DEFAULT CHARSET=latin1 COLLATE=latin1_swedish_ci;

--
-- Dumping data for table `home_slider`
--

INSERT INTO `home_slider` (`slider_id`, `slider_image`) VALUES
(26, '94012200_snack.webp'),
(33, '60581984_bannernx.jpg');

-- --------------------------------------------------------

--
-- Table structure for table `organic_menu`
--

CREATE TABLE `organic_menu` (
  `organic_menu_id` int(11) NOT NULL,
  `organic_menu` varchar(100) DEFAULT NULL,
  `organic_image` varchar(100) DEFAULT NULL,
  `status` varchar(10) DEFAULT NULL,
  `deleted` int(11) DEFAULT 1
) ENGINE=InnoDB DEFAULT CHARSET=latin1 COLLATE=latin1_swedish_ci;

--
-- Dumping data for table `organic_menu`
--

INSERT INTO `organic_menu` (`organic_menu_id`, `organic_menu`, `organic_image`, `status`, `deleted`) VALUES
(34, 'FLOOR AND OTHER CLEANSERS', '173769639412498_and_cleaning-removebg-preview.jpg', '1', 1),
(35, 'DETERGENT AND LAUNDRIES', '1737475535s_(1).jpeg', '1', 1),
(36, 'DAL AND PULSES', '1737475320qksIRL.jpg', '1', 1),
(37, 'SALT , JAGGERY AND SUGAR', '1737475688nshot_2025-01-21_213754.png', '1', 1),
(38, 'NOODLES , PASTA AND SAUCES', '1737610708oad_(2).jpg', '1', 1),
(40, 'DRY FRUITS , NUTS AND SEEDS ', '1737612617ruits.jpg', '1', 1),
(42, 'ATTA AND RICE', '1737474846RICE.png', '1', 1),
(43, 'OIL AND GHEE', '1737610087n2MQUL.jpg', '1', 1),
(44, 'DAIRY , BAKERY', '1737612730.jpg', '1', 1),
(45, 'PET CARE', '1737475089s.jpeg', '1', 1),
(46, 'MASALA AND SPICES', '173769713210955ded-Spices1-removebg-preview.jpg', '1', 1),
(47, 'HEALTH SUPPLEMENTS', '1737611021oodies.jpg', '1', 1),
(48, 'BISCUITS , CHIPS AND NAMKEENS', '1737476966i7ZNuL.jpg', '1', 1),
(49, 'BREAKFAST ESSENTIALS', '1737611103fast.jpg', '1', 1),
(50, 'BEVERAGES', '1737611185ages.jpg', '1', 1),
(51, 'CHOCOLATES AND SWEETS', '1737611331lates.jpg', '1', 1),
(52, 'BODY AND SKIN CARE', '1737611444and_body.jpg', '1', 1),
(53, 'BEAUTY AND GROOMING', '1737696872ing_(1).png', '1', 1),
(54, 'ORAL CARE', '1737611651care.jpg', '1', 1),
(55, 'BABY CARE', '1737611854care.jpg', '1', 1),
(56, 'HYGIENE AND WELLNESS', '1737696983ing_(2).png', '1', 1),
(57, 'HOUSEHOLD AND CLEANING', '1737612239hold.jpeg', '1', 1),
(58, 'HOME AND KITCHEN', '1737696696ing.png', '1', 1),
(59, 'UTENSILS CLEANERS', '1737612385ils.jpg', '1', 1),
(61, 'HAIR CARE', '1737696495cARE.jpg', '1', 1),
(62, 'INSTANT DRINK MIXES', '1737611103fast.jpg', '1', 1),
(63, 'PACKAGED FOOD', '1737476966i7ZNuL.jpg', '1', 1);

-- --------------------------------------------------------

--
-- Table structure for table `pincode_price`
--

CREATE TABLE `pincode_price` (
  `pincode_price_id` int(11) NOT NULL,
  `pincode` varchar(100) DEFAULT NULL,
  `price` varchar(100) DEFAULT NULL
) ENGINE=MyISAM DEFAULT CHARSET=latin1 COLLATE=latin1_swedish_ci;

--
-- Dumping data for table `pincode_price`
--

INSERT INTO `pincode_price` (`pincode_price_id`, `pincode`, `price`) VALUES
(4, '620001', '75'),
(5, '620002', '75'),
(6, '620003', '75'),
(7, '620004', '75'),
(8, '620005', '75'),
(9, '620006', '75'),
(10, '620007', '75'),
(12, '620009', '75'),
(13, '620010', '75'),
(14, '620011', '75'),
(15, '620012', '75'),
(16, '636201', '5'),
(17, '636404', '40');

-- --------------------------------------------------------

--
-- Table structure for table `privacy`
--

CREATE TABLE `privacy` (
  `privacy_content` text NOT NULL,
  `privacy_id` int(11) NOT NULL
) ENGINE=InnoDB DEFAULT CHARSET=latin1 COLLATE=latin1_swedish_ci;

--
-- Dumping data for table `privacy`
--

INSERT INTO `privacy` (`privacy_content`, `privacy_id`) VALUES
('<p><strong>What information do we collect ?</strong></p>\r\n\r\n<ul>\r\n	<li>We collect information from you when you place an order, subscribe to our newsletter or fill out a form.</li>\r\n	<li>When ordering or registering on our site, as appropriate, you may be asked to enter your: name, e-mail address, mailing address, phone number or credit card information. You may, however, visit our site anonymously.</li>\r\n	<li>Google, as a third party vendor, uses cookies to serve ads on your site. Google&#39;s use of the DART cookie enables it to serve ads to your users based on their visit to your sites and other sites on the Internet. Users may opt out of the use of the DART cookie by visiting the Google ad and content network privacy policy.</li>\r\n</ul>\r\n\r\n<p><strong>What do we use your information for? </strong></p>\r\n\r\n<ul>\r\n	<li>Any of the information we collect from you may be used in one of the following ways:</li>\r\n</ul>\r\n\r\n<p>-To personalize your experience</p>\r\n\r\n<p>(your information helps us to better respond to your individual needs)</p>\r\n\r\n<p>- To improve our website</p>\r\n\r\n<p>(we continually strive to improve our website offerings based on the information and feedback we receive from you)</p>\r\n\r\n<p>- To improve customer service</p>\r\n\r\n<p>(your information helps us to more effectively respond to your customer service requests and support needs)</p>\r\n\r\n<p>- To process transactions</p>\r\n\r\n<p>Your information, whether public or private, will not be sold, exchanged, transferred, or given to any other company for any reason whatsoever, without your consent, other than for the express purpose of delivering the purchased product or service requested.</p>\r\n\r\n<p>- To administer a contest, promotion, survey or other site feature</p>\r\n\r\n<p>- To send periodic emails</p>\r\n\r\n<p>The email address you provide for order processing, will only be used to send you information and updates pertaining to your order.</p>\r\n\r\n<p><strong>Note: If at any time you would like to unsubscribe from receiving future emails, we include detailed unsubscribe instructions at the bottom of each email.</strong></p>\r\n\r\n<p><strong>How do we protect your information? </strong></p>\r\n\r\n<ul>\r\n	<li>We implement a variety of security measures to maintain the safety of your personal information when you place an order or enter, submit, or access your personal information.</li>\r\n	<li>We offer the use of a secure server. All supplied sensitive/credit information is transmitted via Secure Socket Layer (SSL) technology and then encrypted into our Payment gateway providers database only to be accessible by those authorized with special access rights to such systems, and are required to?keep the information confidential.</li>\r\n	<li>After a transaction, your private information (credit cards, social security numbers, financials, etc.) will not be stored on our servers.</li>\r\n</ul>\r\n\r\n<p><strong>Do we use cookies? </strong></p>\r\n\r\n<ul>\r\n	<li>Yes (Cookies are small files that a site or its service provider transfers to your computers hard drive through your Web browser (if you allow) that enables the sites or service providers systems to recognize your browser and capture and remember certain information</li>\r\n	<li>We use cookies to help us remember and process the items in your shopping cart, keep track of advertisements and compile aggregate data about site traffic and site interaction so that we can offer better site experiences and tools in the future. We may contract with third-party service providers to assist us in better understanding our site visitors. These service providers are not permitted to use the information collected on our behalf except to help us conduct and improve our business.</li>\r\n</ul>\r\n\r\n<p><strong>Do we disclose any information to outside parties? </strong></p>\r\n\r\n<ul>\r\n	<li>We do not sell, trade, or otherwise transfer to outside parties your personally identifiable information. This does not include trusted third parties who assist us in operating our website, conducting our business, or servicing you, so long as those parties agree to keep this information confidential. We may also release your information when we believe release is appropriate to comply with the law, enforce our site policies, or protect ours or others rights, property, or safety. However, non-personally identifiable visitor information may be provided to other parties for marketing, advertising, or other uses.</li>\r\n</ul>\r\n\r\n<p><strong>Third party links </strong></p>\r\n\r\n<ul>\r\n	<li>Occasionally, at our discretion, we may include or offer third party products or services on our website. These third party sites have separate and independent privacy policies. We therefore have no responsibility or liability for the content and activities of these linked sites. Nonetheless, we seek to protect the integrity of our site and welcome any feedback about these sites.</li>\r\n</ul>\r\n\r\n<p><strong>California Online Privacy Protection Act Compliance </strong></p>\r\n\r\n<ul>\r\n	<li>Because we value your privacy we have taken the necessary precautions to be in compliance with the California Online Privacy Protection Act. We therefore will not distribute your personal information to outside parties without your consent.</li>\r\n</ul>\r\n\r\n<p><s><strong>Childrens Online Privacy Protection Act Compliance </strong></s></p>\r\n\r\n<ul>\r\n	<li><s><strong>We are in compliance with the requirements of COPPA (Childrens Online Privacy Protection Act), we do not collect any information from anyone under 13 years of age. Our website, products and services are all directed to people who are at least 13 years old or older.</strong></s></li>\r\n</ul>\r\n\r\n<p><strong>Online Privacy Policy Only </strong></p>\r\n\r\n<ul>\r\n	<li>This online privacy policy applies only to information collected through our website and not to information collected offline.</li>\r\n</ul>\r\n\r\n<p><strong>Your Consent </strong></p>\r\n\r\n<ul>\r\n	<li>By using our site, you consent to our web site privacy policy.</li>\r\n</ul>\r\n\r\n<p><strong>Changes to our Privacy Policy </strong></p>\r\n\r\n<ul>\r\n	<li>If we decide to change our privacy policy, we will post those changes on this page.</li>\r\n</ul>\r\n', 2);

-- --------------------------------------------------------

--
-- Table structure for table `product`
--

CREATE TABLE `product` (
  `product_id` int(11) NOT NULL,
  `organic_menu_id` varchar(225) DEFAULT NULL,
  `sub_category_id` varchar(11) DEFAULT NULL,
  `mrp_price` varchar(100) DEFAULT NULL,
  `product_kg` varchar(100) DEFAULT NULL,
  `product_name` varchar(110) DEFAULT NULL,
  `product_quantity` int(100) NOT NULL,
  `product_description` text DEFAULT NULL,
  `product_ingredients` text DEFAULT NULL,
  `product_usage` text DEFAULT NULL,
  `product_features` text DEFAULT NULL,
  `product_price` double(10,2) DEFAULT NULL,
  `distributer_price` varchar(100) NOT NULL,
  `distributer_commission` varchar(100) NOT NULL,
  `product_image` varchar(200) DEFAULT NULL,
  `status` varchar(225) DEFAULT NULL,
  `s.no` varchar(100) DEFAULT NULL
) ENGINE=InnoDB DEFAULT CHARSET=latin1 COLLATE=latin1_swedish_ci;

--
-- Dumping data for table `product`
--

INSERT INTO `product` (`product_id`, `organic_menu_id`, `sub_category_id`, `mrp_price`, `product_kg`, `product_name`, `product_quantity`, `product_description`, `product_ingredients`, `product_usage`, `product_features`, `product_price`, `distributer_price`, `distributer_commission`, `product_image`, `status`, `s.no`) VALUES
(2, '35', '3', '99', '', 'RIN LIQUID 800 ML POUCH TL', 409, '<p>The formula blends the qualities of bar and powder and dissolves quickly in water to deep clean the most stubborn dirt areas. It also has a fresh fragrance which ensures your clothes smell pleasant throughout the day. Rin Liquid Detergent will replace your bar and powder at a pocket-friendly price.</p>\r\n', '', '', '', 96.00, '', '', '1737696491l1.png', '1', NULL),
(3, '35', '3', '115', '', 'RIN LIQUID 800 ML POUCH FL', 409, '<p>Rin Matic Liquid Detergent offers tough stain removal while protecting your clothes and leaving no residue behind. This liquid detergent protects your clothes from fading and ensures the colour of the fabric remains bright, even after repeated washing. This detergent liquid makes sure that the stubborn stains are removed effectively while leaving a pleasant fragrance. So go ahead and buy this product online today.&nbsp;</p>\r\n', '', '', '', 111.00, '', '', '1737558434nshot_2025-01-22_203555.png', '1', NULL),
(4, '35', '3', '300', '', 'RIN LIQUID MATIC 2LTR', 409, '<p>Rin Matic Liquid Detergent offers tough stain removal while protecting your clothes and leaving no residue behind. This liquid detergent protects your clothes from fading and ensures the colour of the fabric remains bright, even after repeated washing. This detergent liquid makes sure that the stubborn stains are removed effectively while leaving a pleasant fragrance. So go ahead and buy this product online today.&nbsp;</p>\r\n', '', '', '', 285.00, '', '', '1737696526atic_2l.jpg', '1', NULL),
(5, '35', '3', '75', '', 'RIN LIQUID MATIC 430 ML', 409, '<p>&nbsp; &nbsp;It&#39;s best product we came across to remove the cross contamination occurred while soaking clothes with dark colors shades. We soaked the shirts for 8hrs and not only the stains were removed but the fabric also shinned. We recommend pepole to close their eyes and go for it.&nbsp;</p>\r\n', '', '', '', 72.00, '', '', '1737696830l1.png', '1', NULL),
(7, '34', '41', '44', '', 'RIN BLEACH ALA BLEACH 200 ML', 0, '<p>Highly advanced bleach releases oxygen. Removes tough stains. Ensures dress is in brightest best.&nbsp;</p>\r\n', '', '', '', 40.70, '', '', '173769710400ml.png', '1', NULL),
(8, '34', '41', '89', '', 'RIN BLEACH ALA BLEACH 500 ML', 0, '<p>&nbsp; &nbsp;Rin Ala Fabric Whitener (Fabric Bleach) 500ml assures whiteness &amp; removes tough stains. Rin Ala Fabric Whitener is suitable for use on White Cottons &amp; Terrycots. Your Rin Ala Fabric Whitener should be used BEFORE washing clothes with detergent.&nbsp;</p>\r\n', '', '', '', 85.00, '', '', '173769712100ml.png', '1', NULL),
(9, '35', '3', '270', '', 'SURF EXCEL DETERGENT POWDER', 409, '<p>This detergent targets tough stains with its superfine powder and removes them easily without being harsh on the fabric. So, enjoy your dinner parties and let go of the fear of stains &mdash; your clothes will be blemish-free and bright as before with this detergent.</p>\r\n', '', '', '', 259.00, '', '', '1737697340.png', '1', NULL),
(10, '35', '3', '1475', '', 'SURF EXCEL DETERGENT POWDER MATIC FL 4 KG + 2KG FREE', 409, '<p>&nbsp; &nbsp;Surf Excel Matic Front Load Laundry Detergent Dissolves Completely Leaving No Residue On Your Clothes On In The Machine. Surf Excel Matic Front Load Laundry Detergent Is Designed To Work In High Water Level (20 Liters) Of Front Load Washing Machines. Scent Name: Fresh. 1 Scoop Of Surf Excel Matic Is Equal 2 Scoops Of Ordinary Handwash Detergent.&nbsp;</p>\r\n', '', '', '', 1399.00, '', '', '17376974164k.png', '1', NULL),
(11, '35', '3', '205', '', 'SURF EXCEL DETERGENT LIQUID 1 L', 409, '<p>New Surf excel matic liquid top load liquid detergent gives you tough stain removal in washing machines in 20 mins. Faster Stain Removal in Machines - New Surf excel matic liquid detergent with a powerful cleaning technology penetrates stains faster and removes tough stains in machines itself.&nbsp;</p>\r\n', '', '', '', 199.00, '', '', '1737697545760_16-surf-excel-matic-liquid-top-load.png', '1', NULL),
(12, '35', '3', '102', '', 'SURF EXCEL DETERGENT LIQUID 500 ML', 409, '<p>Faster Dissolution in water. Removes tough stains faster. Superior Fragrance. Suitable for all kind of clothes. Gentle on hands.&nbsp;</p>\r\n', '', '', '', 97.00, '', '', '1737697611.jpg', '1', NULL),
(15, '50', '7', '5', '', 'BRU COFFEE INSTANT RS.5/', 16, '<p>70:30 coffee-chicory mix made from the choicest plantation and robusta beans, the enhanced process ensures that the fresh coffee aroma is preserved for a rich coffee experience.&nbsp;</p>\r\n', '', '', '', 4.75, '', '', '1737697776nshot_2025-01-23_112623.png', '1', NULL),
(16, '50', '7', '10', '', 'BRU COFFEE INSTANT RS.10/', 16, '<p>70:30 coffee-chicory mix made from the choicest plantation and robusta beans, the enhanced process ensures that the fresh coffee aroma is preserved for a rich coffee experience.&nbsp;</p>\r\n\r\n<p>&nbsp;</p>\r\n', '', '', '', 9.40, '', '', '1737697817nshot_2025-01-23_112655.png', '0', NULL),
(17, '50', '7', '145', '', 'BRU COFFEE INSTANT 50G', 16, '<p>BRU Instant Coffee was launched in 1968 and was India&rsquo;s first coffee-chicory mix instant coffee. It is made from a fine blend of the choicest plantation and Robusta beans. These coffee beans are first roasted to perfection then the new &amp; enhanced process ensures that the fresh coffee aroma is preserved so that you get a rich coffee taste beyond compare. Bru</p>\r\n', '', '', '', 139.00, '', '', '17376978430g.jpg', '1', NULL),
(18, '50', '7', '300', '', 'BRU COFFEE INSTANT 100 G', 16, '<p>Real Taste of South Indian Coffee : Bru Instant is made with choicest coffee beans from South Indian plantations,Select Beans&nbsp; Bru Instant is crafted with the right blend of Robusta &amp; Arabica beans which are carefully handpicked from South Indian plantations.</p>\r\n', '', '', '', 289.00, '', '', '173769786700g.jpg', '1', NULL),
(19, '50', '7', '600', '', 'BRU COFFEE INSTANT 200 G', 16, '<p>Real Taste of South Indian Coffee : Bru Instant is made with choicest coffee beans from South Indian plantations,Select Beans Bru Instant is crafted with the right blend of Robusta &amp; Arabica beans which are carefully handpicked from South Indian plantations.</p>\r\n', '', '', '', 579.00, '', '', '173769788900g.jpg', '1', NULL),
(20, '50', '7', '1000', '', 'BRU COFFEE INSTANT 500G POLY', 8, '<p>Fine Blend : Bru Instant is made with a blend of 70% Coffee &amp; 30% Chicory</p>\r\n\r\n<p>Great Aroma of Freshly Roasted Coffee Beans : Our unique roasting technology captures coffee aroma &amp; ensures you have an aromatic experience with every cup.&nbsp;</p>\r\n', '', '', '', 959.00, '', '', '1737697961.jpg', '1', NULL),
(21, '50', '7', '75', '', 'BRU COFFEE GREEN LABEL 100G', 16, '<p>Larger granules ensure that the 2nd decoction is as good as 1st.Nitro flush packing for best freshnessGreen Label.&nbsp;</p>\r\n', '', '', '', 73.00, '', '', '1737698074label_100g.png', '1', NULL),
(22, '50', '7', '280', '', 'BRU COFFEE INSTANT SUPER STRONG 5*200 G', 16, '<p>Start your day right with the first sip of Bru Super Strong Coffee Powder. Let the intense taste of coffee awaken your mind and body to new opportunities as the rich aroma of this distinctive blend unfolds. So go ahead and order this product online today.&nbsp;</p>\r\n', '', '', '', 269.00, '', '', '1737698299.jpg', '1', NULL),
(23, '50', '7', '750', '', 'BRU COFFEE INSTANT SUPER STRONG 500G', 16, '<p>Bru Instant Super Strong Coffee is a perfect mix of 57% coffee and 43% chicory. Blend of choicest Arabica and Robusta beans roasted to perfection. Enjoy a rich coffee tasting experience that is beyond compare.&nbsp;</p>\r\n', '', '', '', 709.00, '', '', '1737698326_strong_5oog.jpg', '1', NULL),
(24, '50', '7', '150', '', 'BRU COFFEE GREEN LABEL FILTER 200G', 16, '<p>Filter coffee. Perfect blend of 53% coffee and 47% chicory. Rich and thick aromatic cup of coffee. Larger granules ensure that the second decoction is as good as the first. Nitro flush packing for best freshness.&nbsp;</p>\r\n', '', '', '', 143.00, '', '', '1737698548r_200.png', '1', NULL),
(25, '50', '7', '380', '', 'BRU COFFEE GREEN LABEL FILTER 500G', 16, '<p>Filter coffee. Perfect blend of 53% coffee and 47% chicory. Rich and thick aromatic cup of coffee. Larger granules ensure that the second decoction is as good as the first. Nitro flush packing for best freshness.&nbsp;</p>\r\n', '', '', '', 359.00, '', '', '1737698563r_500.png', '1', NULL),
(26, '50', '7', '280', '', 'BRU COFFEE TRIPTI 5*200G', 16, '<p>Bru Tripti Coffee powder pack of 200 gm. Strong Taste. Quantity : 200 gm</p>\r\n', '', '', '', 269.00, '', '', '1737698625.jpg', '1', NULL),
(27, '50', '7', '125', '', 'BRU INSTANT PURE COFFEE JAR 25G', 16, '<p>Real Taste of South Indian Coffee : Bru Instant is made with choicest coffee beans from South Indian plantations. Great Aroma of Freshly Roasted Coffee Beans : Our unique roasting technology captures coffee aroma &amp; ensures you have an aromatic experience with every cup.&nbsp;</p>\r\n', '', '', '', 121.00, '', '', '173769866025g.jpg', '1', NULL),
(28, '50', '7', '270', '', 'BRU INSTANT PURE COFFEE JAR 50G', 16, '<p>Coffee chicory mix made from the choicest plantation and robust beans. The enhanced process ensures that the fresh coffee aroma is preserved for a rich coffee experience.&nbsp;</p>\r\n', '', '', '', 259.00, '', '', '1737698689nshot_2025-01-23_121011.png', '1', NULL),
(29, '50', '7', '510', '', 'BRU INSTANT PURE COFFEE JAR 100G', 16, '', '', '', '', 489.00, '', '', '1737698741100g.png', '1', NULL),
(30, '50', '7', '335', '', 'BRU GOLD FREEZE DRIED COFFEE 55G JAR', 16, '<p>Made with 100% Coffee from select coffee beans from South India, Bru Gold has an intense coffee taste. Bru Gold has the right blend of Arabica &amp; Robusta to give you a smooth cup. Masterfully crafted to preserve rich aroma &amp; taste of coffee.&nbsp;</p>\r\n\r\n<p>&nbsp;</p>\r\n\r\n<p>&nbsp;</p>\r\n\r\n<p>&nbsp;</p>\r\n', '', '', '', 325.00, '', '', '173769877255.jpg', '1', NULL),
(31, '50', '7', '620', '', 'BRU GOLD FREEZE DRIED COFFEE 100G', 16, '<p>Made with 100% Coffee from select coffee beans from South India, Bru Gold has an intense coffee taste. Bru Gold has the right blend of Arabica &amp; Robusta to give you a smooth cup. Masterfully crafted to preserve rich aroma &amp; taste of coffee.&nbsp;</p>\r\n', '', '', '', 589.00, '', '', '1737698793100g.jpg', '1', NULL),
(32, '50', '6', '10', '', '3 ROSES TEA DUST RS.10/', 16, '<p>3 Roses Dust Tea (Carton) is your best bet to start your mornings peacefully. Even during work hours or at night, a cup of this tea is just the kick your brain needs. It is made from the finest quality of tea leaves and has a strong aroma to make a perfect cup of tea. So go ahead, buy this product online today.&nbsp;</p>\r\n', '', '', '', 9.30, '', '', '1737699755nshot_2025-01-24_115217.png', '1', NULL),
(33, '50', '6', '5', '', '3 ROSES TEA DUST RS.5/', 0, '<p>3 Roses Dust Tea (Carton) is your best bet to start your mornings peacefully. Even during work hours or at night, a cup of this tea is just the kick your brain needs. It is made from the finest quality of tea leaves and has a strong aroma to make a perfect cup of tea. So go ahead, buy this product online today.&nbsp;</p>\r\n', '', '', '', 4.50, '', '', '1737699642t_5.png', '1', NULL),
(34, '50', '6', '2', '', '3 ROSES TEA DUST RS.2/', 6, '<p>3 Roses Dust Tea&nbsp; (Carton) is your best bet to start your mornings peacefully. Even during work hours or at night, a cup of this tea is just the kick your brain needs. It is made from the finest quality of tea leaves and has a strong aroma to make a perfect cup of tea. So go ahead, buy this product online today.&nbsp;</p>\r\n', '', '', '', 1.85, '', '', '1737700621nshot_2025-01-24_120400_enhanced.png', '1', NULL),
(35, '50', '6', '25', '', '3 ROSES TEA DUST 25G', 16, '<p>A sip of Brooke Bond 3Roses tea spreads warmth, care and mischievous behavior in you. Brooke Bond 3 Roses which is Stronger than ever stands for Perfect CTS. Brooke Bond 3 Roses provides you the best blended tea.&nbsp;</p>\r\n', '', '', '', 23.80, '', '', '1737700314.png', '1', NULL),
(36, '50', '6', '45', '', '3 ROSES TEA DUST 50G', 16, '<p>A sip of Brooke Bond 3Roses tea spreads warmth, care and mischievous behavior in you. Brooke Bond 3 Roses which is Stronger than ever stands for Perfect CTS. Brooke Bond 3 Roses provides you the best blended tea.&nbsp;</p>\r\n\r\n<p>&nbsp;</p>\r\n\r\n<p>&nbsp;</p>\r\n', '', '', '', 42.50, '', '', '1737700331.png', '1', NULL),
(37, '50', '6', '90', '', '3 ROSES TEA DUST 100G', 16, '<p>Country of Origin: India. Brooke Bond 3 Roses provides you the best blended tea. Processed in the unique Brooke Bond Tea Excellence Center.Its good time to talk with your favorite cup of 3 Roses tea.&nbsp;</p>\r\n', '', '', '', 86.50, '', '', '1737700817g.png', '1', NULL),
(38, '50', '6', '225', '', '3 ROSES TEA DUST 250G', 16, '<p>Country of Origin: India. Brooke Bond 3 Roses provides you the best blended tea. Processed in the unique Brooke Bond Tea Excellence Center.Its good time to talk with your favorite cup of 3 Roses tea.&nbsp;</p>\r\n\r\n<p>&nbsp;</p>\r\n\r\n<p>&nbsp;</p>\r\n', '', '', '', 219.00, '', '', '1737701077g.jpg', '1', NULL),
(39, '50', '6', '430', '', '3 ROSES TEA DUST 500G', 16, '<p>A sip of Brooke Bond 3 Roses tea spreads warmth, care and mischievous behavior in you. High quality blends of tea rich in color taste and strength and rich in healthy flavonoids. Country of Origin: India.&nbsp;</p>\r\n', '', '', '', 419.00, '', '', '1737701094g.jpg', '1', NULL),
(40, '50', '6', '360', '', '3 ROSES TEA DUST 2*500G', 16, '<p>A sip of Brooke Bond 3 Roses tea spreads warmth, care and mischievous behavior in you. High quality blends of tea rich in color taste and strength and rich in healthy flavonoids. Country of Origin: India.&nbsp;</p>\r\n\r\n<p>&nbsp;</p>\r\n\r\n<p>&nbsp;</p>\r\n', '', '', '', 349.00, '', '', '1737701384ned.png', '1', NULL),
(41, '50', '6', '10', '', '3 ROSES TEA NATURAL CARE 17G', 16, '<p>A sip of Brooke Bond 3Roses tea spreads warmth, care and mischievous behavior in you. High quality blends of tea rich in Color Taste and Strength and rich in healthy flavonoids.</p>\r\n', '', '', '', 9.40, '', '', '1737703103.png', '1', NULL),
(42, '50', '6', '100', '', '3 ROSES TEA NATURAL CARE 100G', 16, '<p>3 Roses Natural Care contains Cardamom which helps in digestion. 3 Roses Natural Care contains Ginger which Helps protect from cough &amp; cold.&nbsp;</p>\r\n', '', '', '', 96.00, '', '', '1737703197_100g.png', '1', NULL),
(43, '50', '6', '245', '', '3 ROSES TEA NATURAL CARE 250G', 16, '<p>3 Roses Natural Care contains Cardamom which helps in digestion. 3 Roses Natural Care contains Ginger which Helps protect from cough &amp; cold.&nbsp;</p>\r\n', '', '', '', 239.00, '', '', '1737703254_250g.jpg', '1', NULL),
(44, '50', '6', '245', '', '3 ROSES TEA NATURAL CARE 250G', 16, '<p>3 Roses Natural Care contains Cardamom which helps in digestion. 3 Roses Natural Care contains Ginger which Helps protect from cough &amp; cold.&nbsp;</p>\r\n', '', '', '', 239.00, '', '', '1737703272_250g.jpg', '1', NULL),
(45, '50', '6', '2', '', '3 ROSES NATURAL CARE RS 2', 14, '<p>Goodness of 5 ayurvedic ingredients. Cardamom helps in digestion. Ginger helps protect from cough and cold. Tulsi helps build body resistance. Mulethi helps soothe the throat. Ashwagandha helps cope with stress.&nbsp;</p>\r\n', '', '', '', 1.85, '', '', '1737703440nshot_2025-01-24_120400_enhanced.png', '1', NULL),
(46, '50', '6', '90', '', '3 ROSES TEA DUST TOPSTAR 100G', 16, '<p>3 Roses natural care tea contains. With 5 natural ingredients. Perfect colour, taste and strength.&nbsp;</p>\r\n', '', '', '', 86.00, '', '', '173770359800g.jpg', '1', NULL),
(47, '50', '6', '225', '', '3 ROSES TEA DUST TOPSTAR 250G', 16, '<p>3 Roses natural care tea contains. With 5 natural ingredients. Perfect colour, taste and strength.&nbsp;</p>\r\n', '', '', '', 219.00, '', '', '173770371750g.jpg', '1', NULL),
(48, '50', '6', '360', '', '3 ROSES TEA DUST TOPSTAR 1KG', 16, '<p>&nbsp; &nbsp;Brooke Bond 3 Roses Top Star Dust Tea is your best bet to start your mornings peacefully. Even during work hours or at night, a cup of this tea is just the kick your brain needs. It is made from the finest quality tea leaves and has a strong aroma to make a perfect cup of tea. So go ahead, and buy this product online today.&nbsp;</p>\r\n', '', '', '', 349.00, '', '', '1737704819.jpg', '1', NULL),
(49, '50', '6', '430', '', '3 ROSES TEA DUST TOPSTAR 500G', 16, '<p>Brooke Bond 3 Roses Top Star Dust Tea is your best bet to start your mornings peacefully. Even during work hours or at night, a cup of this tea is just the kick your brain needs. It is made from the finest quality tea leaves and has a strong aroma to make a perfect cup of tea. So go ahead, and buy this product online today.&nbsp;</p>\r\n', '', '', '', 419.00, '', '', '1737704835.jpg', '1', NULL),
(50, '50', '6', '10', '', 'TAJ MAHAL TEA LEAF RS.10/', 16, '<p>&nbsp; &nbsp;Taj Mahal Teas are Tasted, graded and perfectly blended at the Brooke bond Tea Excellence Centre. Taj Mahal tea comes in a Unique Flavor Lock pack. Blended Since 1966.</p>\r\n', '', '', '', 9.50, '', '', '17377124110.jpg', '1', NULL),
(51, '50', '6', '95', '', 'TAJ MAHAL TEA LEAF 100G', 16, '<p>Taj Mahal Teas are Tasted, graded and perfectly blended at the Brooke bond Tea Excellence Centre. Taj Mahal tea comes in a Unique Flavor Lock pack. Blended Since 1966.</p>\r\n', '', '', '', 92.00, '', '', '173771250500.jpg', '1', NULL),
(52, '50', '6', '235', '', 'TAJ MAHAL TEA LEAF 250G', 16, '<p>&nbsp; &nbsp;A perfect combination of strength and flavour that leaves you saying WAH TAJ. Same great taste of Taj Mahal NOW in a New pack. Country of Origin: India. Every Taj Mahal cup is created by tasting 1000s of teas then graded and blended to perfection.&nbsp;</p>\r\n', '', '', '', 229.00, '', '', '17377047630g.jpg', '1', NULL),
(53, '50', '6', '470', '', 'TAJ MAHAL TEA LEAF 500G', 16, '<p>&nbsp;A perfect combination of strength and flavour that leaves you saying WAH TAJ. Same great taste of Taj Mahal NOW in a New pack. Country of Origin: India. Every Taj Mahal cup is created by tasting 1000s of teas then graded and blended to perfection.&nbsp;</p>\r\n', '', '', '', 449.00, '', '', '17377048450.jpg', '1', NULL),
(54, '50', '6', '5', '', '3 ROSES NATURAL CARE', 0, '<p>&nbsp; &nbsp;3 Roses Natural Care contains Cardamom which as per Ayurvedic texts helps in digestion. 3 Roses Natural Care contains Ginger which as per Ayurvedic texts helps protect from cough &amp; cold. 3 Roses Natural Care contains Tulsi which as per Ayurvedic texts helps build body resistance and Mulethi which helps soothe the throat.&nbsp;</p>\r\n', '', '', '', 4.50, '', '', '1737704892sNC.jpg', '1', NULL),
(55, '50', '6', '50', '', 'RED LABEL LF F(C) 100G', 16, '<p>&nbsp; &nbsp;High quality blend of tea rich in taste. Taste of togetherness. Processed in the unique Brooke Bond Tea Excellence Center. The taste of Brooke Bond Red Label tea helps you spread warmth and cheer in your family. Understanding your need for uncompromising consistent quality to delight your senses.</p>\r\n', '', '', '', 47.00, '', '', '1737712754.jpg', '1', NULL),
(56, '50', '6', '135', '', 'TAAZA TEA GOLD BLEND 1KG', 16, '<p>Taazagi bhari chai, dimag khul jaye. Taaza clears your mind to give you a refreshing perspective. Taaza has fresh green leaves packed with the natural goodness of theanine. Theanine, which is naturally present in tea leaves, is one of the best known sources of refreshment that clears your mind instantly, Morning freshness.&nbsp;</p>\r\n', '', '', '', 129.00, '', '', '1737712132ea.jpg', '1', NULL),
(57, '50', '6', '285', '', 'TAAZA TEA SPECIAL HOLTER BLEND 1KG', 16, '<p>&nbsp; &nbsp;Taaza has high quality fresh green leaves packed with the natural goodness of theanine Taaza clears your mind to give you a refreshing perspective.&nbsp;</p>\r\n', '', '', '', 275.00, '', '', '1737712246ea1kg.jpg', '1', NULL),
(58, '50', '6', '75', '', 'LIPTON GREEN TEA BAGS HONEY AND LEMON', 16, '<p>&nbsp; &nbsp;Zero Calories : Green Tea, when had without milk or sugar, not only tastes great but contains virtually, zero calories.&nbsp;</p>\r\n', '', '', '', 71.00, '', '', '1737712329n.jpg', '1', NULL),
(59, '50', '6', '180', '', 'LIPTON GREEN TEA BAGS HONEY LEMON', 16, '<p>&nbsp; &nbsp;Green tea now comes with the Immunity power of Vitamin C, Rich in Anti-Oxidants: Provides 5X anti-oxidants as an apple. Goodness of Vitamin C: Contributes to immune defense by supporting various functions of immune system, each cup provides 8 mg of Vitamin C, Benefits of Green Tea, Boost fat metabolism, helps to detox, good for hydration, helps feel light &amp; active.&nbsp;</p>\r\n', '', '', '', 170.00, '', '', '1737712399.jpg', '1', NULL),
(60, '50', '6', '170', '', 'LIPTON CLEAR AND LIGHT J&A 100G', 16, '<p>&nbsp; &nbsp;Zero Calories Green Tea, when had without milk or sugar, not only tastes great but contains virtually zero calories, Next best to water&nbsp; Brewed, unsweetened Green Tea being 99% water is a great way to meet your daily required fluid intake. Country of Origin: India. Heart health Consumption of Green Tea as a part of a healthy lifestyle may help maintain a healthy heart as it is thought to have a protective effect against cardiovascular diseases.&nbsp;</p>\r\n', '', '', '', 162.00, '', '', '1737712542n-Green-Tea-Pure-and-Light-25ct.jpg', '1', NULL),
(61, '50', '6', '75', '', 'LIPTON GREEN TEA CLEAR &LIGHT 10S', 16, '<p>&nbsp; &nbsp;Soothing aroma of a warm cup of green tea may help you relax. Country of Origin: India. Zero Calories : Green Tea, when had without milk or sugar, not only tastes great but contains virtually zero calories. Glowing skin Give your skin a hydrated healthy glow with Green Tea.&nbsp;</p>\r\n', '', '', '', 71.00, '', '', '1737712777ngreen.jpg', '1', NULL),
(62, '50', '6', '180', '', 'LIPTON GREEN TEA CLEAR &LIGHT 25S', 16, '<p>&nbsp; &nbsp;Green Tea being 99% water is a great way to meet your daily required fluid intake. Heart health is Consumption of Green Tea as a part of a healthy lifestyle may help maintain a healthy heart as it is thought to have a protective effect against cardiovascular diseases. Simply Delicious flavour and great taste.&nbsp;</p>\r\n\r\n<p>material features:vegetarian</p>\r\n\r\n<p>ingredients:green tea, natural flavours</p>\r\n', '', '', '', 172.00, '', '', '1737712856tea.jpg', '1', NULL),
(63, '50', '6', '155', '', 'RED LABEL LEAF F(C) 250G', 16, '<p>&nbsp; &nbsp;Red Label Natural Care is a tasty masala tea with 5 ayurvedic ingredients such as ginger, tulsi, cardamom, mulethi &amp; ashwagandha. It has been clinically proven to enhance Immunity. Contains only natural ingredients.&nbsp;</p>\r\n', '', '', '', 150.00, '', '', '1737713008bel250g.jpg', '1', NULL),
(64, '50', '6', '175', '', 'RED LABLE TEA NATURAL CARE 250 G', 16, '<p>&nbsp; &nbsp;Red Label Natural Care is a tasty masala tea with 5 ayurvedic ingredients such as ginger, tulsi, cardamom, mulethi &amp; ashwagandha. It has been clinically proven to enhance Immunity. Contains only natural ingredients. The 5 herbs are known to be very beneficial for us, as per Ayurveda.&nbsp;</p>\r\n', '', '', '', 165.00, '', '', '1737713088alcare.jpg', '1', NULL),
(65, '50', '6', '160', '', 'LIPTON GREEN TEA HONEY LEMON 100G', 16, '<p>&nbsp; &nbsp;Green Tea as a part of a healthy lifestyle may help maintain a healthy heart as it is thought to have a protective effect against cardiovascular diseases. Simply Delicious flavour and great taste. Soothing aroma of a warm cup of green tea may help you relax. Material Features: Vegetarian Caffeine Content Medium Caffeine.&nbsp;</p>\r\n', '', '', '', 152.00, '', '', '1737713153ipton.jpg', '1', NULL),
(66, '50', '6', '175', '', 'LIPTON GREEN TEA BAGS TULSI NATURAL', 16, '<p>&nbsp; &nbsp;Zero Calories : Green Tea, when had without milk or sugar, not only tastes great but contains virtually zero calories. Next best to water : Brewed, unsweetened Green Tea being 99% water is a great way to meet your daily required fluid intake. Glowing skin Give your skin a hydrated healthy glow with Green Tea.&nbsp;</p>\r\n', '', '', '', 165.00, '', '', '1737713277nc.jpg', '1', NULL),
(67, '50', '6', '175', '', 'LIPTON GREEN TEA BAGS LEMON ZEST', 16, '<p>&nbsp; &nbsp;Start your mornings with Lipton Lemon Zest Green Tea Bags. Even during work hours or at night, a cup of this tea is just the kick your brain needs. Indulge in truly rich flavours of this tea in every sip you have. So go ahead, buy this product online today.&nbsp;</p>\r\n', '', '', '', 165.00, '', '', '1737713359ade.jpg', '1', NULL),
(68, '50', '6', '335', '', 'RED LABEL TEA NATURAL CARE B BLEND 500G', 16, '<p>&nbsp; &nbsp;Start your mornings with Brooke Bond Red Label Natural Care Tea. Indulge in the truly rich flavours of this tea in every sip you have. It is just what you need to feel fresh. So go ahead, buy this product online today.&nbsp;</p>\r\n', '', '', '', 325.00, '', '', '1737713419bel500g.jpg', '1', NULL),
(69, '50', '6', '160', '', 'LIPTON GREEN TEA 100G', 16, '<p>&nbsp; &nbsp;Lipton Green tea is an all natural zero calories &quot;drink &quot;. Green tea has catechines, which help improve body metabolism &amp; reduce waist circumference. Drinking green tea as part of a balanced diet &amp; active lifestyle is a great way to a stay fit &amp; healthy. When consuming without milk and sugar.&nbsp;</p>\r\n', '', '', '', 152.00, '', '', '1737713521ipton.jpg', '1', NULL),
(70, '50', '6', '175', '', 'LIPTON GREEN TEA BAGS TULSI NATURAL', 16, '<p>Zero Calories : Green Tea, when had without milk or sugar, not only tastes great but contains virtually zero calories. Next best to water : Brewed, unsweetened Green Tea being 99% water is a great way to meet your daily required fluid intake. Glowing skin Give your skin a hydrated healthy glow with Green Tea.&nbsp;</p>\r\n', '', '', '', 165.00, '', '', '1737713638nc.jpg', '1', NULL),
(71, '50', '6', '600', '', 'RED LABEL TEA B BLEND 1KG', 16, '<p>&nbsp; &nbsp;High quality blend of tea rich in taste. The taste of Brooke Bond Red Label tea helps you spread warmth and cheer in your family. Understanding your need for uncompromising consistent quality to delight your senses. Processed in the unique Brooke Bond Tea Excellence Center. Taste of togetherness.&nbsp;</p>\r\n', '', '', '', 575.00, '', '', '1737713715bel1kg.jpg', '1', NULL),
(72, '50', '6', '300', '', 'RED LABEL TEA B BLEND 500G', 16, '<p>&nbsp; &nbsp;High quality blend of tea rich in taste. The taste of Brooke Bond Red Label tea helps you spread warmth and cheer in your family. Understanding your need for uncompromising consistent quality to delight your senses. Processed in the unique Brooke Bond Tea Excellence Center. Taste of togetherness.&nbsp;</p>\r\n', '', '', '', 289.00, '', '', '1737713749bel500g.jpg', '1', NULL),
(73, '50', '6', '200', '', 'LIPTON TEA BAGS SIPN DIGEST 25PCS', 16, '<p>&nbsp; &nbsp;Lipton SipNDigest is a blend of natural green tea and real ingredients like Ginger, Tulsi and Rock salt. Green Tea is as a refreshing hydrating beverage and is virtually of zero calorie when had without milk &amp; sugar. Traditional ingredients like Ginger, Tulsi and Rock salt help relieve stomach discomfort, aid smooth digestion and help soothe your stomach.</p>\r\n', '', '', '', 189.00, '', '', '1737713804igest.jpg', '1', NULL),
(74, '50', '6', '85', '', 'LIPTON TEA BAGS SIPN DIGEST 10PCS', 16, '<p>&nbsp; &nbsp;Lipton SipNDigest is a blend of natural green tea and real ingredients like Ginger, Tulsi and Rock salt. Green Tea is as a refreshing hydrating beverage and is virtually of zero calorie when had without milk &amp; sugar. Traditional ingredients like Ginger, Tulsi and Rock salt help relieve stomach discomfort, aid smooth digestion and help soothe your stomach.</p>\r\n\r\n<p>&nbsp;</p>\r\n\r\n<p>&nbsp;</p>\r\n', '', '', '', 83.00, '', '', '1737713864.jpg', '1', NULL),
(75, '50', '6', '675', '', 'LIPTON CLEAR &LIGHT GREEN TEA BAGS 10', 16, '<p>&nbsp; &nbsp;Zero Calories : Green Tea, when had without milk or sugar, not only tastes great but contains virtually zero calories.&nbsp; &nbsp; &nbsp; &nbsp; &nbsp; &nbsp; &nbsp; &nbsp; &nbsp; Next best to water : Brewed, unsweetened Green Tea being 99% water is a great way to meet your daily required fluid intake.&nbsp; &nbsp; &nbsp; &nbsp; &nbsp; &nbsp; Glowing skin : Give your skin a hydrated healthy glow with Green Tea.&nbsp;</p>\r\n', '', '', '', 625.00, '', '', '1737714118_512.png', '1', NULL),
(76, '50', '6', '360', '', 'LIPTON CLEAR &LIGHT GREEN TEA BAGS 50', 16, '<p>&nbsp; &nbsp;Zero Calories : Green Tea, when had without milk or sugar, not only tastes great but contains virtually zero calories.&nbsp; &nbsp; &nbsp; &nbsp; &nbsp; &nbsp; &nbsp; &nbsp; Next best to water : Brewed, unsweetened Green Tea being 99% water is a great way to meet your daily required fluid intake. Glowing skin : Give your skin a hydrated healthy glow with Green Tea.&nbsp;</p>\r\n', '', '', '', 335.00, '', '', '1737713804igest.jpg', '1', NULL),
(77, '50', '6', '675', '', 'LIPTON CLEAR &LIGHT GREEN TEA BAGS', 16, '<p>Zero Calories : Green Tea, when had without milk or sugar, not only tastes great but contains virtually zero calories. Next best to water : Brewed, unsweetened Green Tea being 99% water is a great way to meet your daily required fluid intake. Glowing skin : Give your skin a hydrated healthy glow with Green Tea.&nbsp;</p>\r\n', '', '', '', 635.00, '', '', '1737713638nc.jpg', '1', NULL),
(78, '50', '6', '660', '', 'LIPTON GREEN TEA BAGS PURE &LIGHT', 16, '<p>&nbsp; &nbsp;Zero Calories : Green Tea, when had without milk or sugar, not only tastes great but contains virtually zero calories.&nbsp; &nbsp; &nbsp; &nbsp; &nbsp; &nbsp; &nbsp; &nbsp; Next best to water : Brewed, unsweetened Green Tea being 99% water is a great way to meet your daily required fluid intake.&nbsp; &nbsp; &nbsp; &nbsp; &nbsp; &nbsp; Glowing skin : Give your skin a hydrated healthy glow with Green Tea.&nbsp;</p>\r\n\r\n<p>&nbsp;</p>\r\n\r\n<p>&nbsp;</p>\r\n', '', '', '', 629.00, '', '', '1737714393oad.jpg', '1', NULL),
(79, '50', '6', '600', '', 'RED LABEL (F) (P) 1KG NA', 16, '<p>&nbsp; &nbsp;High quality blend of tea rich in taste. The taste of Brooke Bond Red Label tea helps you spread warmth and cheer in your family. Understanding your need for uncompromising consistent quality to delight your senses. Processed in the unique Brooke Bond Tea Excellence Center. Taste of togetherness.&nbsp;</p>\r\n', '', '', '', 579.00, '', '', '17377144688qXg9L.jpg', '1', NULL),
(80, '50', '6', '300', '', 'RED LABEL LEAF F(C) 500G', 16, '<p>&nbsp; &nbsp;High quality blend of tea rich in taste. The taste of Brooke Bond Red Label tea helps you spread warmth and cheer in your family. Understanding your need for uncompromising consistent quality to delight your senses. Processed in the unique Brooke Bond Tea Excellence Center. Taste of togetherness.&nbsp;</p>\r\n', '', '', '', 290.00, '', '', '1737714515bel500g.jpg', '1', NULL),
(81, '61', '44', '1', '', 'CLINIC PLUS HAIR SHAMPOO RE. 1/-', 0, '<p>&nbsp; &nbsp;Clinic Plus Strong &amp; Long Health shampoo nourishes and makes hair upto 35x stronger. Works gently on your hair from root to tip; Suitable for all hair types. The milk protein penetrates each hair strand providing nourishment each time you wash your hair.&nbsp;</p>\r\n', '', '', '', 0.90, '', '', '1737714601c-plus-strong-and-long-health-shampoo-sachet.jpg', '1', NULL),
(82, '61', '44', '62', '', 'CLINIC PLUS HAIR SHAMPOO STRONG &LONG HEALTH', 0, '<p>&nbsp; &nbsp;New Clinic Plus Strong &amp; Long Health shampoo nourishes and makes hair stronger with it&#39;s milk protein plus multivitamin formulae. It helps nourish your hair from roots &amp; make them strong. Can be used by the whole family. Suitable for all hair types. The milk protein penetrates each hair strand providing nourishment each time you wash your hair.&nbsp;</p>\r\n', '', '', '', 59.00, '', '', '1737714651OHW6TL.jpg', '1', NULL),
(83, '61', '44', '149', '', 'CLINIC PLUS HAIR SHAMPOO  STRONG &LONG HEALTH', 0, '<p>&nbsp; &nbsp;New Clinic Plus Strong &amp; Long Health shampoo nourishes and makes hair stronger with it&#39;s milk protein plus multivitamin formulae. It helps nourish your hair from roots &amp; make them strong. Can be used by the whole family. Suitable for all hair types. The milk protein penetrates each hair strand providing nourishment each time you wash your hair.&nbsp;</p>\r\n', '', '', '', 142.00, '', '', '1737714710t2yOOL.jpg', '1', NULL),
(84, '61', '44', '307', '', 'CLINIC PLUS HAIR SHAMPOO STRONG &LONG HEALTH 340ML', 0, '<p>&nbsp; &nbsp;New Clinic Plus Strong &amp; Long Health shampoo nourishes and makes hair stronger with it&#39;s milk protein plus multivitamin formulae. It helps nourish your hair from roots &amp; make them strong. Can be used by the whole family. Suitable for all hair types. The milk protein penetrates each hair strand providing nourishment each time you wash your hair.&nbsp;</p>\r\n', '', '', '', 299.00, '', '', '1737714762twHK2L.jpg', '1', NULL),
(85, '61', '44', '1', '', 'SUN SILK HAIR SHAMPOO STUNNING BLACK SHINE RE. 1/.', 0, '<p>&nbsp; &nbsp;Get salon-like hair treatment at home with Sunsilk Stunning Black Shine Shampoo. It gives you complete protection for hair related problems with every wash using this shampoo. So what are you waiting forhere Buy the product online at the best rate, right here.&nbsp;</p>\r\n\r\n<p>&nbsp;</p>\r\n', '', '', '', 0.90, '', '', '1737714852lk_Shampoo_Stunning_Black_Shine_55_-Sunsilk-e7b76-358556.jpg', '1', NULL),
(86, '61', '44', '72', '', 'SUN SILK HAIR SHAMPOO STUNNING BLACK SHINE 80ML', 0, '<p>&nbsp; &nbsp;Long lasting shine. Co-created with hair expert Jamal Hammadi. Enriched with amla pearl complex. Nourishes your hair from root to tip and gives it a healthy glow.&nbsp; &nbsp; &nbsp; &nbsp; &nbsp; &nbsp; Target Gender: Unisex.&nbsp;</p>\r\n', '', '', '', 69.00, '', '', '1737715327_picker_0EACFE0E-2D12-4CAC-B3F3-D8969CFE09A6-486-00000318B1A5741A.jpg', '1', NULL),
(87, '61', '44', '20', '', 'SUN SILK HAIR SHAMPOO STUNNING BLACK SHINE 40ML', 0, '<p>&nbsp; &nbsp;Long lasting shine. Co-created with hair expert Jamal Hammadi. Enriched with amla pearl complex. Nourishes your hair from root to tip and gives it a healthy glow.&nbsp; Target Gender: Unisex.&nbsp;</p>\r\n', '', '', '', 19.00, '', '', '1737714994lk-BlacShine-80Ml.jpg', '1', NULL),
(88, '61', '44', '175', '', 'SUN SILK HAIR SHAMPOO STUNNING BLACK SHINE 180ML', 0, '<p>&nbsp; &nbsp;Long lasting shine. Co-created with hair expert Jamal Hammadi. Enriched with amla pearl complex. Nourishes your hair from root to tip and gives it a healthy glow.&nbsp; Target Gender: Unisex.&nbsp;</p>\r\n\r\n<p>&nbsp;</p>\r\n\r\n<p>&nbsp;</p>\r\n', '', '', '', 169.00, '', '', '1737715134wUKtZL.jpg', '1', NULL),
(89, '61', '44', '359', '', 'SUN SILK HAIR SHAMPOO STUNNING BLACK SHINE 340ML', 0, '<p>&nbsp; &nbsp;Long Lasting shine. Co-created with hair expert Jamal Hammadi. Enriched with Amla Pearl Complex. Nourishes your hair from root to tip and gives it a healthy glow. Gives deeper, shinier hair from the first wash. Revives your black hair, leaving it fuller.&nbsp;</p>\r\n', '', '', '', 339.00, '', '', '173771524147486_Sunsilk_Shampoo_Stunning_Black_Shine_340-Sunsilk-76f18-306853_jpg.png', '1', NULL),
(90, '61', '44', '3', '', 'SUN SILK HAIR SHAMPOO STUNNING BLACK SHINE RS. 2/-', 0, '<p>&nbsp; &nbsp;Get salon like hair treatment at home with Sunsilk Stunning Black Shine Shampoo. It gives you complete protection for hair related problems with every wash using this shampoo. So what are you waiting forhere Buy the product online at the best rate, right here.&nbsp;</p>\r\n', '', '', '', 2.70, '', '', '1737715327_picker_0EACFE0E-2D12-4CAC-B3F3-D8969CFE09A6-486-00000318B1A5741A.jpg', '1', NULL),
(91, '61', '44', '2', '', 'DOVE HAIR SHAMPOO HAIR FALL THERAPY RS. 2/-', 0, '<p>&nbsp; &nbsp;Dove Damage Therapy Hair Fall Rescue Shampoo is with patented micro moisture serum that helps repair the weakened hair surface from root to tip. It smooths lifted cuticles for perfect detangling.Daily Shine Conditioner .Conditioner to leave hair healthy, feeling fresh and looking shiny throughout the day.</p>\r\n', '', '', '', 1.80, '', '', NULL, '1', NULL),
(92, '61', '44', '4', '', 'DOVE HAIR SHAMPOO HAIR FALL THERAPY RS. 4/-', 0, '<p>&nbsp; &nbsp;Perfect as a daily hair fall treatment, the gentle formula fortifies strands to reduce hair fall . Enriched with nutrilock actives, our best shampoo for hair fall immediately seals cuticles and strengthens strands to help minimize hair fall due to breakages, leaving them looking fuller.</p>\r\n', '', '', '', 3.50, '', '', '1737715451s.jpg', '1', NULL),
(93, '61', '44', '2', '', 'CLEAR HAIR CARE SHAMPOO DANDRUFF CLEAR RS. 1.50/-', 0, '<p>&nbsp; &nbsp;In a world it is almost to easy to blend in and go with the flow. Clear wants to empower men and women to stand out from the crowd and show the world therir unique&nbsp; points of view and own their&nbsp; spotlight moment by being the best version of themselves. To provide the most effective dandruff solution&nbsp; to it consumer. Since then the brand never looked back and have set off to take the world by storm.&nbsp;</p>\r\n', '', '', '', 1.80, '', '', NULL, '1', NULL),
(94, '61', '44', '2', '', 'DOVE HAIR SHAMPOO DAILY SHINE RS. 2/-', 0, '<p>&nbsp; &nbsp;The mystery of how to get shiny hair isn&#39;t a tricky one to solve. The key to getting shiny damage free hair we all long for is making sure your hair is nourished, from the start of your routine. That&#39;s where Dove Daily Shine Shampoo comes in. Dove Daily Shine Shampoo with Nutritive Serum builds a protective shield around the hair fiber and defends your hair from daily hair damage.</p>\r\n', '', '', '', 1.80, '', '', '1737715810nmeveL.jpg', '1', NULL),
(95, '61', '44', '79', '', 'DOVE HAIR SHAMPOO DAILY SHINE 80ML', 0, '<p>&nbsp; &nbsp;The mystery of how to get shiny hair isn&#39;t a tricky one to solve. The key to getting shiny damage free hair we all long for is making sure your hair is nourished, from the start of your routine. That&#39;s where Dove Daily Shine Shampoo comes in. Dove Daily Shine Shampoo with Nutritive Serum builds a protective shield around the hair fiber and defends your hair from daily hair damage.</p>\r\n', '', '', '', 75.00, '', '', '1737715877oad_(1).jpg', '1', NULL),
(96, '61', '44', '195', '', 'DOVE HAIR SHAMPOO DAILY SHINE 180ML', 0, '<p>&nbsp; &nbsp;The mystery of how to get shiny hair isn&#39;t a tricky one to solve. The key to getting shiny damage free hair we all long for is making sure your hair is nourished, from the start of your routine. That&#39;s where Dove Daily Shine Shampoo comes in. Dove Daily Shine Shampoo with Nutritive Serum builds a protective shield around the hair fiber and defends your hair from daily hair damage.</p>\r\n', '', '', '', 185.00, '', '', '1737715936008_L.jpg', '1', NULL),
(97, '61', '44', '375', '', 'DOVE HAIR SHAMPOO DAILY SHINE 340ML', 0, '<p>&nbsp; &nbsp;The mystery of how to get shiny hair isn&#39;t a tricky one to solve. The key to getting shiny damage free hair we all long for is making sure your hair is nourished, from the start of your routine. That&#39;s where Dove Daily Shine Shampoo comes in. Dove Daily Shine Shampoo with Nutritive Serum builds a protective shield around the hair fiber and defends your hair from daily hair damage.</p>\r\n', '', '', '', 355.00, '', '', '173771598196003_137551_0.jpg', '1', NULL),
(98, '61', '44', '1', '', 'CLINIC PLUS HAIR SHAMPOO STRONG  & SHINE 6 ML', 0, '<p>&nbsp; &nbsp;Clinic plus strong and long health shampoo nourishes and makes hair stronger with it&#39;s milk protein plus multivitamin formulae. It helps nourish your hair from roots and make them strong. Can be used by the whole family. Suitable for all hair types. The milk protein penetrates each hair strand providing nourishment each time you wash your hair.&nbsp;</p>\r\n', '', '', '', 0.90, '', '', NULL, '1', NULL),
(99, '61', '44', '57', '', 'CLINIC PLUS HAIR SHAMPOO STRONG & SHINE 80ML', 0, '<p>&nbsp; &nbsp;Clinic plus strong and long health shampoo nourishes and makes hair stronger with it&#39;s milk protein plus multivitamin formulae. It helps nourish your hair from roots and make them strong. Can be used by the whole family. Suitable for all hair types. The milk protein penetrates each hair strand providing nourishment each time you wash your hair.&nbsp;</p>\r\n\r\n<p>&nbsp;</p>\r\n\r\n<p>&nbsp;</p>\r\n', '', '', '', 54.00, '', '', '1737716265oCehBL.jpg', '1', NULL),
(100, '61', '44', '285', '', 'CLINIC PLUS HAIR SHAMPOO STRONG &SHINE 340ML', 0, '<p>&nbsp; &nbsp;Clinic plus strong and long health shampoo nourishes and makes hair stronger with it&#39;s milk protein plus multivitamin formulae. It helps nourish your hair from roots and make them strong. Can be used by the whole family. Suitable for all hair types. The milk protein penetrates each hair strand providing nourishment each time you wash your hair.&nbsp;</p>\r\n\r\n<p>&nbsp;</p>\r\n\r\n<p>&nbsp;</p>\r\n', '', '', '', 269.00, '', '', '1737716319s_(1).jpg', '1', NULL),
(101, '61', '44', '1', '', 'CLINIC PLUS  STRENGTH AND THICK SACHET 5.5ML', 0, '<p>&nbsp; &nbsp;Clinic Plus Strong &amp; Long Health shampoo nourishes and makes hair upto 35x stronger. Works gently on your hair from root to tip; Suitable for all hair types. The milk protein penetrates each hair strand providing nourishment each time you wash your hair.&nbsp;</p>\r\n', '', '', '', 0.90, '', '', NULL, '1', NULL),
(102, '61', '44', '2', '', 'DOVE HAIR SHAMPOO INTENSE REPAIR RS. 2/-', 0, '<p>&nbsp; &nbsp;Give your hair the essentials it deserves with Dove Hair Therapy Intense Repair Shampoo. This Intense Repair Shampoo works to restore the health and shine of your hair. It contains keratin actives which penetrate your hair and rebuild damaged hair from the cellular level, to renew the lost gloss and vigour. So what are you waiting for Buy the product online at the best rate right here.&nbsp;</p>\r\n', '', '', '', 1.80, '', '', NULL, '1', NULL),
(103, '61', '44', '85', '', 'DOVE HAIR SHAMPOO INTENSE REPAIR 80ML', 0, '<p>&nbsp; &nbsp;Give your hair the essentials it deserves with Dove Hair Therapy Intense Repair Shampoo. This Intense Repair Shampoo works to restore the health and shine of your hair. It contains keratin actives which penetrate your hair and rebuild damaged hair from the cellular level, to renew the lost gloss and vigour. So what are you waiting for Buy the product online at the best rate right here.&nbsp;</p>\r\n', '', '', '', 82.00, '', '', '17377164428d9-580b-46e9-8209-e41d71e893c91719913704017-Dove-Hair-Therapy-Intense-Repair-Shampoo-80-ml-2581719913703-1.jpg', '1', NULL),
(104, '61', '44', '375', '', 'DOVE HAIR SHAMPOO INTENSE REPAIR 340ML', 0, '<p>&nbsp; &nbsp;Give your hair the essentials it deserves with Dove Hair Therapy Intense Repair Shampoo. This Intense Repair Shampoo works to restore the health and shine of your hair. It contains keratin actives which penetrate your hair and rebuild damaged hair from the cellular level, to renew the lost gloss and vigour. So what are you waiting for Buy the product online at the best rate right here.&nbsp;</p>\r\n\r\n<p>&nbsp;</p>\r\n\r\n<p>&nbsp;</p>\r\n', '', '', '', 355.00, '', '', '1737716495INTENSIVE_SHAMPOO.jpg', '1', NULL),
(105, '61', '44', '195', '', 'DOVE HAIR SHAMPOO INTENSE REPAIR 180ML', 0, '', '', '', '', 185.00, '', '', '1737716559A3tXNL.jpg', '1', NULL),
(106, '61', '44', '609', '', 'DOVE HAIR SHAMPOO INTENSE  REPAIR 380ML', 0, '<p>&nbsp; &nbsp;Give your hair the essentials it deserves with Dove Hair Therapy Intense Repair Shampoo. This Intense Repair Shampoo works to restore the health and shine of your hair. It contains keratin actives which penetrate your hair and rebuild damaged hair from the cellular level, to renew the lost gloss and vigour. So what are you waiting for Buy the product online at the best rate right here.&nbsp;</p>\r\n', '', '', '', 569.00, '', '', NULL, '1', NULL),
(107, '61', '44', '2', '', 'INDULEKHA HAIR SHAMPOO BRINGHA HAIR FALL CLEANSER RS. 2/.', 0, '<p>&nbsp; &nbsp;The Indulekha Bringha Shampoo is enhanced with the goodness of bringharaj that replenishes the scalp and refines hair strands from the roots to the tips. This hair shampoo is the ideal alternative to aid hair growth and reduce hair fall.</p>\r\n', '', '', '', 1.85, '', '', '1737716739ekha-Bringha-Hair-Cleanser-Hairfall-1598951703-10075505-1.jpg', '1', NULL),
(108, '61', '44', '2', '', 'DOVE HAIR SHAMPOO ANTI DANDRUFF THERAPY RS. 2/-', 0, '<p>&nbsp; &nbsp;Dove Dandruff Care Shampoo for upto 100% free of dandruff and upto 100% smoother hail. Formulated with ZPTO, a clinically proven anti dandruff formula. This Dove Shampoo with Micro Moisture Serum nourishes your hair. Helps keep scalp healthy by removing dandruff and moisturising scalp.&nbsp;</p>\r\n', '', '', '', 1.80, '', '', '1737716884UHGhWL.jpg', '1', NULL),
(109, '61', '44', '2', '', 'DOVE HAIR SHAMPOO CLEAR & FRESH 6ML', 0, '<p>&nbsp; &nbsp;Gives you hair that is up to 100% free of Dandruff and 100% smoother. Dove Dandruff Care shampoo leaves hair soft, smooth and flake-free. Helps prevent dandruff and eliminate visible flakes with regular use. Formulated with ZPTO, a clinically proven anti-dandruff treatment.&nbsp;</p>\r\n', '', '', '', 1.80, '', '', '173771695900.jpg', '1', NULL),
(110, '61', '44', '930', '', 'DOVE HAIR SHAMPOO CLEAR & FRESH 650ML', 0, '<p>&nbsp; &nbsp;Dove Dandruff Clean &amp; Fresh Shampoo gives you hair that is up to 100% free of Dandruff. No visible flakes with regular product use, effect may vary with person. Formulated with ZPTO, a clinically proven anti-dandruff solution removes visible flakes with regular use. Contains menthol, gently refreshes hair and gives a cool sensation. Leaves hair feeling fresh, smooth and flake- free. No visible flakes with regular product use, effect may vary with person.&nbsp;</p>\r\n', '', '', '', 859.00, '', '', NULL, '1', NULL),
(111, '61', '44', '185', '', 'DOVE SHAMPOO CLEAR & FRESH 180ML', 0, '', '', '', '', 179.00, '', '', '1737717152SeP8IL.jpg', '1', NULL),
(112, '61', '44', '2', '', 'DOVE MEN + CARE AD 2 IN 1 SHAMPOO CONDITIONER LCS SACHET', 0, '<p>&nbsp; &nbsp;SHAMPOO FOR MEN: Specially designed men&rsquo;s shampoo that cares for men&rsquo;s hair needs making it more resilient.&nbsp; &nbsp; &nbsp; &nbsp; &nbsp; &nbsp; &nbsp; &nbsp; &nbsp; &nbsp; &nbsp; &nbsp; &nbsp; &nbsp;2-IN-1 FORMULA: It is gentle on the hair and scalp. It cleanses the scalp thoroughly and conditions hair in one step.&nbsp; &nbsp; &nbsp; &nbsp; &nbsp; &nbsp; &nbsp; &nbsp; &nbsp; &nbsp; &nbsp; &nbsp; &nbsp; &nbsp;CLINICALLY PROVEN ZPTO: Clinically proven ZPTO targets dandruff at source, leaving men&rsquo;s hair feeling fresh, smooth and fight dandruff.</p>\r\n', '', '', '', 1.80, '', '', '1737716826men.jpg', '1', NULL),
(113, '61', '44', '20', '', 'CLINIC PLUS S & L SHAMPOO 50ML', 0, '<p>&nbsp; &nbsp;With milk protein. Works gently on your hair from root to tip. Nourishes and makes hair stronger and guarantees less hair fall.&nbsp;</p>\r\n', '', '', '', 19.00, '', '', '1737715753c_50.jpg', '1', NULL),
(114, '61', '44', '2', '', 'DOVE HAIR SHAMPOO HEALTHY RITUAL FOR GROWING RS. 2/-', 0, '<p>&nbsp; &nbsp;Dove Healthy Ritual For Growing Hair Shampoo repairs damage and prevents hair breakage. Helps to shield your hair against stressful routines. Infused with the goodness of Coneflower, Oil and White Tea, it nourishes your hair from inside out.&nbsp;</p>\r\n\r\n<p>&nbsp;</p>\r\n', '', '', '', 1.80, '', '', '1737715907glow.jpg', '1', NULL),
(115, '61', '44', '2', '', 'DOVE MEN + CARE T & S 2 IN 1 SHAMPOO + CONDITIONER LCS SACHET', 0, '<p>&nbsp; &nbsp;SHAMPOO FOR MEN: Specially designed men&rsquo;s shampoo that cares for men&rsquo;s hair needs making it more resilient.&nbsp; &nbsp; &nbsp; &nbsp; &nbsp; &nbsp; &nbsp; &nbsp; &nbsp; &nbsp; &nbsp; &nbsp; &nbsp; &nbsp;CAFFEINE FORMULA: Its caffeine and amino formula deeply cleanses hair and helps strengthen hair fibres.&nbsp; &nbsp; &nbsp; &nbsp; &nbsp; &nbsp; &nbsp; &nbsp; &nbsp; &nbsp; &nbsp; &nbsp; &nbsp; &nbsp; &nbsp; &nbsp; &nbsp;THICK AND SMOOTH: This Mens shampoo, makes hair visibly thicker and upto 2X smoother giving a more voluminous look.</p>\r\n', '', '', '', 1.80, '', '', '1737716772men.jpg', '1', NULL),
(116, '61', '44', '2', '', 'SUN SILK HAIR FALL SHAMPOO WITH ONION  & JOJOBA OIL 6ML', 0, '<p>&nbsp; &nbsp;ONION: Known for its hair strengthening properties and good hair benefits.&nbsp; &nbsp; &nbsp; &nbsp; &nbsp; &nbsp; &nbsp; &nbsp; &nbsp; &nbsp; &nbsp; JOJOBA OIL: Known for its nourishment properties and moisturising benefits.&nbsp; &nbsp; &nbsp; &nbsp; &nbsp; &nbsp; &nbsp; &nbsp; &nbsp;NATURAL INGREDIENTS: Combined with the goodness of these natural ingredients which are known to be rich in vitamins and minerals.&nbsp;</p>\r\n', '', '', '', 1.80, '', '', '1737716031lk.jpg', '1', NULL),
(117, '61', '44', '69', '', 'SUN SILK HAIR SHAMPOO LUSCIOUSLY THICK & LONG 80ML', 0, '<p>&nbsp; &nbsp;Gives you 2x thicker looking hair. Co-created with Teddy Charles, hair style expert. Enriched with keratin yogurt. Provides hair with essential nutrient.&nbsp;</p>\r\n', '', '', '', 65.00, '', '', '1737716216lk_80.jpg', '1', NULL),
(118, '61', '44', '164', '', 'SUN SILK HAIR SHAMPOO LUSCIOUSLY THICK & LONG 180ML', 0, '<p>&nbsp; &nbsp;Gives you 2x thicker looking hair. Co-created with Teddy Charles, hair style expert. Enriched with keratin yogurt. Provides hair with essential nutrient.&nbsp;</p>\r\n', '', '', '', 155.00, '', '', '1737716263lk_180.jpg', '1', NULL);
INSERT INTO `product` (`product_id`, `organic_menu_id`, `sub_category_id`, `mrp_price`, `product_kg`, `product_name`, `product_quantity`, `product_description`, `product_ingredients`, `product_usage`, `product_features`, `product_price`, `distributer_price`, `distributer_commission`, `product_image`, `status`, `s.no`) VALUES
(119, '61', '44', '359', '', 'SUN SILK HAIR SHAMPOO LUSCIOUSLY THICK & LONG 340ML', 0, '<p>&nbsp; &nbsp;Gives you 2x thicker looking hair. Co-created with Teddy Charles, hair style expert. Enriched with keratin yogurt. Provides hair with essential nutrient.&nbsp;</p>\r\n\r\n<p>&nbsp;</p>\r\n\r\n<p>&nbsp;</p>\r\n', '', '', '', 339.00, '', '', '1737716337lk_340.jpg', '1', NULL),
(120, '61', '44', '85', '', 'DOVE HAIR SHAMPOO HAIR FALL RESCUES 80ML', 0, '<p>&nbsp; &nbsp;Dove Hair Fall Rescue Shampoo helps reduce hair fall caused due to damage. It contains nutrilock actives that locks in the nourishment, strengthen &amp; protects the hair against hair fall. It nourishes from the roots up &amp; reduces hair fall, giving visibly fuller hair. Ingredients: Sodium Laureth Sulphate, Silicone And Nutrilock ActiveUnisex.&nbsp;</p>\r\n', '', '', '', 82.00, '', '', '17377164590ml.jpg', '1', NULL),
(121, '61', '44', '195', '', 'DOVE HAIR SHAMPOO HAIR FALL RESCUES 180ML', 0, '<p>&nbsp; &nbsp;Dove Hair Fall Rescue Shampoo helps reduce hair fall caused due to damage. It contains nutrilock actives that locks in the nourishment, strengthen &amp; protects the hair against hair fall. It nourishes from the roots up &amp; reduces hair fall, giving visibly fuller hair. Ingredients: Sodium Laureth Sulphate, Silicone And Nutrilock ActiveUnisex.&nbsp;</p>\r\n\r\n<p>&nbsp;</p>\r\n\r\n<p>&nbsp;</p>\r\n', '', '', '', 185.00, '', '', '1737716556180.jpg', '1', NULL),
(122, '61', '44', '375', '', 'DOVE HAIR SHAMPOO HAIR FALL RESCUES 340ML', 0, '<p>&nbsp; &nbsp;Dove Hair Fall Rescue Shampoo helps reduce hair fall caused due to damage. It contains nutrilock actives that locks in the nourishment, strengthen &amp; protects the hair against hair fall. It nourishes from the roots up &amp; reduces hair fall, giving visibly fuller hair. Ingredients: Sodium Laureth Sulphate, Silicone And Nutrilock ActiveUnisex.&nbsp;</p>\r\n\r\n<p>&nbsp;</p>\r\n\r\n<p>&nbsp;</p>\r\n', '', '', '', 349.00, '', '', '1737715355340.jpg', '1', NULL),
(123, '61', '44', '5', '', 'DOVE HAIR SHAMPOO & CONDITIONER HAIR FALL THERAPY RS. 5/-', 0, '<p>&nbsp; &nbsp;Nourish and repair the appearance of damaged hair. Keratin actives help repair damage deep inside hair. Hair looks healthy, strong and more beautiful.&nbsp;</p>\r\n', '', '', '', 4.50, '', '', '1737715568small.jpg', '1', NULL),
(124, '61', '44', '3', '', 'CLEAR HAIR SHAMPOO COMPLETE ACTIVE CARE ANTI DANDRUFF RS. 3/-', 0, '<p>&nbsp; &nbsp;This shampoo with the effective nutrium oil complex formulation shields the scalp and hair against the recurring of intensive hair damage. It eliminates dandruff and reduces grease and relieves itching.&nbsp;</p>\r\n', '', '', '', 2.50, '', '', '1737715107_3.jpg', '1', NULL),
(125, '61', '44', '135', '', 'INDULEKHA HAIR SHAMPOO BRINGHA ANTI  HAIR FALL 100ML', 0, '<p>&nbsp; &nbsp;The Indulekha Bringha Shampoo is enhanced with the goodness of bringharaj that replenishes the scalp and refines hair strands from the roots to the tips. This hair shampoo is the ideal alternative to aid hair growth and reduce hair fall.</p>\r\n', '', '', '', 126.00, '', '', '1737714849100.jpg', '1', NULL),
(126, '61', '44', '261', '', 'INDULEKHA HAIR SHAMPOO BRINGHA ANTI HAIR FALL 200ML', 0, '<p>&nbsp; &nbsp;The Indulekha Bringha Shampoo is enhanced with the goodness of bringharaj that replenishes the scalp and refines hair strands from the roots to the tips. This hair shampoo is the ideal alternative to aid hair growth and reduce hair fall.</p>\r\n', '', '', '', 245.00, '', '', '1737714820200.jpg', '1', NULL),
(127, '61', '44', '2', '', 'TRESEMME HAIR SHAMPOO KERATIN SMOOTH 6M', 0, '<p>&nbsp; &nbsp;Our keratin smooth system is infused with Keratin &amp; Argan Oil. Nourishes your hair &amp; controls frizz, for upto 3 days. Dual action, 100% smoother hair with more shine.&nbsp;</p>\r\n', '', '', '', 1.80, '', '', '1737714651.jpg', '1', NULL),
(128, '61', '44', '399', '', 'TRESEMME  HAIR HAIR SHAMPOO KERATIN  SMOOTH 340ML', 0, '<p>&nbsp; &nbsp;Our keratin smooth system is infused with Keratin &amp; Argan Oil. Nourishes your hair &amp; controls frizz for upto 3 days. Dual action 100% smoother hair with more shine. Lower Sulphate formula suitable for both natural and chemically-treated hair. Makes your tresses smoother&nbsp; shinier and easier to style.&nbsp;</p>\r\n', '', '', '', 369.00, '', '', '173771454340.jpg', '1', NULL),
(129, '61', '44', '4', '', 'TRESEMME HAIR SHAMPOO KERATIN SMOOTH 7ML', 0, '<p>&nbsp; &nbsp;Our keratin smooth system is infused with Keratin &amp; Argan Oil. Nourishes your hair &amp; controls frizz, for upto 3 days. Dual action, 100% smoother hair with more shine.&nbsp;</p>\r\n', '', '', '', 3.50, '', '', '1737714434ml.jpg', '1', NULL),
(130, '61', '44', '2', '', 'TRESEMME SMOOTH & SHINE LCS 6ML ', 0, '<p>&nbsp; &nbsp;Our keratin smooth system is infused with Keratin &amp; Argan Oil. Nourishes your hair &amp; controls frizz, for upto 3 days. Dual action, 100% smoother hair with more shine.&nbsp;</p>\r\n', '', '', '', 1.80, '', '', '1737714167mme.jpeg', '1', NULL),
(131, '61', '44', '85', '', 'DOVE HAIR SHAMPOO DANDRUFF CARE 80ML', 0, '<p>&nbsp; &nbsp;Dove dandruff care shampoo with ZPTO and micro moisture serum combination cures dandruff and gives you soft, smooth hair that is free from dandruff. It gives you soft, smooth and drandruff-free hair.&nbsp;</p>\r\n\r\n<p>&nbsp;</p>\r\n', '', '', '', 82.00, '', '', '1737714005uff.jpg', '1', NULL),
(132, '61', '44', '185', '', 'DOVE HAIR SHAMPOO DANDRUFF CARE 180ML', 0, '<p>&nbsp; &nbsp;Gives you hair that is up to 100% free of Dandruff and 100% smoother. Dove Dandruff Care shampoo leaves hair soft, smooth and flake-free. Helps prevent dandruff and eliminate visible flakes with regular use. Formulated with ZPTO, a clinically proven anti-dandruff treatment. Acts on the origin of dandruff from the first wash.&nbsp;</p>\r\n', '', '', '', 175.00, '', '', '1737713298.jpg', '1', NULL),
(133, '61', '44', '410', '', 'DOVE HAIR SHAMPOO SHINE DANDRUFF CARE 340ML ', 0, '<p>&nbsp; &nbsp;Gives you hair that is up to 100% free of Dandruff and 100% smoother. Dove Dandruff Care shampoo leaves hair soft, smooth and flake-free. Helps prevent dandruff and eliminate visible flakes with regular use. Formulated with ZPTO, a clinically proven anti-dandruff treatment. Acts on the origin of dandruff from the first wash.&nbsp;</p>\r\n', '', '', '', 385.00, '', '', NULL, '1', NULL),
(134, '61', '44', '185', '', 'DOVE HAIR SHAMPOO DRYNESS CARE 180ML', 0, '<p>&nbsp; &nbsp;Helps protect dry hair from daily wear and tear. Nourishes and makes hair softer and up to 5x smoother. Leaves your hair feeling silky and manageable every day. Nourishes, leaving hair healthier in the long run Formulated with Pro-Moisture Complex.&nbsp;</p>\r\n', '', '', '', 179.00, '', '', NULL, '1', NULL),
(135, '61', '44', '375', '', 'DOVE HAIR SHAMPOO HAIR FALL RESCUE 340ML', 0, '<p>&nbsp; &nbsp;Dove Hair Fall Rescue Shampoo helps reduce hair fall caused due to damage. It contains nutrilock actives that locks in the nourishment, strengthen &amp; protects the hair against hair fall. It nourishes from the roots up &amp; reduces hair fall, giving visibly fuller hair. Ingredients: Sodium Laureth Sulphate, Silicone And Nutrilock Active Unisex.&nbsp;</p>\r\n\r\n<p>&nbsp;</p>\r\n\r\n<p>&nbsp;</p>\r\n', '', '', '', 359.00, '', '', NULL, '1', NULL),
(136, '61', '44', '57', '', 'CLINIC PLUS HAIR SHAMPOO STRONG SCALP ANTI- DANDRUFF 80ML ', 0, '<p>&nbsp; &nbsp;Clinic Plus introduces its new strong scalp anti dandruff shampoo. This is a mild shampoo and ideal for daily use. It contains milk protein and herbal extracts for hair that is healthy and shiny. You can use this along with a suitable Clinic Plus conditioner and hair oil for optimum results. Do use this shampoo after oiling your hair to get rid of that greasy, oily feeling as this natural shampoo is going to leave you with hair that is soft and beautiful.</p>\r\n', '', '', '', 55.00, '', '', NULL, '1', NULL),
(137, '61', '44', '136', '', 'CLINIC PLUS HAIR SHAMPOO STRONG SCALP ANTI-DANDRUFF 175ML', 0, '<p>&nbsp; &nbsp;Clinic Plus introduces its new strong scalp anti dandruff shampoo. This is a mild shampoo and ideal for daily use. It contains milk protein and herbal extracts for hair that is healthy and shiny. You can use this along with a suitable Clinic Plus conditioner and hair oil for optimum results. Do use this shampoo after oiling your hair to get rid of that greasy, oily feeling as this natural shampoo is going to leave you with hair that is soft and beautiful.</p>\r\n', '', '', '', 129.00, '', '', NULL, '1', NULL),
(138, '61', '44', '76 ', '', 'DOVE HAIR SHAMPOO DRYNESS CARE 80ML', 0, '<p>&nbsp; &nbsp;Helps protect dry hair from daily wear and tear. Nourishes and makes hair softer and up to 5x smoother. Leaves your hair feeling silky and manageable every day. Nourishes, leaving hair healthier in the long run Formulated with Pro-Moisture Complex.&nbsp;</p>\r\n', '', '', '', 73.00, '', '', NULL, '1', NULL),
(139, '61', '44', '2', '', 'TRESEMME  HAIR SHAMPOO HAIR FALL DEFENSE 6ML', 0, '<p>&nbsp; &nbsp;TRESemme has been driven by a simple truth every woman deserves to look &amp; feel fabulous, like she has just stepped out of the salon, everyday. This range has been carefully selected for its advanced formula. Driven by our salon heritage, we work with our stylists to deliver expert solutions from salon quality products without the salon price tag. Our salon inspired products enriched with high quality ingredients help you experience that salon feeling, everyday.&nbsp;</p>\r\n', '', '', '', 1.80, '', '', NULL, '1', NULL),
(140, '61', '44', '80', '', 'TRESEMME HAIR SHAMPOO HAIR FALL DEFENSE 85ML', 0, '<p>&nbsp; &nbsp;TRESemme has been driven by a simple truth every woman deserves to look &amp; feel fabulous, like she has just stepped out of the salon, everyday. This range has been carefully selected for its advanced formula. Driven by our salon heritage, we work with our stylists to deliver expert solutions from salon quality products without the salon price tag. Our salon inspired products enriched with high quality ingredients help you experience that salon feeling, everyday.&nbsp;</p>\r\n\r\n<p>&nbsp;</p>\r\n\r\n<p>&nbsp;</p>\r\n', '', '', '', 75.00, '', '', NULL, '1', NULL),
(141, '61', '44', '399', '', 'TRESEMME HAIR SHAMPOO HAIR FALL DEFENSE 340ML', 0, '<p>&nbsp; &nbsp;TRESemme has been driven by a simple truth every woman deserves to look &amp; feel fabulous, like she has just stepped out of the salon, everyday. This range has been carefully selected for its advanced formula. Driven by our salon heritage, we work with our stylists to deliver expert solutions from salon quality products without the salon price tag. Our salon inspired products enriched with high quality ingredients help you experience that salon feeling, everyday.&nbsp;</p>\r\n', '', '', '', 379.00, '', '', NULL, '1', NULL),
(142, '61', '44', '4', '', 'TRESEMME HAIR SHAMPOO HAIR FALL DEFENSE RS. 4/-', 0, '<p>&nbsp; &nbsp;Our hairfall defense system is enriched with Keratin. Reinforces hair strength &amp; prevents hair fall due to breakage. Get longer and stronger hair. It&rsquo;s lightweight formula evenly conditions and detangles distressed hair.&nbsp;</p>\r\n\r\n<p>&nbsp;</p>\r\n', '', '', '', 3.60, '', '', NULL, '1', NULL),
(143, '61', '44', '209', '', 'TRESEMME HAIR SHAMPOO HAIR FALL DEFENSE 185ML', 0, '<p>&nbsp; &nbsp;Our hairfall defense system is enriched with Keratin. Reinforces hair strength &amp; prevents hair fall due to breakage. Get longer and stronger hair. It&rsquo;s lightweight formula evenly conditions and detangles distressed hair.&nbsp;</p>\r\n\r\n<p>&nbsp;</p>\r\n\r\n<p>&nbsp;</p>\r\n', '', '', '', 199.00, '', '', NULL, '1', NULL),
(144, '61', '44', '5', '', 'DOVE HAIR SHAMPOO & CONDITIONER INTENSES REPAIR RS. 5/-', 0, '<p>&nbsp; &nbsp;Nourish and repair the appearance of damaged hair. Keratin actives help repair damage deep inside hair. Hair looks healthy, strong and more beautiful. Helps protect against future damage with continuous use. Suitable for daily use.&nbsp;</p>\r\n', '', '', '', 4.50, '', '', NULL, '1', NULL),
(145, '61', '44', '950', '', 'TRESEMME KERATIN REPAIR BOND STRENGTH SHAMPOO 540ML', 0, '', '', '', '', 879.00, '', '', NULL, '1', NULL),
(146, '61', '44', '200', '', 'TRESEMME HAIR SHAMPOO SMOOTH & SHINE 185ML', 0, '<p>&nbsp; &nbsp;Intensely moisturises for salon silky smooth hair. Cleanses and helps tame unruly hair, leaving your hair smooth and salon-soft. Light enough for daily use; this advanced smoothing system is enriched with Moroccan Argan oil.Makes your tresses smoother, shinier and easier to style.&nbsp;</p>\r\n', '', '', '', 189.00, '', '', NULL, '1', NULL),
(147, '61', '44', '85', '', 'TRESEMME HAIR SHAMPOO SMOOTH & SHINE 85ML', 0, '<p>&nbsp; &nbsp;Intensely moisturises for salon silky smooth hair. Cleanses and helps tame unruly hair, leaving your hair smooth and salon-soft. Light enough for daily use; this advanced smoothing system is enriched with Moroccan Argan oil.Makes your tresses smoother, shinier and easier to style.&nbsp;</p>\r\n\r\n<p>&nbsp;</p>\r\n\r\n<p>&nbsp;</p>\r\n', '', '', '', 79.00, '', '', NULL, '1', NULL),
(148, '61', '44', '4', '', 'TRESEMME HAIR SHAMPOO SMOOTH & SHINE RS. 4/.', 0, '<p>&nbsp; Intensely moisturises for salon silky smooth hair. Cleanses and helps tame unruly hair, leaving your hair smooth and salon-soft. Light enough for daily use; this advanced smoothing system is enriched with Moroccan Argan oil.Makes your tresses smoother, shinier and easier to style.&nbsp;</p>\r\n', '', '', '', 3.50, '', '', NULL, '1', NULL),
(149, '61', '44', '4', '', 'DOVE HAIR SHAMPOO BREAKAGE THERAPY RS. 4/-', 0, '<p>STRENGTHENING shampoo with Nutri-Lock Serum.&nbsp; &nbsp; &nbsp; &nbsp; &nbsp; &nbsp; &nbsp; &nbsp; &nbsp; &nbsp; &nbsp; &nbsp; &nbsp; &nbsp; &nbsp; &nbsp; &nbsp; &nbsp; &nbsp; &nbsp; &nbsp; &nbsp; &nbsp; &nbsp; &nbsp; &nbsp; &nbsp; &nbsp; &nbsp;CARE AT HAIR&#39;S CELLULAR LEVEL: Shampoo for thicker-looking, strong &amp; long hair.&nbsp; &nbsp; &nbsp; &nbsp; &nbsp; &nbsp; &nbsp; &nbsp; &nbsp; &nbsp; &nbsp; &nbsp; &nbsp; &nbsp; &nbsp; &nbsp; &nbsp; &nbsp; &nbsp; &nbsp; &nbsp; &nbsp; &nbsp; &nbsp; &nbsp; &nbsp; &nbsp; &nbsp; &nbsp; EXPERT YET GENTLE: Caring shampoo formula with no sulphates, no parabens &amp; dyes.&nbsp; &nbsp; &nbsp; &nbsp; &nbsp; &nbsp; &nbsp; &nbsp; &nbsp; &nbsp; &nbsp; &nbsp; &nbsp; &nbsp; &nbsp; &nbsp; &nbsp; &nbsp; &nbsp; &nbsp; &nbsp; &nbsp; &nbsp; &nbsp; &nbsp; &nbsp; &nbsp; PERFECT FOR: Hair Care for Breakage, Damaged hair due to heat, coloring and styling.&nbsp;</p>\r\n', '', '', '', 3.50, '', '', NULL, '1', NULL),
(150, '61', '48', '599 ', '', 'DOVE ALL DAY NOURISH HAIR SERUM 100ML', 0, '', '', '', '', 555.00, '', '', NULL, '1', NULL),
(151, '61', '48', '599', '', 'DOVE RADIANT SHINE HAIR SERUM 100ML', 0, '<p>&nbsp; &nbsp;Formula infused with Vitamin E delicately wraps your hair strands infusing with radiant shine, softness and smoothnEach drop of serum forms a protective layer on hair that protects from UV damage. Infused with Vitamin E &amp; UV Shield:A blend of Vitamin E, UV shield and new Bio-protein care infused in this shine enhancing formula.</p>\r\n', '', '', '', 555.00, '', '', NULL, '1', NULL),
(152, '61', '45', '299', '', 'DOVE GLYCOLIC HYDRATION MID CONDITIONER 175ML', 0, '<p>&nbsp; &nbsp;LOCK HYDRATION WITH DOVE GLYCOLIC hydration conditioner 1 minute hydrating conditioner enriched with 5% HYDRA GLYCOL technology for hydrated, soft, smooth de-tangled hair.&nbsp; &nbsp; &nbsp; &nbsp; &nbsp; &nbsp; &nbsp; &nbsp; &nbsp; &nbsp; &nbsp; &nbsp; &nbsp; &nbsp; &nbsp; &nbsp; Upto 100 hours&nbsp; of hydration , fluid hair&nbsp; Formula crafted with 5% Hydra-glycol that works to effectively hydrate your hair, along with Dove Glycolic+Hydration Shampoo.</p>\r\n', '', '', '', 279.00, '', '', NULL, '1', NULL),
(153, '61', '45', '89', '', 'SUN SILK HAIR CONDITIONER SMOOTH & TANGLE FREE 80ML ', 0, '<p>&nbsp; &nbsp;Shiny hair gives you a boost of confidence. Sunsilk stunning black shine shampoo has been co-created with Jamal Hammadi. It is enrich with amla pearl complex energizers to give deeper, shinier hair from the first wash. Its special amino acids have really small molecules which easily penetrate into the hair, while the UV protectors lock in moisture, keeping out humidity and static.&nbsp;</p>\r\n', '', '', '', 85.00, '', '', NULL, '1', NULL),
(154, '61', '45', '600', '', 'TRESEMME PROPURE DAMEGE RECOVERY CONDITIONER 390ML', 0, '<p>&nbsp; &nbsp;TRESemme Pro Pure Damage Control Conditioner conditions and strengthens your dry, damaged hair. Whether your hair is natural, color treated or heat styled, the goodness of fermented rice water is known to give it a much needed protein boost and makes them healthy looking shine.&nbsp;</p>\r\n', '', '', '', 555.00, '', '', NULL, '1', NULL),
(155, '61', '45', '125', '', 'TRESEMME  LAMELLAR GLOSS CONDITIONER 85ML', 0, '<p>&nbsp; &nbsp;Up to 72 hours of salon-like glossy hair Based on lab test with shampoo and conditioner vs non-conditioning shampoo. 100% Paraben-Free. Get 8X more gloss effortlessly at home with the range Based on lab test with shampoo, conditioner &amp; serum vs non-conditioning shampoo.&nbsp;</p>\r\n', '', '', '', 119.00, '', '', NULL, '1', NULL),
(156, '61', '46', '432', '', 'INDULEKHA HAIR OIL NEEMRAJ 100ML', 0, '<p>&nbsp; &nbsp;Clinically Proven to Treat Dandruff, Grow Hair in 4 months. Power of 12 Herbs &amp; Essential Oil cooked under Natural Sunlight for 7 days. 100% Ayurvedic Oil, Recommended by Ayurvedic Experts. Free from Parabens, Sulphates, Silicones, Synthetic Dyes &amp; Artificial Perfume. Proven on Real Male &amp; Female Consumers having Dandruff/Scalp Problems.&nbsp;</p>\r\n', '', '', '', 369.00, '', '', NULL, '1', NULL),
(157, '61', '44', '165', '', 'AYUSH HAIR SHAMPOO THICK & LONG GROWTH SHIKAKAI 175ML', 0, '<p>&nbsp; &nbsp;Long &amp; Strong shampoo with Shikakai. Gives visibly thicker, longer hair. Contains Shikakai, a natural cleanser to promote hair growth. Bhringaraj nourishes and strengthens hair. Bhringamalakadi Tailam is a classical ayurvedic oil. Amla gives you long and strong hair.&nbsp;</p>\r\n\r\n<p>&nbsp;</p>\r\n', '', '', '', 157.00, '', '', NULL, '1', NULL),
(158, '61', '44', '449', '', 'DOVE MEN CARE T & S 2 IN 1 SHAMPOO + CONDITIONER LARGE BOTTLE', 0, '<p>&nbsp; &nbsp;Dove Men + Care Fortifying 2-in-1 Shampoo + Conditioners make hair stronger and more resilient so that men can pursue their active lifestyles. Dove Men + Care Fresh &amp; Clean 2-in-1 Fortifying Shampoo + Conditioner is designed specifically for men that want fresh clean hair. It deeply cleans and invigorates hair with a refreshing effect, and is infused with caffeine + menthol.&nbsp;&nbsp;</p>\r\n', '', '', '', 419.00, '', '', NULL, '1', NULL),
(159, '61', '44', '225', '', 'DOVE MEN CARE AD 2 IN 1 SHAMPOO + CONDITIONER MID BOTTLE', 0, '<p>SHAMPOO FOR MEN: Specially designed men&rsquo;s shampoo that cares for men&rsquo;s hair needs making it more resilient.&nbsp; &nbsp; &nbsp; &nbsp; &nbsp; &nbsp; &nbsp; &nbsp; &nbsp; &nbsp; &nbsp; 2-IN-1 FORMULA: It is gentle on the hair and scalp. It cleanses the scalp thoroughly and conditions hair in one step.&nbsp; &nbsp; &nbsp; &nbsp; &nbsp; CLINICALLY PROVEN ZPTO: Clinically proven ZPTO targets dandruff at source, leaving men&rsquo;s hair feeling fresh, smooth and fight dandruff.&nbsp; &nbsp; &nbsp; &nbsp; &nbsp; &nbsp; &nbsp; &nbsp; &nbsp; &nbsp; &nbsp; &nbsp; &nbsp; &nbsp; &nbsp; &nbsp; &nbsp;</p>\r\n', '', '', '', 209.00, '', '', NULL, '1', NULL),
(160, '61', '46', '360', '', 'INDULEKHA SVETAKUTAJA DT OIL 100ML', 0, '<p>&nbsp; &nbsp;Clinically Proven to Treat dandruff in 4 Weeks. Power of 8 Herbs &amp; Essential Oil cooked under Natural Sunlight for 7 days. 100% Ayurvedic Oil Recommended by Ayurvedic Experts. Free from Parabens Sulphates Silicones Synthetic Dyes &amp; Artificial Perfume. Proven on Real Male &amp; Female consumers having Mild to Severe Dandruff problems. 100% Natural Fragrance and Colour.&nbsp;</p>\r\n', '', '', '', 309.00, '', '', NULL, '1', NULL),
(161, '61', '46', '207', '', 'INDULEKHA SVETAKUTAJA DT OIL 50ML', 0, '<p>&nbsp; &nbsp; Clinically Proven to Treat dandruff in 4 Weeks. Power of 8 Herbs &amp; Essential Oil cooked under Natural Sunlight for 7 days. 100% Ayurvedic Oil Recommended by Ayurvedic Experts. Free from Parabens Sulphates Silicones Synthetic Dyes &amp; Artificial Perfume. Proven on Real Male &amp; Female consumers having Mild to Severe Dandruff problems. 100% Natural Fragrance and Colour.&nbsp;</p>\r\n', '', '', '', 179.00, '', '', NULL, '1', NULL),
(162, '61', '46', '432', '', 'INDULEKHA HAIR OIL BHRINGRAJ 100ML ', 0, '<p>&nbsp; &nbsp;Indulekha hair oil has been clinically proven has been proven to be effective on real male and female users who have experienced mild to severe hair fall, and proven to promote hair growth in 4 months and reduce hair fall.The ayurvedic hair oil harnesses the power of 11 herbs and essential oils such as Bringharaj, Amla, Vatadha, Svetakutaja &amp; coconut hair oil. These natural ingredients have been carefully selected cooked under natural sunlight for 7 days.&nbsp;</p>\r\n\r\n<p>&nbsp;</p>\r\n\r\n<p>&nbsp;</p>\r\n', '', '', '', 369.00, '', '', NULL, '1', NULL),
(163, '61', '46', '234', '', 'INDULEKHA HAIR OIL BHRINGRAJ 50 ML', 0, '<p>&nbsp; &nbsp;Indulekha hair oil has been clinically proven has been proven to be effective on real male and female users who have experienced mild to severe hair fall, and proven to promote hair growth in 4 months and reduce hair fall.The ayurvedic hair oil harnesses the power of 11 herbs and essential oils such as Bringharaj, Amla, Vatadha, Svetakutaja &amp; coconut hair oil. These natural ingredients have been carefully selected cooked under natural sunlight for 7 days.&nbsp;</p>\r\n', '', '', '', 205.00, '', '', NULL, '1', NULL),
(164, '61', '44', '950', '', 'SUN SILK ARGAN OIL XL SHAMPOO', 0, '<p>ARGAN OIL: Handpicked Moroccan argan oil leaves the hair feeling upto 2x smoother. Based on the lab test vs non-conditioning shampoo. Rosemary oil Known to naturally condition your hair. 100% Natural oil Combined with the goodness of 100% natural oils which are known to hydrate and nourish hair and unlock their natural smoothness and vitality.</p>\r\n', '', '', '', 879.00, '', '', NULL, '1', NULL),
(165, '61', '44', '190', '', 'TRESEMME HAIR SHAMPOO THICK & FULL 180ML', 0, '<p>&nbsp; &nbsp;Gives thicker looking hair for fuller looking hair. Gives voluminous hair. helps reinforce your hair strength. Prevents hair breakage. Enriched with the goodness of Biotin and Wheat Protein.&nbsp;</p>\r\n', '', '', '', 179.00, '', '', NULL, '1', NULL),
(166, '61', '44', '810', '', 'TRESEMME HAIR SHAMPOO THICK & FULL 580ML', 0, '<p>&nbsp; &nbsp;Gives thicker looking hair for fuller looking hair. Gives voluminous hair. helps reinforce your hair strength. Prevents hair breakage. Enriched with the goodness of Biotin and Wheat Protein.&nbsp;</p>\r\n\r\n<p>&nbsp;</p>\r\n\r\n<p>&nbsp;</p>\r\n', '', '', '', 749.00, '', '', NULL, '1', NULL),
(167, '61', '44', '2', '', 'TRESEMME HAIR SHAMPOO THICK & FULL 6ML', 0, '<p>&nbsp; &nbsp;Gives thicker looking hair for fuller looking hair. Gives voluminous hair. helps reinforce your hair strength. Prevents hair breakage. Enriched with the goodness of Biotin and Wheat Protein.&nbsp;</p>\r\n', '', '', '', 1.80, '', '', NULL, '1', NULL),
(168, '61', '44', '600', '', 'TRESEMME PROPURE DAMAGE RECOVERY SHAMPOO 390ML', 0, '<p>&nbsp; &nbsp;TRESemme Pro Pure Damage Control Shampoo helps rebuild strengthen of dry and damaged hair. Whether your hair is natural, color treated or heat styled, the goodness of fermented rice water is known to give a much needed protein boost and makes them healthy looking. Enriched with Amino acids, Vitamin E and Antioxidants, it is known to make your hair shinier and stronger.&nbsp;</p>\r\n', '', '', '', 559.00, '', '', NULL, '1', NULL),
(169, '61', '44', '185', '', 'SUN SILK HAIR SHAMPOO COCONUT WATER & ALOE VERA VOLUME 195ML', 0, '<p>&nbsp; &nbsp;With natural ingredient extracts. Infused with the goodness of Coconut Water and Aloe Vera. Gives hair volume and natural bounce. Make hair soft and smooth. Suitable for daily use. Provides nourishment to keep hair healthy looking.&nbsp;</p>\r\n', '', '', '', 175.00, '', '', NULL, '1', NULL),
(170, '61', '44', '170', '', 'SUN ARGAN OIL MID SHAMPOO', 0, '<p>&nbsp; &nbsp;ARGAN OIL: Handpicked Moroccan argan oil leaves the hair feeling upto 2x smoother. Based on the lab test vs non-conditioning shampoo. 100% Natural oil infusion Combined with the goodness of 100% natural oils which are known to hydrate and nourish hair and unlock their natural smoothness and vitality.</p>\r\n', '', '', '', 165.00, '', '', NULL, '1', NULL),
(171, '61', '48', '275', '', 'DOVE RADIANT SHINE HAIR SERUM SMALL ', 0, '<p>VISIBILY RADIANT SHINE FOR UPTO 48 HOURS : Formula infused with Vitamin E delicately wraps your hair strands infusing with radiant shine, softness and smoothness. Each drop of serum forms a protective layer on hair that protects from UV damage. Infused with Vitamin E &amp; UV Shield:A blend of Vitamin E, UV shield and new Bio-protein care infused in this shine enhancing formula.</p>\r\n', '', '', '', 259.00, '', '', NULL, '1', NULL),
(172, '61', '44', '117 ', '', 'INDULEKHA DANDRUFF TREATMENT SHAMPOO SMALL BOTTLE', 0, '<p>&nbsp; &nbsp;Proprietary Ayurvedic Medicine for Dandruff Problem. Made with the Power of 6 Herbs and Essential Oil. Contains Pudina , Neem , Rosemary Oil and Amla. Does not contain Parabens|| Synthetic Dyes and Synthetic Perfume. No Added Colour and Fragrance|| contains High Herb Content.&nbsp;</p>\r\n', '', '', '', 112.00, '', '', NULL, '1', NULL),
(173, '61', '44', '909', '', 'INDULEKHA DANDRUFF TREATMENT SHAMPOO XL', 0, '<p>&nbsp; &nbsp;Proprietary Ayurvedic Medicine for Dandruff Problem. Made with the Power of 6 Herbs and Essential Oil. Contains Pudina , Neem , Rosemary Oil and Amla. Does not contain Parabens Synthetic Dyes and Synthetic Perfume. No Added Colour and Fragrance contains High Herb Content.&nbsp;</p>\r\n\r\n<p>&nbsp;</p>\r\n\r\n<p>&nbsp;</p>\r\n', '', '', '', 849.00, '', '', NULL, '1', NULL),
(174, '61', '44', '345', '', 'SUN SILK HAIR SHAMPOO NOURISHING SOFT & SMOOTH 340ML', 0, '<p>&nbsp; &nbsp;Soft &amp; Smoothness. Co-created with hair expert Thomas Taw. Enriched with 5 Natural Oils. It cleanses your hair and conditions even the driest hair, leaving it soft and smooth. Ideal for dry hair. Nourishes hair deeply without making it look greasy or limp.&nbsp;</p>\r\n', '', '', '', 325.00, '', '', NULL, '1', NULL),
(175, '61', '44', '639', '', 'DOVE BEAUTIFUL CURL HYDRATING SHAMPOO 380ML', 0, '<p>&nbsp; &nbsp;SULPHATE-FREE SHAMPOO: Gently washes away impurities, while moisturising curly hair. Suitable for coloured curls.&nbsp; &nbsp; &nbsp; &nbsp; &nbsp; &nbsp; &nbsp; &nbsp; THE CURLY WAY: Shampoo that melts in moisture into the driest twists &amp; turns of curly hair.&nbsp; &nbsp; &nbsp; &nbsp; &nbsp; &nbsp; &nbsp; &nbsp; &nbsp; &nbsp; &nbsp; &nbsp; &nbsp; &nbsp; &nbsp; &nbsp; &nbsp; &nbsp; &nbsp; &nbsp; &nbsp; &nbsp; &nbsp; &nbsp; &nbsp; &nbsp; &nbsp; &nbsp; TRI-MOISTURE ESSENCE: Dove Beautiful Curls range is infused with hydrating ingredients like Aloe, Shea Butter, Coconut Oil &amp; Glycerine.&nbsp;</p>\r\n', '', '', '', 589.00, '', '', NULL, '1', NULL),
(176, '61', '45', '525', '', 'DOVE HAIR CONDITIONER INTENSE DAMAGE REPAIR MASK', 0, '<p>&nbsp; &nbsp;Nourishing hair mask for beautiful hair, resilient to damage and daily wear &amp; tears. Nourishes to protect hair and prevent damage. With Keratin Actives, it repairs damaged hair and immediately smoothens the surface of strands. Makes hair feel smoother, helps detangling, and improves manageability.&nbsp;</p>\r\n', '', '', '', 485.00, '', '', NULL, '1', NULL),
(177, '61', '45', '699', '', 'DOVE HAIR CONDITIONER DRY SCALP CARE 380ML', 0, '<p>&nbsp; &nbsp;Moisturising&nbsp; conditioner with Niacinamide. Conditioner that moisturizes for soft, smooth hair. Caring conditioner formula with no sulphates, no parabens &amp; dyes.&nbsp; Scientifically proven for dryness relief. Bottle made from 25% recycled plastic so you can be kind to your hair and the environment.&nbsp;</p>\r\n', '', '', '', 649.00, '', '', NULL, '1', NULL),
(178, '61', '48', '99', '', 'TRESEMME KERATIN SMOOTH HAIR SERUM 25ML', 0, '<p>&nbsp; &nbsp;TRESemme Keratin Smooth hair serum transforms your hair by controling frizz, leaving hair feeling and looking salon smooth. TRESemme Keratin Smooth Creme keratin infused hair cream controls flyaways for shiny, satin-smooth hair. Our TRESemme Keratin Smooth Creme Serum works great alongside other TRESemme Keratin Smooth products.&nbsp;</p>\r\n', '', '', '', 95.00, '', '', NULL, '1', NULL),
(179, '61', '48', '495', '', 'TRESEMME KERATIN SMOOTH HAIR SERUM 100ML', 0, '<p>&nbsp; &nbsp;TRESemme Keratin Smooth hair serum transforms your hair by controling frizz, leaving hair feeling and looking salon smooth. TRESemme Keratin Smooth Creme keratin infused hair cream controls flyaways for shiny, satin-smooth hair. Our TRESemme Keratin Smooth Creme Serum works great alongside other TRESemme Keratin Smooth products.&nbsp;</p>\r\n', '', '', '', 459.00, '', '', NULL, '1', NULL),
(180, '61', '48', '125', '', 'TRESEMME GLOSS ULTIMATE SERUM 25ML', 0, '<p>&nbsp; &nbsp;Heat protection upto 230◦C 1 hair serum, multiple benefits - Boost Shine - Nourish - Detangle - Protects from heat damage - Add smoothness Protects hair from heat damage of upto 230◦C from styling tools Enjoy upto 48hrs of the luxurious floral fragrance.&nbsp;</p>\r\n', '', '', '', 119.00, '', '', NULL, '1', NULL),
(181, '61', '48', '599', '', 'TRESEMME GLOSS ULTIMATE HAIR SERUM 100ML', 0, '<p>&nbsp; &nbsp;Heat protection upto 230◦C 1 hair serum, multiple benefits - Boost Shine - Nourish - Detangle - Protects from heat damage - Add smoothness Protects hair from heat damage of upto 230◦C from styling tools Enjoy upto 48hrs of the luxurious floral fragrance.&nbsp;</p>\r\n', '', '', '', 555.00, '', '', NULL, '1', NULL),
(182, '61', '44', '449', '', 'DOVE MEN CARE F & C 2 IN 1 SHAMPOO + CONDIONER LARGE BOTTLE ', 0, '<p>&nbsp; &nbsp;Dove Men + Care Fortifying 2-in-1 Shampoo + Conditioners make hair stronger and more resilient so that men can pursue their active lifestyles. Dove Men + Care Fresh &amp; Clean 2-in-1 Fortifying Shampoo + Conditioner is designed specifically for men that want fresh clean hair. It deeply cleans and invigorates hair with a refreshing effect, and is infused with caffeine + menthol.&nbsp;</p>\r\n', '', '', '', 419.00, '', '', NULL, '1', NULL),
(183, '61', '44', '449', '', 'DOVE MEN CARE F & C 2 IN 1 SHAMPOO + CONDIONER LARGE BOTTLE ', 0, '<p>&nbsp; &nbsp;Dove Men + Care Fortifying 2-in-1 Shampoo + Conditioners make hair stronger and more resilient so that men can pursue their active lifestyles. Dove Men + Care Fresh &amp; Clean 2-in-1 Fortifying Shampoo + Conditioner is designed specifically for men that want fresh clean hair. It deeply cleans and invigorates hair with a refreshing effect, and is infused with caffeine + menthol.&nbsp;</p>\r\n', '', '', '', 419.00, '', '', NULL, '1', NULL),
(184, '61', '44', '1025', '', 'DOVE MEN CARE F&C 2 IN 1 SHAMPOO + CONDITIONER XL BOTTLE', 0, '<p>&nbsp; &nbsp;Dove Men + Care Fortifying 2-in-1 Shampoo + Conditioners make hair stronger and more resilient so that men can pursue their active lifestyles. Dove Men + Care Fresh &amp; Clean 2-in-1 Fortifying Shampoo + Conditioner is designed specifically for men that want fresh clean hair. It deeply cleans and invigorates hair with a refreshing effect, and is infused with caffeine + menthol.&nbsp;</p>\r\n', '', '', '', 949.00, '', '', NULL, '1', NULL),
(185, '61', '48', '75', '', 'SUN SILK SUPER SHINE SERUM 20ML', 0, '<p>&nbsp; &nbsp;Sunsilk Super Shine Hair Serum for Dry Frizzy Hair. Nourishing Vitamin E for Instant Shine. Gorgeously Free Flowing and Shiny Hair. Frizz Control for upto 48 hours. 3 simple steps to Shine Anytime&nbsp; Just Pump, Rub, Apply. All you need is a few pumps of Sunsilk Super Shine Hair Serum with an instantly nourishing Vitamin E formula.Shiny open hair anytime anywhere.&nbsp;</p>\r\n', '', '', '', 72.00, '', '', NULL, '1', NULL),
(186, '61', '48', '299', '', 'SUN SILK SUPER SHINE SERUM 100ML', 0, '<p>&nbsp; &nbsp;Sunsilk Super Shine Hair Serum for Dry Frizzy Hair. Nourishing Vitamin E for Instant Shine. Gorgeously Free Flowing and Shiny Hair. Frizz Control for upto 48 hours. 3 simple steps to Shine Anytime Just Pump, Rub, Apply. All you need is a few pumps of Sunsilk Super Shine Hair Serum with an instantly nourishing Vitamin E formula.Shiny open hair anytime anywhere.&nbsp;</p>\r\n\r\n<p>&nbsp;</p>\r\n\r\n<p>&nbsp;</p>\r\n', '', '', '', 289.00, '', '', NULL, '1', NULL),
(187, '61', '45', '310', '', 'TRESEMME LAMELLAR GLOSS CONDITIONER 190ML', 0, '<p>&nbsp; &nbsp;Up to 72 hours of salon-like glossy hair Based on lab test with shampoo and conditioner vs non-conditioning shampoo. 100% Paraben-Free. Get 8X more gloss effortlessly at home with the range Based on lab test with shampoo, conditioner &amp; serum vs non-conditioning shampoo. Infused with Amino Gloss Complex. Enhances manageability and smoothness of hair.&nbsp;</p>\r\n', '', '', '', 289.00, '', '', NULL, '1', NULL),
(188, '61', '45', '649', '', 'DOVE BEAUTIFUL CURL MOISTURE MASK 300ML', 0, '<p>INTENSELY NOURISHING MASK: Hair mask to keep away worries of dryness &amp; frizz.&nbsp; THE CURLY WAY: Hair mask that melts in moisture into the driest twists &amp; turns of curly hair.&nbsp; &nbsp; &nbsp; &nbsp; &nbsp; &nbsp; &nbsp; &nbsp; &nbsp; &nbsp; &nbsp; &nbsp; &nbsp; &nbsp; &nbsp; &nbsp; &nbsp; &nbsp; &nbsp; &nbsp; &nbsp; &nbsp; &nbsp; &nbsp; &nbsp; &nbsp; &nbsp; &nbsp; MOISTURE ESSENCE: Dove Beautiful Curls range is infused with hydrating ingredients like Aloe, Shea Butter, Coconut Oil &amp; Glycerine.&nbsp;</p>\r\n', '', '', '', 609.00, '', '', NULL, '1', NULL),
(189, '61', '45', '249', '', 'DOVE 10 IN 1 INTENSE REPAIR HAIR MASK 120ML', 0, '<p>&nbsp; &nbsp;HELPS REVERSE YEARS OF DAMAGE from 1st wash: Deeply nourishing formula penetrates to the deepest layers of your hair, restores proteins and helps reverse years of hair damage from 1st wash. BIO Proteins are similar to the proteins present in your hair. Dove&#39;s creamy formula restores proteins in your hair, reversing damage.</p>\r\n', '', '', '', 235.00, '', '', NULL, '1', NULL),
(190, '61', '44', '126', '', 'CLINIC PLUS HAIR SHAMPOO STRONG & EXTRA THICK 175ML', 0, '<p>&nbsp; &nbsp;Clinic Plus shampoo to be a good value for money. They say it reduces dandruff and cleans their hair thoroughly. The shampoo leaves their hair soft, smooth, and gives you complete protection for hair related problems with every wash using this shampoo. So what are you&nbsp; shiny.</p>\r\n', '', '', '', 119.00, '', '', NULL, '1', NULL),
(191, '61', '45', '245', '', 'DOVE HAIR CONDITIONER DRYNESS CARE 180ML', 0, '<p>&nbsp; &nbsp;Helps protect dry hair from daily wear and tear. Nourishes and makes hair softer and up to 5x smoother. Leaves your hair feeling silky and manageable every day. Nourishes, leaving hair healthier in the long run. Formulated with Pro-Moisture Complex. Suitable for daily use.&nbsp;</p>\r\n', '', '', '', 235.00, '', '', NULL, '1', NULL),
(192, '61', '45', '649', '', 'DOVE 10 IN 1 INTENSE REPAIR HAIR MASK 300ML', 0, '<p>HELPS REVERSE YEARS OF DAMAGE from 1st wash: Deeply nourishing formula penetrates to the deepest layers of your hair, restores proteins and helps reverse years of hair damage from 1st wash.BIO Proteins are similar to the proteins present in your hair. Dove&#39;s creamy formula restores proteins in your hair, reversing damage. Restores your hair from accumulated damage, leaving it healthier, smoother &amp; silkier.</p>\r\n', '', '', '', 605.00, '', '', NULL, '1', NULL),
(193, '61', '45', '290', '', 'TRESEMME HAIR CONDITIONER SMOOTH & SHINE 190ML', 0, '<p>&nbsp; &nbsp;Gives you soft, smooth and silky hair. Enriched with vitamin H and silk protein, this range intensely moisturizes dry rough hair so that hair feels soft and smooth. The light weight formula helps replenish vibrancy and moistures to calm frizz and tame fly always for salon gorgeous results.&nbsp;</p>\r\n', '', '', '', 275.00, '', '', NULL, '1', NULL),
(194, '61', '45', '110', '', 'TRESEMME HAIR CONDITIONER THICK & FULL 80ML', 0, '<p>Gives thicker looking hair for fuller looking hair. Gives voluminous hair. helps reinforce your hair strength. Prevents hair breakage. Enriched with the goodness of Biotin and Wheat Protein.&nbsp;</p>\r\n', '', '', '', 105.00, '', '', NULL, '1', NULL),
(195, '61', '45', '4', '', 'DOVE HAIR CONDITIONER INTENSE DAMAGE THERAY RS.4/-', 0, '<p>&nbsp; &nbsp;DETANGLES HAIR &amp; REPAIRS DAMAGE: Dove Intense Repair Conditioner with Keratin Actives repairs damage along the hair length, detangling it to give you silky, smooth hair. It&#39;s Moisture Lock technology nourishes tangled and frizzy hair without weighing it down. For best results, apply on hair from ears to tips where hair tangles more easily.&nbsp;</p>\r\n\r\n<p>&nbsp;</p>\r\n', '', '', '', 3.50, '', '', NULL, '1', NULL),
(196, '61', '45', '115', '', 'TRESEMME HAIR CONDITIONER HAIR FALL DEFENSE 80ML', 0, '<p>&nbsp; &nbsp;Our hairfall defense system is enriched with Keratin. Reinforces hair strength &amp; prevents hair fall due to breakage. Get longer and stronger hair. It&rsquo;s lightweight formula evenly conditions and detangles distressed hair. Use after cleansing your hair with TRESemm&eacute; Hair Fall Defense Shampoo to get the original strength back and preventing hair fall.&nbsp;</p>\r\n', '', '', '', 109.00, '', '', NULL, '1', NULL),
(197, '61', '45', '290', '', 'TRESEMME HAIR CONDITIONER KERATIN SMOOTH 190ML', 0, '<p>SMOOTH SYSTEM: Our conditioners for women and men, especially ones with keratin smooth system are infused with Keratin &amp; Moroccan Argan Oil. Keratin is known to smoothen the hair. It also reduces frizz and gives hair a straighter appearance. Argan oil helps grow thicker and healthier hair strands.</p>\r\n', '', '', '', 275.00, '', '', NULL, '1', NULL),
(199, '61', '48', '40', '', 'TRESEMME KERATIN SMOOTH HAIR SERUM 10ML', 0, '<p>SMOOTH SYSTEM: Our conditioners for women and men, especially ones with keratin smooth system are infused with Keratin &amp; Moroccan Argan Oil. Keratin is known to smoothen the hair. It also reduces frizz and gives hair a straighter appearance. Argan oil helps grow thicker and healthier hair strands.</p>\r\n', '', '', '', 38.00, '', '', NULL, '1', NULL),
(200, '52', '49', '42', '', 'HAMAM BATHING SOAP NEEM TULSI & ALOE VERA 100G', 0, '<p>With 100% Pure Neem Oil. Purifies skin for best ever Hamam protection. Safe and gentle on skin. For squeaky clean bath. Protection from pollution. Feel confident.&nbsp;</p>\r\n', '', '', '', 40.50, '', '', NULL, '1', NULL),
(201, '52', '49', '70', '', 'HAMAM BATHING SOAP NEEM TULSI & ALOE VERA 150G', 0, '<p>With 100% Pure Neem Oil. Purifies skin for best ever Hamam protection. Safe and gentle on skin. For squeaky clean bath. Protection from pollution. Feel confident.&nbsp;</p>\r\n\r\n<p>&nbsp;</p>\r\n\r\n<p>&nbsp;</p>\r\n', '', '', '', 67.00, '', '', NULL, '1', NULL),
(202, '52', '49', '210', '', 'HAMAM BATHING SOAP NEEM TULSI & ALOE VERA 3* 150G', 0, '<p>Infused with 100% Pure Neem oil. Hamam does not merely cleanse your skin, it purifies it. It promises you a bathing soap that will evoke the best of nature. Dermatologically Tested: A Safe Choice for Your Skin Our commitment to your well-being is reflected in our dermatologically tested formula.</p>\r\n', '', '', '', 199.00, '', '', NULL, '1', NULL),
(203, '52', '49', '10', '', 'HAMAM BATHING SOAP MINI 50G', 0, '<p>With 100% Pure Neem Oil. Purifies skin for best ever Hamam protection. Safe and gentle on skin. For squeaky clean bath. Protection from pollution. Feel confident.&nbsp;</p>\r\n\r\n<p>&nbsp;</p>\r\n\r\n<p>&nbsp;</p>\r\n', '', '', '', 9.60, '', '', NULL, '1', NULL),
(204, '52', '49', '40', '', 'LIFEBUOY BATHING SOAP TOTAL 10 GERM PROTECTION 125G', 0, '<p>Lifebuoy is the World&rsquo;s Number 1 Selling Germ Protection Soap. Lifebuoy Silver Shield Formula - the powerful germ protection formula to fight against stronger germs. Lifebuoy Total 10 Soap gives you 100% stronger germ protection (As per lab test on indicator organism vs soap bar without actives).&nbsp;</p>\r\n', '', '', '', 38.50, '', '', NULL, '1', NULL),
(205, '52', '49', '10', '', 'LIFEBUOY BATHING SOAP TOTAL RS.10/-', 0, '<p>Lifebuoy is the World&rsquo;s Number 1 Selling Germ Protection Soap. Lifebuoy Silver Shield Formula - the powerful germ protection formula to fight against stronger germs. Lifebuoy Total 10 Soap gives you 100% stronger germ protection (As per lab test on indicator organism vs soap bar without actives).&nbsp;</p>\r\n', '', '', '', 9.50, '', '', NULL, '1', NULL),
(206, '52', '49', '10', '', 'LUX BATHING SOAP ROSE BLOOM RS.10/-', 0, '<p>The Lux soft touch soap bar adds a touch of allure to your skin. This mild soap is not only effective against dust and sweat, but is also gentle on your skin. It has a subtle fragrance that makes you feel fresh all day long. The soap is enriched with active ingredients that go deep into your skin to keep it clean and smooth. The soap produces a gentle lather that washes away impurities on the skin&#39;s surface to reveal haappy, fresh skin after every shower.&nbsp;</p>\r\n', '', '', '', 9.50, '', '', NULL, '1', NULL),
(207, '52', '49', '40', '', 'LUX BATHING SOAP SOFT TOUCH FRENCH ROSE AND ALMOND OIL100G', 0, '<p>Revel in irresistibly soft and perfumed skin.Want to feel irresistible every day Revel in irresistibly fragranced skin with LUX Soft Touch beauty bar. Formulated with new breakthrough Floral FusionTM Oil, this fragrant body soap has twice the perfume bloom of real flowers that takes every shower to the next level. Exquisite heart notes of French Rose and white florals come together in a perfect.&nbsp;</p>\r\n', '', '', '', 38.50, '', '', NULL, '1', NULL),
(208, '52', '49', '80', '', 'LUX BATHING SOAP SOFT TOUCH FRENCH ROSE AND ALMOND OIL 150G', 0, '<p>Revel in irresistibly soft and perfumed skin.Want to feel irresistible every day Revel in irresistibly fragranced skin with LUX Soft Touch beauty bar. Formulated with new breakthrough Floral FusionTM Oil, this fragrant body soap has twice the perfume bloom of real flowers that takes every shower to the next level. Exquisite heart notes of French Rose and white florals come together in a perfect.&nbsp;</p>\r\n', '', '', '', 76.50, '', '', NULL, '1', NULL),
(209, '52', '49', '105', '', 'LUX BATHING SOAP SOFT TOUCH FRENCH ROSE AND ALMOND OIL 3*100G', 0, '<p>Revel in irresistibly soft and perfumed skin.Want to feel irresistible every day Revel in irresistibly fragranced skin with LUX Soft Touch beauty bar. Formulated with new breakthrough Floral FusionTM Oil, this fragrant body soap has twice the perfume bloom of real flowers that takes every shower to the next level. Exquisite heart notes of French Rose and white florals come together in a perfect.&nbsp;</p>\r\n', '', '', '', 99.00, '', '', NULL, '1', NULL),
(210, '52', '49', '152', '', 'LUX BATHING SOAP SOFT TOUCH 4*100G', 0, '<p>The Lux soft touch soap bar adds a touch of allure to your skin. This mild soap is not only effective against dust and sweat, but is also gentle on your skin. It has a subtle fragrance that makes you feel fresh all day long. The soap is enriched with active ingredients that go deep into your skin to keep it clean and smooth. The soap produces a gentle lather that washes away impurities on the skin&#39;s surface to reveal haappy, fresh skin after every shower.&nbsp;</p>\r\n', '', '', '', 145.00, '', '', NULL, '1', NULL),
(211, '52', '49', '179', '', 'LUX BATHING SOAP SOFT TOUCH FRENCH ROSE AND ALMOND OIL 3*150G', 0, '<p>Revel in irresistibly soft and perfumed skin.Want to feel irresistible every day Revel in irresistibly fragranced skin with LUX Soft Touch beauty bar. Formulated with new breakthrough Floral FusionTM Oil, this fragrant body soap has twice the perfume bloom of real flowers that takes every shower to the next level. Exquisite heart notes of French Rose and white florals come together in a perfect.&nbsp;</p>\r\n', '', '', '', 162.00, '', '', NULL, '1', NULL),
(212, '52', '49', '54', '', 'PEARS BATHING SOAP PURE  & GENTLE 100G', 0, '<p>Pears Pure &amp; Gentle is the original 225 years old glycerin bar that gives the gentle care of natural oils &amp; 98% pure glycerin to your skin. It is the world&rsquo;s first transparent soap and advertised brand. Its undisputed credentials on mildness &amp; purity, driven by its unique shape and transparency lend the brand an equity that lasts till this date. Pears is amongst the iconic brands in India.&nbsp;</p>\r\n', '', '', '', 52.00, '', '', NULL, '1', NULL),
(213, '52', '49', '54', '', 'PEARS BATHING SOAP PURE  & GENTLE 100G', 0, '<p>Pears Pure &amp; Gentle is the original 225 years old glycerin bar that gives the gentle care of natural oils &amp; 98% pure glycerin to your skin. It is the world&rsquo;s first transparent soap and advertised brand. Its undisputed credentials on mildness &amp; purity, driven by its unique shape and transparency lend the brand an equity that lasts till this date. Pears is amongst the iconic brands in India.&nbsp;</p>\r\n\r\n<p>&nbsp;</p>\r\n\r\n<p>&nbsp;</p>\r\n', '', '', '', 52.00, '', '', NULL, '1', NULL),
(214, '52', '49', '40', '', 'PEARS BATHING SOAP PURE & GENTLE 60G', 0, '<p>Pears Pure &amp; Gentle is the original 225 years old glycerin bar that gives the gentle care of natural oils &amp; 98% pure glycerin to your skin. It is the world&rsquo;s first transparent soap and advertised brand. Its undisputed credentials on mildness &amp; purity, driven by its unique shape and transparency lend the brand an equity that lasts till this date. Pears is amongst the iconic brands in India.&nbsp;</p>\r\n\r\n<p>&nbsp;</p>\r\n\r\n<p>&nbsp;</p>\r\n', '', '', '', 38.00, '', '', NULL, '1', NULL),
(215, '52', '49', '162', '', 'PEARS BATHING SOAP PURE & GENTLE 3*75G', 0, '<p>Pears Pure &amp; Gentle is the original 225 years old glycerin bar that gives the gentle care of natural oils &amp; 98% pure glycerin to your skin. It is the world&rsquo;s first transparent soap and advertised brand. Its undisputed credentials on mildness &amp; purity, driven by its unique shape and transparency lend the brand an equity that lasts till this date. Pears is amongst the iconic brands in India.&nbsp;</p>\r\n\r\n<p>&nbsp;</p>\r\n\r\n<p>&nbsp;</p>\r\n', '', '', '', 155.00, '', '', NULL, '1', NULL),
(216, '52', '49', '100', '', 'PEARS BATHING SOAP PURE & GENTLE 125G', 0, '<p>Pears Pure &amp; Gentle is the original 225 years old glycerin bar that gives the gentle care of natural oils &amp; 98% pure glycerin to your skin. It is the world&rsquo;s first transparent soap and advertised brand. Its undisputed credentials on mildness &amp; purity, driven by its unique shape and transparency lend the brand an equity that lasts till this date. Pears is amongst the iconic brands in India.&nbsp;</p>\r\n', '', '', '', 96.00, '', '', NULL, '1', NULL),
(217, '52', '49', '235', '', 'PEARS BATHING SOAP PURE & GENTLE 3*125G', 0, '<p>Pears Pure &amp; Gentle is the original 225 years old glycerin bar that gives the gentle care of natural oils &amp; 98% pure glycerin to your skin. It is the world&rsquo;s first transparent soap and advertised brand. Its undisputed credentials on mildness &amp; purity, driven by its unique shape and transparency lend the brand an equity that lasts till this date. Pears is amongst the iconic brands in India.&nbsp;</p>\r\n', '', '', '', 225.00, '', '', NULL, '1', NULL),
(218, '52', '49', '54', '', 'PEARS BATHING SOAP SOFT & FRESH 100G', 0, '<p>PEARS soap is meant for sensitive skin types. It&rsquo;s a soap with glycerine that preserves your skin&#39;s natural moisture to keep it young along with mint extracts that helps keep your skin soft and fresh during summers.&nbsp;</p>\r\n', '', '', '', 52.00, '', '', NULL, '1', NULL),
(219, '52', '49', '54', '', 'PEARS BATHING SOAP SOFT & FRESH 100G', 0, '<p>PEARS soap is meant for sensitive skin types. It&rsquo;s a soap with glycerine that preserves your skin&#39;s natural moisture to keep it young along with mint extracts that helps keep your skin soft and fresh during summers.&nbsp;</p>\r\n\r\n<p>&nbsp;</p>\r\n\r\n<p>&nbsp;</p>\r\n', '', '', '', 52.00, '', '', NULL, '1', NULL),
(220, '52', '49', '95', '', 'PEARS BATHING SOAP SOFT & FRESH 125G', 0, '<p>PEARS soap is meant for sensitive skin types. It&rsquo;s a soap with glycerine that preserves your skin&#39;s natural moisture to keep it young along with mint extracts that helps keep your skin soft and fresh during summers.&nbsp;</p>\r\n\r\n<p>&nbsp;</p>\r\n\r\n<p>&nbsp;</p>\r\n', '', '', '', 91.00, '', '', NULL, '1', NULL),
(221, '52', '49', '350', '', 'PEARS BATHING SOAP SOFT & FRESH B4G1', 0, '<p>PEARS soap is meant for sensitive skin types. It&rsquo;s a soap with glycerine that preserves your skin&#39;s natural moisture to keep it young along with mint extracts that helps keep your skin soft and fresh during summers.&nbsp;</p>\r\n\r\n<p>&nbsp;</p>\r\n\r\n<p>&nbsp;</p>\r\n', '', '', '', 335.00, '', '', NULL, '1', NULL);
INSERT INTO `product` (`product_id`, `organic_menu_id`, `sub_category_id`, `mrp_price`, `product_kg`, `product_name`, `product_quantity`, `product_description`, `product_ingredients`, `product_usage`, `product_features`, `product_price`, `distributer_price`, `distributer_commission`, `product_image`, `status`, `s.no`) VALUES
(222, '52', '49', '63', '', 'DOVE BATHING SOAP CREAM BEAUTY 100G', 0, '<p>Dove beauty bar doesn&rsquo;t dry up your skin. Leaves skin softer, smoother and more glowing. Suitable for daily use on face, body and hands. Dove cream beauty bar combines a gentle cleansing formula with dove&rsquo;s signature &frac14; moisturizing cream to give you softer, smoother and more glowing skin. The mild cleansers help your skin to retain its natural moisture rather than stripping it away.</p>\r\n', '', '', '', 61.00, '', '', NULL, '1', NULL),
(223, '52', '49', '35', '', 'DOVE BATHING SOAP CREAM BEAUTY 50G', 0, '<p>Dove beauty bar doesn&rsquo;t dry up your skin. Leaves skin softer, smoother and more glowing. Suitable for daily use on face, body and hands. Dove cream beauty bar combines a gentle cleansing formula with dove&rsquo;s signature &frac14; moisturizing cream to give you softer, smoother and more glowing skin. The mild cleansers help your skin to retain its natural moisture rather than stripping it away.</p>\r\n', '', '', '', 33.50, '', '', NULL, '1', NULL),
(224, '52', '49', '150', '', 'DOVE BATHING SOAP CREAM BEAUTY 3*75G', 0, '<p>Dove beauty bar doesn&rsquo;t dry up your skin. Leaves skin softer, smoother and more glowing. Suitable for daily use on face, body and hands. Dove cream beauty bar combines a gentle cleansing formula with dove&rsquo;s signature &frac14; moisturizing cream to give you softer, smoother and more glowing skin. The mild cleansers help your skin to retain its natural moisture rather than stripping it away.</p>\r\n\r\n<p>&nbsp;</p>\r\n\r\n<p>&nbsp;</p>\r\n', '', '', '', 143.00, '', '', NULL, '1', NULL),
(225, '52', '49', '270', '', 'DOVE BATHING SOAP CREAM BEAUTY 3*125G', 0, '<p>Dove beauty bar doesn&rsquo;t dry up your skin. Leaves skin softer, smoother and more glowing. Suitable for daily use on face, body and hands. Dove cream beauty bar combines a gentle cleansing formula with dove&rsquo;s signature &frac14; moisturizing cream to give you softer, smoother and more glowing skin. The mild cleansers help your skin to retain its natural moisture rather than stripping it away.</p>\r\n', '', '', '', 259.00, '', '', NULL, '1', NULL),
(226, '52', '49', '5', '', 'LUX BATHING SOAP VELVET TOUCH JASMINE AND ALMOND OIL 30G', 0, '<p>Indulge yourself in a luxurious bathing experience with the Velvet Touch Bathing Bar from LUX. This soap bar is formulated with jasmine and almond oils that nourish your skin cells. Its advanced formula includes Silk Essence that retains your skin&#39;s natural oils and gives it a radiant, silky glow, making every bath a pleasurable experience. this soap is created with an invigorating fragrance that sensualizes the mind and senses, keeping you refreshed and beautiful throughout the day.&nbsp;</p>\r\n', '', '', '', 4.75, '', '', NULL, '1', NULL),
(227, '52', '49', '20', '', 'LUX WHITE SINGLES 75G', 0, '<p>Lux creamy white soap 75G is the smoothest soap from the house of Unilever. Made from specialised Swiss moisturisers and top grade perfumes, the soap provides a deep cleansing experience. The soap penetrates the skin, while cleansing and rejuvenating it. The combination of Swiss moisturisers, with the fragrance of white orchids helps your skin retain its moisture and suppleness.</p>\r\n', '', '', '', 19.00, '', '', NULL, '1', NULL),
(228, '52', '49', '105', '', 'LUX BATHING SOAP BRIGHT GLOW 3*100G', 0, '<p>New LUX Jasmine &amp; Vitamin E soap gives moonlit glowing skin. The Lux Jasmine &amp; Vitamin E soap bar adds a touch of glow to your skin and leaves it beautifully fragrant. Infused with 7 beauty ingredients, combining the essence of jasmine flower with its enchanting fragrance, and with Vitamin E known to moisturize and nourish skin, this bar leaves your skin soft, smooth, and glowing.&nbsp;</p>\r\n', '', '', '', 101.00, '', '', NULL, '1', NULL),
(229, '52', '49', '10', '', 'LUX BATHING SOAP FRESH FLASH WATER LILY & COOLING MINT 50G', 0, '<p>Gift yourself the luxury of sublime gentleness that you truly deserve. With LUX&trade; Fresh Splash soap bar, revel in this labour of love born from the courtship between Lux and the world&rsquo;s finest perfumers, that leaves your skin smooth and delicately scented. Infused with mesmerizing fragrance of water lilies and mint that lasts all day.​&nbsp;</p>\r\n', '', '', '', 9.50, '', '', NULL, '1', NULL),
(230, '52', '49', '38', '', 'LUX BATHING SOAP FRESH FLASH WATER LILY & COOLING MINT 100G', 0, '<p>Gift yourself the luxury of sublime gentleness that you truly deserve. With LUX&trade; Fresh Splash soap bar, revel in this labour of love born from the courtship between Lux and the world&rsquo;s finest perfumers, that leaves your skin smooth and delicately scented. Infused with mesmerizing fragrance of water lilies and mint that lasts all day.​&nbsp;</p>\r\n\r\n<p>&nbsp;</p>\r\n\r\n<p>&nbsp;</p>\r\n', '', '', '', 36.50, '', '', NULL, '1', NULL),
(231, '52', '49', '75', '', 'DOVE BATHING SOAP GO FRESH MOISTURE 75G', 0, '<p>Refreshing cucumber and green tea scent revitalizes your senses &frac14; moisturizing cream and mild cleansers help protect skins moisture. Dove Beauty Bar doesnt dry skin like soap. Leaves skin softer, smoother and more glowing. No1 Brand recommended by dermatologists. Its not a soap its a beauty bar. Suitable for daily use on face, body and hands. Price mentioned is for the whole unit.</p>\r\n', '', '', '', 71.00, '', '', NULL, '1', NULL),
(232, '52', '49', '99', '', 'INDULEKHA SOAP 100G', 0, '<p>Indulekha soap bar is an Ayurvedic Proprietary Medicine Soap that helps repair visible signs of skin damage in 4 weeks. Helps with skin concerns such as dark spots, marks, uneven skin tone and appearance of pores. 84% of users in the clinical study showed improvement from visible signs of skin damage. Helps improve skin health &amp; provides a glowing skin.</p>\r\n', '', '', '', 92.00, '', '', NULL, '1', NULL),
(233, '52', '49', '50', '', 'PEARS BATHING SOAP NATURAL ALOE 100G', 0, '<p>New Pears Natural Aloe Vera Detoxifying Bathing Bar has the Goodness of 100% Natural Ingredients. This beauty bar soap has the goodness of 100% natural aloevera. It gives you refreshed, glowing skin. Pears Natural Bathing soap is mild on skin and comes in a gentle formulation with 0% Parabens.&nbsp;</p>\r\n', '', '', '', 48.00, '', '', NULL, '1', NULL),
(234, '52', '49', '34', '', 'LIFEBUOY ALMOND AND TURMERIC 100G', 0, '<p>Lifebuoy Turmeric Soap Bar is powered by the goodness of 100% natural origin Turmeric. It is a soap bar with Advanced Silver Shield Formula and the goodness of Turmeric&rsquo;s antiseptic properties. This enables Lifebuoy Turmeric to give 100% better skin protection.&nbsp;</p>\r\n', '', '', '', 32.50, '', '', NULL, '1', NULL),
(235, '52', '49', '75', '', 'DOVE BATHING SOAP PINK ROSA BEAUTY 100G', 0, '<p>Dove Pink Beauty Bar contains Dove&#39;s classic moisturizing formula with a delicate pink hue. &frac14; moisturizing cream and mild cleansers help retain skin&rsquo;s moisture. Leaves skin softer, smoother and healthier-looking. No1 Brand recommended by dermatologists. No other bar hydrates skin better than Dove. Suitable for daily use on face, body and hands.&nbsp;</p>\r\n', '', '', '', 72.00, '', '', NULL, '1', NULL),
(236, '52', '49', '10', '', 'LIFEBUOY BATHING SOAP LEMON FRESH RS.10/-', 0, '<p>Lifebuoy total bar is the world&rsquo;s number 1 selling germ protection soap. Lifebuoy total soap has advanced silver shield formula - the powerful germ protection formula to fight against stronger germs. This enables lifebuoy to give 100% stronger germ protection from today&rsquo;s germs, compared to ordinary soaps.&nbsp;</p>\r\n', '', '', '', 9.50, '', '', NULL, '1', NULL),
(237, '52', '49', '37', '', 'LIFEBUOY BATHING SOAP LEMON FRESH GERM PROTECTION 125G', 0, '<p>Lifebuoy total bar is the world&rsquo;s number 1 selling germ protection soap. Lifebuoy total soap has advanced silver shield formula - the powerful germ protection formula to fight against stronger germs. This enables lifebuoy to give 100% stronger germ protection from today&rsquo;s germs, compared to ordinary soaps.&nbsp;</p>\r\n', '', '', '', 35.50, '', '', NULL, '1', NULL),
(238, '52', '49', '10', '', 'LIFEBUOY BATHING SOAP TURMERIC RS.10/.', 0, '<p>New Lifebuoy Turmeric for natural germ protection.New Lifebuoy Turmeric is infused with the power of raw haldi. Haldi is known in India for its antiseptic and purifying properties. Its natural germ protection formula washes away germs to provide 100% Better Skin Protection. Its unique fragrance blends the power of Haldi to give you a refreshing shower and provides naturals germ protection to your skin.&nbsp;</p>\r\n', '', '', '', 9.50, '', '', NULL, '1', NULL),
(239, '52', '49', '40', '', 'LIFEBUOY BATHING SOAP TURMERIC AND HONEY 100% BETTER SKIN PROTECTION 125G', 0, '<p>New Lifebuoy Turmeric for natural germ protection.New Lifebuoy Turmeric is infused with the power of raw haldi. Haldi is known in India for its antiseptic and purifying properties. Its natural germ protection formula washes away germs to provide 100% Better Skin Protection. Its unique fragrance blends the power of Haldi to give you a refreshing shower and provides naturals germ protection to your skin.&nbsp;</p>\r\n', '', '', '', 38.50, '', '', NULL, '1', NULL),
(240, '52', '49', '10', '', 'LIFEBUOY BATHING SOAP NEEM RS.10/-', 0, '<p>Lifebuoy is the worlds number 1 germ protection soap. Its natural germ protection formula washes away germs to provide 100% better skin protection. Its unique fragrance blends the power of neem to give you a refreshing shower and provides naturals germ protection to your skin. New lifebuoy neem for natural germ protection.&nbsp;</p>\r\n', '', '', '', 9.50, '', '', NULL, '1', NULL),
(241, '52', '49', '40', '', 'LIFEBUOY BATHING SOAP NEEM AND ALOE VERA 100% BETTER SKIN PROTECTION 125G', 0, '<p>Lifebuoy is the worlds number 1 germ protection soap. Its natural germ protection formula washes away germs to provide 100% better skin protection. Its unique fragrance blends the power of neem to give you a refreshing shower and provides naturals germ protection to your skin. New lifebuoy neem for natural germ protection.&nbsp;</p>\r\n', '', '', '', 38.50, '', '', NULL, '1', NULL),
(242, '52', '49', '50', '', 'PEARS BATHING SOAP POMEGRANATE BRIGHTENING 100G', 0, '<p>New Pears Natural Pomegranate Brightening Bathing Bar has the Goodness of 100% Natural Ingredients. Pears Natural Bathing soap is mild on skin and comes in a gentle formulation with 0% Parabens. Pears Naturale Bathing soap has pure glycerin that helps preserve skin&#39;s natural moisture making it soft and smooth.&nbsp;</p>\r\n', '', '', '', 48.00, '', '', NULL, '1', NULL),
(243, '52', '49', '40', '', 'LUX SANDAL 100G', 0, '<p>Luxurious Handmade Soap: Crafted with utmost care, this 100g bar of soap is a luxurious indulgence for your skin.&nbsp; &nbsp; &nbsp; Fragrant Sandalwood: Infused with the rich, earthy aroma of sandalwood, it awakens your senses and leaves you feeling refreshed.&nbsp; &nbsp; &nbsp; &nbsp; &nbsp; &nbsp; &nbsp; &nbsp; &nbsp; &nbsp; &nbsp; &nbsp; &nbsp; &nbsp; &nbsp; &nbsp; &nbsp; &nbsp; &nbsp; &nbsp; &nbsp; &nbsp; &nbsp; &nbsp; &nbsp; &nbsp; &nbsp; &nbsp; &nbsp; Clear Glow Formula: The advanced clear glow formula gently cleanses and nourishes your skin, revealing a radiant complexion.</p>\r\n', '', '', '', 38.50, '', '', NULL, '1', NULL),
(244, '52', '49', '10', '', 'LIFEBUOY BATHING SOAP CARE RS.10/-', 0, '<p>Lifebuoy total bar is the world&rsquo;s number 1 selling germ protection soap. Lifebuoy total soap has advanced silver shield formula - the powerful germ protection formula to fight against stronger germs. This enables lifebuoy to give 100% stronger germ protection from today&rsquo;s germs, compared to ordinary soaps.&nbsp;</p>\r\n', '', '', '', 9.50, '', '', NULL, '1', NULL),
(245, '52', '49', '270', '', 'LIFEBUOY BATHING SOAP TOTAL 10 B5G2 (125G)', 0, '<p>Lifebuoy total bar is the world&rsquo;s number 1 selling germ protection soap. Lifebuoy total soap has advanced silver shield formula - the powerful germ protection formula to fight against stronger germs. This enables lifebuoy to give 100% stronger germ protection from today&rsquo;s germs, compared to ordinary soaps.&nbsp;</p>\r\n', '', '', '', 259.00, '', '', NULL, '1', NULL),
(246, '52', '49', '156', '', 'LIFEBUOY BATHING SOAP TOTAL 10 100% STRONGER GERM PROTECTION 4*125G', 0, '<p>Lifebuoy is the World&rsquo;s Number 1 Selling Germ Protection Soap. Lifebuoy Silver Shield Formula - the powerful germ protection formula to fight against stronger germs. Lifebuoy Total 10 Soap gives you 100% stronger germ protection (As per lab test on indicator organism vs soap bar without actives).&nbsp;</p>\r\n', '', '', '', 149.00, '', '', NULL, '1', NULL),
(247, '52', '49', '10', '', 'LUX SANDAL RS.10', 0, '<p>Luxurious Handmade Soap: Crafted with utmost care, this 100g bar of soap is a luxurious indulgence for your skin. Fragrant Sandalwood: Infused with the rich, earthy aroma of sandalwood, it awakens your senses and leaves you feeling refreshed. Clear Glow Formula: The advanced clear glow formula gently cleanses and nourishes your skin, revealing a radiant complexion.&nbsp;</p>\r\n', '', '', '', 9.50, '', '', NULL, '1', NULL),
(248, '52', '49', '40', '', 'LIFEBUOY BATHING SOAP CARE GERM PROTECTION 125G', 0, '<p>Lifebuoy total bar is the world&rsquo;s number 1 selling germ protection soap. Lifebuoy total soap has advanced silver shield formula - the powerful germ protection formula to fight against stronger germs. This enables lifebuoy to give 100% stronger germ protection from today&rsquo;s germs, compared to ordinary soaps.&nbsp;</p>\r\n', '', '', '', 38.50, '', '', NULL, '1', NULL),
(249, '52', '49', '45', '', 'HAMAM TURMERIC 100G', 0, '<p>Enriched with 100% real Turmeric particles. Captures a time-honoured ritual of homemade scrubs renowned for imparting a natural glow, now seamlessly integrated into daily skincare routine for your natural radiant complexion. Turmeric, known for its anti-inflammatory and healing properties, provides a gentle exfoliation to reveal brighter, glowing skin naturally.</p>\r\n', '', '', '', 42.50, '', '', NULL, '1', NULL),
(250, '52', '49', '220', '', 'HAMAM BATHING SOAP LEMON FLOWER 3*150G', 0, '<p>Infused with 100% Pure Lemon Flower extract. Refresh your day with the zesty embrace of Hamam lemon flower soap. With natural ingredients for bath is a harmonious blend of the goodness of lemon flower, neem oil, and aloe vera, offering a rejuvenating experience that&rsquo;s both invigorating and gentle on the skin.</p>\r\n', '', '', '', 209.00, '', '', NULL, '1', NULL),
(252, '52', '49', '10', '', 'HAMAM BATHING SOAP LEMON FLOWER 50G', 0, '<p>Infused with 100% Pure Lemon Flower extract. Refresh your day with the zesty embrace of Hamam lemon flower soap. With natural ingredients for bath is a harmonious blend of the goodness of lemon flower, neem oil, and aloe vera, offering a rejuvenating experience that&rsquo;s both invigorating and gentle on the skin.</p>\r\n', '', '', '', 9.50, '', '', NULL, '1', NULL),
(253, '52', '49', '45', '', 'HAMAM BATHING SOAP LEMON FLOWER 100G', 0, '<p>Infused with 100% Pure Lemon Flower extract. Refresh your day with the zesty embrace of Hamam lemon flower soap. With natural ingredients for bath is a harmonious blend of the goodness of lemon flower, neem oil, and aloe vera, offering a rejuvenating experience that&rsquo;s both invigorating and gentle on the skin.</p>\r\n', '', '', '', 42.50, '', '', NULL, '1', NULL),
(254, '52', '49', '160', '', 'LUX BATHING SOAP BRIGHT GLOW B4G1', 0, '<p>New LUX Jasmine &amp; Vitamin E soap gives moonlit glowing skin. The Lux Jasmine &amp; Vitamin E soap bar adds a touch of glow to your skin and leaves it beautifully fragrant. Infused with 7 beauty ingredients, combining the essence of jasmine flower with its enchanting fragrance, and with Vitamin E known to moisturize and nourish skin, this bar leaves your skin soft, smooth, and glowing.&nbsp;</p>\r\n', '', '', '', 155.00, '', '', NULL, '1', NULL),
(255, '52', '49', '38', '', 'LUX BATHING SOAP BRIGHT GLOW 100G', 0, '<p>New LUX Jasmine &amp; Vitamin E soap gives moonlit glowing skin. The Lux Jasmine &amp; Vitamin E soap bar adds a touch of glow to your skin and leaves it beautifully fragrant. Infused with 7 beauty ingredients, combining the essence of jasmine flower with its enchanting fragrance, and with Vitamin E known to moisturize and nourish skin, this bar leaves your skin soft, smooth, and glowing.&nbsp;</p>\r\n', '', '', '', 36.80, '', '', NULL, '1', NULL),
(256, '52', '49', '10', '', 'LUX BATHING SOAP BRIGHT GLOW RS.10/-', 0, '<p>New LUX Jasmine &amp; Vitamin E soap gives moonlit glowing skin. The Lux Jasmine &amp; Vitamin E soap bar adds a touch of glow to your skin and leaves it beautifully fragrant. Infused with 7 beauty ingredients, combining the essence of jasmine flower with its enchanting fragrance, and with Vitamin E known to moisturize and nourish skin, this bar leaves your skin soft, smooth, and glowing.&nbsp;</p>\r\n', '', '', '', 9.50, '', '', NULL, '1', NULL),
(257, '52', '49', '83', '', 'LUX BATHING SOAP INTERNATIONAL CREAMY PERFECTION 125G', 0, '<p>With Swiss Moisturizers &amp; delicate white flower scent. Fragrance composed by the world&#39;s best perfume experts.&nbsp; &nbsp; &nbsp; &nbsp; &nbsp; &nbsp; &nbsp; &nbsp; &nbsp; &nbsp; TOP NOTE Jasmine, Rose, Tuberose.&nbsp; &nbsp; BASE NOTE Sandalwood, Cedar, Musk. Pamper your skin with our lush body washes and bars. Perfect for all skin types.</p>\r\n', '', '', '', 79.00, '', '', NULL, '1', NULL),
(258, '52', '49', '40', '', 'LUX BATHING SOAP INTERNATIONAL CREAMY PERFECTION 75G', 0, '<p>With Swiss Moisturizers &amp; delicate white flower scent. Fragrance composed by the world&#39;s best perfume experts.&nbsp; &nbsp; &nbsp; &nbsp; &nbsp; &nbsp; &nbsp; &nbsp; &nbsp; &nbsp; &nbsp; TOP NOTE Jasmine, Rose, Tuberose.&nbsp; &nbsp; &nbsp; BASE NOTE Sandalwood, Cedar, Musk. Pamper your skin with our lush body washes and bars. Perfect for all skin types.</p>\r\n', '', '', '', 38.50, '', '', NULL, '1', NULL),
(259, '52', '49', '158', '', 'REXONA BATHING SOAP COCONUT AND OLIVE OIL 4*100G', 0, '<p>Fall in love everyday with Rexona. With Coconut &amp; Olive Oils. Soft Skin. Silky Skin. 100% Naturally sourced. Revive the romance, feel 100% loved. Get promising soft skin with this bathing bar from Rexona. Enriched with the goodness of coconut and olive oil, this soap bar offers you an enchanting bathing experience like never before. This soap reaches the deepest skin.&nbsp;</p>\r\n', '', '', '', 153.00, '', '', NULL, '1', NULL),
(260, '52', '49', '89', '', 'REXONA BATHING SOAP COCONUT AND OLIVE OIL 150G', 0, '<p>Fall in love everyday with Rexona. With Coconut &amp; Olive Oils. Soft Skin. Silky Skin. 100% Naturally sourced. Revive the romance, feel 100% loved. Get promising soft skin with this bathing bar from Rexona. Enriched with the goodness of coconut and olive oil, this soap bar offers you an enchanting bathing experience like never before. This soap reaches the deepest skin.&nbsp;</p>\r\n\r\n<p>&nbsp;</p>\r\n\r\n<p>&nbsp;</p>\r\n', '', '', '', 85.00, '', '', NULL, '1', NULL),
(261, '52', '49', '117', '', 'REXONA BATHING SOAP COCONUT AND OLIVE OIL 4*75G', 0, '<p>Fall in love everyday with Rexona. With Coconut &amp; Olive Oils. Soft Skin. Silky Skin. 100% Naturally sourced. Revive the romance, feel 100% loved. Get promising soft skin with this bathing bar from Rexona. Enriched with the goodness of coconut and olive oil, this soap bar offers you an enchanting bathing experience like never before. This soap reaches the deepest skin.&nbsp;</p>\r\n', '', '', '', 112.00, '', '', NULL, '1', NULL),
(262, '52', '49', '40', '', 'REXONA BATHING SOAP COCONUT AND OLIVE OIL 100G', 0, '<p>Fall in love everyday with Rexona. With Coconut &amp; Olive Oils. Soft Skin. Silky Skin. 100% Naturally sourced. Revive the romance, feel 100% loved. Get promising soft skin with this bathing bar from Rexona. Enriched with the goodness of coconut and olive oil, this soap bar offers you an enchanting bathing experience like never before. This soap reaches the deepest skin.&nbsp;</p>\r\n', '', '', '', 38.50, '', '', NULL, '1', NULL),
(263, '52', '49', '63', '', 'PEARS BATHING SOAP OIL CLEAR & GLOW 75G', 0, '<p>Start bathing with Pears Oil Control Soap to make your skin soft and smooth. The impact of glycerine makes it very effective. If you bathe with this excellent product of Pears, you can easily feel the difference. The various benefits of using Pears Oil Control Soap make it worth buying. The germ shield really works perfectly and enhances your skin condition by making it soft.</p>\r\n', '', '', '', 60.00, '', '', NULL, '1', NULL),
(264, '52', '49', '280', '', 'HAMAM BATHING SOAP B4G1', 0, '<p>Hamam brings you this bathing soap bar that is a perfect pick for an enriching and refreshing bathing experience. A power-packed soap bar enhanced with tulsi, neem, and aloe vera, this soap provides a natural protection to your skin by eliminating germs and skin impurities while the aloe vera content in this soap gives you a refreshing feel after every shower. It soothes and cools your skin cells, thus offering you a smooth and naturally happy skin.&nbsp;</p>\r\n', '', '', '', 269.00, '', '', NULL, '1', NULL),
(265, '52', '49', '164', '', 'HAMAM BATHING SOAP 4*100G', 0, '<p>Hamam brings you this bathing soap bar that is a perfect pick for an enriching and refreshing bathing experience. A power-packed soap bar enhanced with tulsi, neem, and aloe vera, this soap provides a natural protection to your skin by eliminating germs and skin impurities while the aloe vera content in this soap gives you a refreshing feel after every shower. It soothes and cools your skin cells, thus offering you a smooth and naturally happy skin.&nbsp;</p>\r\n', '', '', '', 158.00, '', '', NULL, '1', NULL),
(266, '52', '49', '30', '', 'HAMAM BATHING SOAP 75G', 0, '<p>Hamam brings you this bathing soap bar that is a perfect pick for an enriching and refreshing bathing experience. A power-packed soap bar enhanced with tulsi, neem, and aloe vera, this soap provides a natural protection to your skin by eliminating germs and skin impurities while the aloe vera content in this soap gives you a refreshing feel after every shower. It soothes and cools your skin cells, thus offering you a smooth and naturally happy skin.&nbsp;</p>\r\n', '', '', '', 28.50, '', '', NULL, '1', NULL),
(267, '52', '49', '30', '', 'HAMAM BATHING SOAP 75G', 0, '<p>Hamam brings you this bathing soap bar that is a perfect pick for an enriching and refreshing bathing experience. A power-packed soap bar enhanced with tulsi, neem, and aloe vera, this soap provides a natural protection to your skin by eliminating germs and skin impurities while the aloe vera content in this soap gives you a refreshing feel after every shower. It soothes and cools your skin cells, thus offering you a smooth and naturally happy skin.&nbsp;</p>\r\n', '', '', '', 28.50, '', '', NULL, '1', NULL),
(268, '52', '49', '80', '', 'LIRIL BATHING SOAP LIME 125G', 0, '<p>Liril Lime Rush Soap Which Is 125 Grams And Includes Pack Of 3.The new Liril soap, with its ingredients like lemon extract and tea tree oil gives you a freshness that lasts longer. This soap is paraben free and sulphate cleanser free. It ensures that your skin gets the best care and stays fresh. The 100% natural lemon extracts and 100% natural tea tree oil ingredients in this soap gives you a thick lather which lends a sense of freshness after every shower and makes bathing an enjoyable experience.</p>\r\n', '', '', '', 76.50, '', '', NULL, '1', NULL),
(269, '52', '49', '38', '', 'LIRIL BATHING SOAP LIME 100G', 0, '<p>Liril Lime Rush Soap Which Is 125 Grams And Includes Pack Of 3.The new Liril soap, with its ingredients like lemon extract and tea tree oil gives you a freshness that lasts longer. This soap is paraben free and sulphate cleanser free. It ensures that your skin gets the best care and stays fresh. The 100% natural lemon extracts and 100% natural tea tree oil ingredients in this soap gives you a thick lather which lends a sense of freshness after every shower and makes bathing an enjoyable experience.</p>\r\n', '', '', '', 36.50, '', '', NULL, '1', NULL),
(270, '52', '49', '60', '', 'PEARS NATURAL VITAMIN C 100G', 0, '<p>GOODNESS OF 100% NATURAL INGREDIENTS &ndash; Inspired by goodness of nature, Pears Naturale Vitamin C bathing bar contains 100% natural Yuzu Lemon extract, Vitamin C and Honey extract, for naturally glowing skin. Infused with Vitamin C a potent antioxidant known to helps enhance skin&nbsp;</p>\r\n', '', '', '', 56.50, '', '', NULL, '1', NULL),
(271, '52', '49', '367', '', 'PEARS NATURALE VITAMIN C SOAP 4*125G', 0, '<p>GOODNESS OF 100% NATURAL INGREDIENTS &ndash; Inspired by goodness of nature, Pears Naturale Vitamin C bathing bar contains 100% natural Yuzu Lemon extract, Vitamin C and Honey extract, for naturally glowing skin. Infused with Vitamin C a potent antioxidant known to helps enhance skin.&nbsp;</p>\r\n', '', '', '', 349.00, '', '', NULL, '1', NULL),
(272, '52', '49', '168', '', 'AYUSH BATHING SOAP PURIFYING TURMERIC B4G1', 0, '<p>Purifying Soap with Turmeric. Gives clear and glowing skin. Ideal For Men &amp; Women. Turmeric (Haldi) is prescribed in Ayurveda for purification and also well known for its antiseptic and healing properties. Nalpamaradi Tailam cures skin infections &amp; rashes, leaving your skin clear and glowing.</p>\r\n', '', '', '', 163.00, '', '', NULL, '1', NULL),
(273, '52', '49', '322', '', 'DOVE BATHING SOAP CARE & PROTECT B3G1', 0, '<p>With 1/4 moisturising cream, Dove Care &amp; Protect Beauty Bar, helps skin stay moisturised and does not dry out skin like regular soaps. Dove Care &amp; Protect Beauty Bar effectively washes away germs. Dove Care &amp; Protect Beauty Bar leaves skin feeling softer, smoother and more glowing. Dove Care &amp; Protect Beauty Bar is pH balanced and mild on skin.&nbsp;</p>\r\n', '', '', '', 305.00, '', '', NULL, '1', NULL),
(274, '52', '49', '357', '', 'DOVE BATHING SOAP PINK 3*125G', 0, '<p>Dove with &frac14; moisturizing cream gives you even toned nourished skin for 24hrs. Dove has pH balanced formula, which makes it gentle on skin and suitable for all skin types. Dove is the No.1 Soap Brand tested by Dermatologists. Dove is free of parabens, sulphates and phthalates with no harmful components to make your skin feel nourished and moisturised all day long.</p>\r\n', '', '', '', 339.00, '', '', NULL, '1', NULL),
(275, '52', '49', '315', '', 'DOVE SENSITIVE 125G*3', 0, '<p>Dove Advanced Sensitive Care Bar helps strengthen weakened skin barrier and replenishes skin nutrients for healthy, resilient skin. Has Ceramide - Nutrient Cream. with 100% Skin Natural Ingredients. No Parabens, Dyes, Phthalates. Hypoallergenic Formula.&nbsp;</p>\r\n', '', '', '', 299.00, '', '', NULL, '1', NULL),
(276, '52', '49', '32', '', 'GLOW  & LOVELY BATHING SOAP MULTIVITAMIN 75G', 0, '<p>Glowing skin soap. Fair and lovely now in a soap. Gentle to skin. For all skin types. Maximum shelf life: 24 months. Now get glowing skin with a soap. Infused with multivitamins. Get glowing skin everyday with our proven formula. The product comes in safe package. The product will be an excellent pick for you.&nbsp;</p>\r\n', '', '', '', 30.50, '', '', NULL, '1', NULL),
(277, '52', '49', '220', '', 'HAMAM TURMERIC 3*150G MLP', 0, '<p>Enriched with 100% real Turmeric particles. Captures a time-honoured ritual of homemade scrubs renowned for imparting a natural glow, now seamlessly integrated into daily skincare routine for your natural radiant complexion. Turmeric, known for its anti-inflammatory and healing properties, provides a gentle exfoliation to reveal brighter, glowing skin naturally.</p>\r\n', '', '', '', 209.00, '', '', NULL, '1', NULL),
(278, '52', '49', '305', '', 'LIFEBUOY GERM GUARD SOAP 125G PACK OF 7', 0, '<p>Lifebuoy is the World&rsquo;s Number 1 Selling Germ Protection Soap. Lifebuoy Silver Shield Formula - the powerful germ protection formula to fight against stronger germs. Lifebuoy Total 10 Soap gives you 100% stronger germ protection (As per lab test on indicator organism vs soap bar without actives).&nbsp;</p>\r\n', '', '', '', 289.00, '', '', NULL, '1', NULL),
(279, '52', '49', '101', '', 'DOVE SENSITIVE 125G', 0, '<p>Dove Advanced Sensitive Care Bar helps strengthen weakened skin barrier and replenishes skin nutrients for healthy, resilient skin. Has Ceramide - Nutrient Cream. with 100% Skin Natural Ingredients. No Parabens, Dyes, Phthalates. Hypoallergenic Formula.&nbsp;</p>\r\n', '', '', '', 96.00, '', '', NULL, '1', NULL),
(280, '52', '49', '60', '', 'PEARS NATURAL VITAMIN C 100G', 0, '<p>GOODNESS OF 100% NATURAL INGREDIENTS &ndash; Inspired by goodness of nature, Pears Naturale Vitamin C bathing bar contains 100% natural Yuzu Lemon extract, Vitamin C and Honey extract, for naturally glowing skin. Infused with Vitamin C a potent antioxidant known to helps enhance skin.&nbsp;&nbsp;</p>\r\n', '', '', '', 58.50, '', '', NULL, '1', NULL),
(281, '62', '52', '175', '', 'KISSAN SQUASH PINEAPPLE 750ML', 0, '<p>Made with 100% real fruit ingredients. Is easy to pour and can have it on a hot summer day. Enjoy it best with iced tea, milk shake or lassi. Turns boring drink into interesting fruity one. Burst of real fruits in every sip. Carefully sealed in impermeable packaging to retain the best flavour and taste of product.&nbsp;</p>\r\n', '', '', '', 169.00, '', '', NULL, '1', NULL),
(282, '62', '52', '175', '', 'KISSAN SQYASH ORANGE 750ML', 0, '<p>Made with 100% real fruit ingredients. Is easy to pour and can have it on a hot summer day. Enjoy it best with iced tea, milk shake or lassi. Turns boring drink into interesting fruity one. Burst of real fruits in every sip. Carefully sealed in impermeable packaging to retain the best flavour and taste of product.&nbsp;</p>\r\n', '', '', '', 169.00, '', '', NULL, '1', NULL),
(283, '62', '52', '175', '', 'KISSAN SQUASH MANGO 750ML', 0, '<p>Made with 100% real fruit ingredients. Is easy to pour and can have it on a hot summer day. Enjoy it best with iced tea, milk shake or lassi. Turns boring drink into interesting fruity one. Burst of real fruits in every sip. Carefully sealed in impermeable packaging to retain the best flavour and taste of product.&nbsp;</p>\r\n', '', '', '', 169.00, '', '', NULL, '1', NULL),
(284, '59', '57', '10', '', 'VIM DISHWASH BAR 125G', 0, '<p>With the power of 100 lemons. Remove odour of vessels and give lemon fragrance. Tough on stains, gentle on your hands. Removes stains easily. Age Range Description: All Life Stages. Vim Lemon Dishwash Bar,&nbsp; removes the toughest grease and gives you a pleasant cleaning experience with its refreshing lemon fragrance.&nbsp;</p>\r\n', '', '', '', 9.50, '', '', NULL, '1', NULL),
(285, '59', '57', ' 5', '', 'VIM DISHWASH BAR 75G', 0, '<p>With the power of 100 lemons. Remove odour of vessels and give lemon fragrance. Tough on stains, gentle on your hands. Removes stains easily. Age Range Description: All Life Stages. Vim Lemon Dishwash Bar, removes the toughest grease and gives you a pleasant cleaning experience with its refreshing lemon fragrance.&nbsp;</p>\r\n\r\n<p>&nbsp;</p>\r\n\r\n<p>&nbsp;</p>\r\n', '', '', '', 4.75, '', '', NULL, '1', NULL),
(286, '59', '57', '30', '', 'VIM DISHWASH BAR 300G', 0, '<p>With the power of 100 lemons. Remove odour of vessels and give lemon fragrance. Tough on stains, gentle on your hands. Removes stains easily. Age Range Description: All Life Stages. Vim Lemon Dishwash Bar, removes the toughest grease and gives you a pleasant cleaning experience with its refreshing lemon fragrance.&nbsp;</p>\r\n', '', '', '', 28.50, '', '', NULL, '1', NULL),
(287, '59', '57', '65', '', 'VIM DISHWASH BAR 3*200G', 0, '<p>With the power of 100 lemons. Remove odour of vessels and give lemon fragrance. Tough on stains, gentle on your hands. Removes stains easily. Age Range Description: All Life Stages. Vim Lemon Dishwash Bar, removes the toughest grease and gives you a pleasant cleaning experience with its refreshing lemon fragrance.&nbsp;</p>\r\n\r\n<p>&nbsp;</p>\r\n\r\n<p>&nbsp;</p>\r\n', '', '', '', 63.50, '', '', NULL, '1', NULL),
(288, '59', '57', '55', '', 'VIM DISHWASH GEL LIQUID LEMON ', 0, '<p>It can safely be used to clean expensive crockery and cookware as it does not leave scratches. It has a superior fragrance that lasts long after rinsing utensils.It is soft on hands. Vim Dishwash Liquid Gel is available in different sizes and packaging in the market which include bottles and pouch packs.&nbsp;</p>\r\n', '', '', '', 53.50, '', '', NULL, '1', NULL),
(289, '59', '57', '15', '', 'VIM DISHWASH GEL LIQUID LEMON 115ML', 0, '<p>It can safely be used to clean expensive crockery and cookware as it does not leave scratches. It has a superior fragrance that lasts long after rinsing utensils.It is soft on hands. Vim Dishwash Liquid Gel is available in different sizes and packaging in the market which include bottles and pouch packs.&nbsp;</p>\r\n', '', '', '', 14.30, '', '', NULL, '1', NULL),
(290, '59', '57', '125', '', 'VIM DISHWASH GEL LIQUID LEMON 250ML', 0, '<p>It can safely be used to clean expensive crockery and cookware as it does not leave scratches. It has a superior fragrance that lasts long after rinsing utensils.It is soft on hands. Vim Dishwash Liquid Gel is available in different sizes and packaging in the market which include bottles and pouch packs.&nbsp;</p>\r\n', '', '', '', 120.00, '', '', NULL, '1', NULL),
(291, '59', '57', '199', '', 'VIM DISHWASH GEL LIQUID LEMON 500ML', 0, '<p>It can safely be used to clean expensive crockery and cookware as it does not leave scratches. It has a superior fragrance that lasts long after rinsing utensils.It is soft on hands. Vim Dishwash Liquid Gel is available in different sizes and packaging in the market which include bottles and pouch packs.&nbsp;</p>\r\n', '', '', '', 189.00, '', '', NULL, '1', NULL),
(292, '59', '57', '99', '', 'VIM DISHWASH GEL LIQUID LEMON ', 0, '<p>It can safely be used to clean expensive crockery and cookware as it does not leave scratches. It has a superior fragrance that lasts long after rinsing utensils.It is soft on hands. Vim Dishwash Liquid Gel is available in different sizes and packaging in the market which include bottles and pouch packs.&nbsp;</p>\r\n', '', '', '', 96.00, '', '', NULL, '1', NULL),
(293, '59', '57', '205', '', 'VIM DISHWASH GEL LIQUID LEMON 1LTR', 0, '<p>It can safely be used to clean expensive crockery and cookware as it does not leave scratches. It has a superior fragrance that lasts long after rinsing utensils.It is soft on hands. Vim Dishwash Liquid Gel is available in different sizes and packaging in the market which include bottles and pouch packs.&nbsp;</p>\r\n\r\n<p>&nbsp;</p>\r\n\r\n<p>&nbsp;</p>\r\n', '', '', '', 199.00, '', '', NULL, '1', NULL),
(294, '59', '57', '1', '', 'VIM DISHWASH GEL LIQUID LEMON ', 0, '<p>It can safely be used to clean expensive crockery and cookware as it does not leave scratches. It has a superior fragrance that lasts long after rinsing utensils.It is soft on hands. Vim Dishwash Liquid Gel is available in different sizes and packaging in the market which include bottles and pouch packs.&nbsp;</p>\r\n\r\n<p>&nbsp;</p>\r\n\r\n<p>&nbsp;</p>\r\n', '', '', '', 0.95, '', '', NULL, '1', NULL),
(295, '59', '57', '10', '', 'VIM DISHWASH BAR ANTI SMELL 130G', 0, '<p>Powerful dishwashing bar with the power of pudina. Effortlessly cuts away tough grease residue. Offers superior cleaning. Effectively removes food smell, leaving behind pleasant fragrance. Gives sparkling clean utensils with a fresh scent.&nbsp;</p>\r\n', '', '', '', 9.50, '', '', NULL, '1', NULL),
(296, '59', '57', '29', '', 'VIM DISHWASH BAR ANTI SMELL 250G', 0, '<p>Powerful dishwashing bar with the power of pudina. Effortlessly cuts away tough grease residue. Offers superior cleaning. Effectively removes food smell, leaving behind pleasant fragrance. Gives sparkling clean utensils with a fresh scent.&nbsp;</p>\r\n', '', '', '', 28.00, '', '', NULL, '1', NULL),
(297, '59', '57', '130', '', 'VIM DISHWASH BAR ANTI SMELL 2*200G', 0, '<p>Powerful dishwashing bar with the power of pudina. Effortlessly cuts away tough grease residue. Offers superior cleaning. Effectively removes food smell, leaving behind pleasant fragrance. Gives sparkling clean utensils with a fresh scent.&nbsp;</p>\r\n', '', '', '', 125.00, '', '', NULL, '1', NULL),
(298, '59', '57', '32', '', 'VIM DISHWASH BAR TUP 250G', 0, '<p>Provides a pleasant cleaning experience with its refreshing lemon fragrance that lasts long after rinsing utensils.It is safe on hands and can be used on all kinds of utensils. Vim Dishwash Bar is the No.1 dishwash brand in India.The pack comes with a sturdy tub that minimises wastage and makes it last longer than non-tub bars.The pack has a free scrubber inside.</p>\r\n', '', '', '', 29.50, '', '', NULL, '1', NULL),
(299, '59', '57', '60', '', 'VIM DISHWASH BAR TUB 500G', 0, '<p>Provides a pleasant cleaning experience with its refreshing lemon fragrance that lasts long after rinsing utensils.It is safe on hands and can be used on all kinds of utensils. Vim Dishwash Bar is the No.1 dishwash brand in India.The pack comes with a sturdy tub that minimises wastage and makes it last longer than non-tub bars.The pack has a free scrubber inside.</p>\r\n', '', '', '', 57.50, '', '', NULL, '1', NULL),
(300, '59', '57', '60', '', 'VIM GEL SHUDHHAM 100ML', 0, '<p>Vim Shudham Copper Brass and Silver Gel Cleaner this solution is made to dissolve the toughest grease clogged up on diyas, lamps, or idols. Reaches intricate corners. Easily reaches all possible corners as it is a spray. Power of tamarind. The cleaning properties of tamarind make sure to clean every inch and corner of the vessel, idol or diya. Contains soothing Sandalwood fragrance.&nbsp;</p>\r\n', '', '', '', 58.00, '', '', NULL, '1', NULL),
(301, '59', '57', '175', '', 'VIM SCRUB MAGIC PACK OF 5', 0, '<p>Unlock the cleaning power of 2 in 1 with Vim&#39;s new revolutionary Scrubmagic. Tough, tougher, toughest- go from greasy to easy peasy. The steel-knitted cloth cleans old, sticky or burnt food stains faster than regular scrubbers.&nbsp;</p>\r\n', '', '', '', 165.00, '', '', NULL, '1', NULL),
(302, '59', '57', '120', '', 'VIM FC ULTRAPRO LEMONGRASS 500ML', 0, '<p>Refreshing Fragrance: Indulge in the invigorating scent of lemongrass with this floor cleaner.Effective Cleaning: Formulated to effectively remove dirt, grime, and stains from hard floors.Convenient Size: Comes in a 500ml bottle for easy handling and storage.Versatile Usage: Suitable for cleaning various types of hard floors.</p>\r\n', '', '', '', 115.00, '', '', NULL, '1', NULL),
(303, '59', '57', '240', '', 'VIM FC ULTRAPRO LEMONGRASS 1L', 0, '<p>Refreshing Fragrance: Indulge in the invigorating scent of lemongrass with this floor cleaner.Effective Cleaning: Formulated to effectively remove dirt, grime, and stains from hard floors.Convenient Size: Comes in a 500ml bottle for easy handling and storage.Versatile Usage: Suitable for cleaning various types of hard floors.</p>\r\n\r\n<p>&nbsp;</p>\r\n\r\n<p>&nbsp;</p>\r\n', '', '', '', 225.00, '', '', NULL, '1', NULL),
(304, '59', '57', '120', '', 'VIM FC ULTRAPRO LAVENDAR 500ML', 0, '<p>Vim Ultra Pro Floor Cleaner is a powerful cleaning solution designed to tackle tough stains and dirt on a variety of floor surfaces. With its advanced formula, it leaves floors spotless, shiny, and germ-free, ensuring a hygienic environment for your home. Suitable for use on tiles, marble, granite, and more, this floor cleaner provides a fresh, pleasant fragrance while delivering superior cleaning performance.&nbsp;</p>\r\n', '', '', '', 113.00, '', '', NULL, '1', NULL),
(305, '59', '57', '240', '', 'VIM FC ULTRAPRO LAVENDAR 1L', 0, '<p>Vim Ultra Pro Floor Cleaner is a powerful cleaning solution designed to tackle tough stains and dirt on a variety of floor surfaces. With its advanced formula, it leaves floors spotless, shiny, and germ-free, ensuring a hygienic environment for your home. Suitable for use on tiles, marble, granite, and more, this floor cleaner provides a fresh, pleasant fragrance while delivering superior cleaning performance.&nbsp;</p>\r\n', '', '', '', 225.00, '', '', NULL, '1', NULL),
(306, '59', '57', '29', '', 'VIM DISHWASH BAR ANTI BACTERIA 250G', 0, '<p>Experience an easy dish-washing experience with Vim Extra Anti Bac Neem Dishwash Bar as it effectively removes tough stains and grease from the utensils. This bar is soft on your hands and gives you sparkling clean dishes while leaving behind a pleasant fragrance.&nbsp;</p>\r\n', '', '', '', 27.50, '', '', NULL, '1', NULL),
(307, '59', '57', '65', '', 'VIM BAR TUBS ANTI-SMELL 500G', 0, '', '', '', '', 61.00, '', '', NULL, '1', NULL),
(308, '59', '57', '150', '', 'VIM GEL SUDHAM 250ML', 0, '<p>Vim Shudham Copper Brass and Silver Gel Cleaner this solution is made to dissolve the toughest grease clogged up on diyas, lamps, or idols. Reaches intricate corners. Easily reaches all possible corners as it is a spray. Power of tamarind. The cleaning properties of tamarind make sure to clean every inch and corner of the vessel, idol or diya. Contains soothing Sandalwood fragrance.&nbsp;</p>\r\n', '', '', '', 142.00, '', '', NULL, '1', NULL),
(309, '59', '57', '525', '', 'VIM DISHWASH GEL ANTI BACTERIA 2LTR', 0, '<p>Vim is the No.1 dishwash brand in India.Vim Anti Bac Liquid with Neem Extract is a powerful formulation which helps to remove 99% harmful germs from your utensils (based on the lab test on select bacteria). It is dark green in colour and has unique neem fragrance. It helps to keep your family hygienic and safe from harmful germs.&nbsp;</p>\r\n\r\n<p>&nbsp;</p>\r\n', '', '', '', 499.00, '', '', NULL, '1', NULL),
(310, '59', '57', '249', '', 'VIM DISHWASH GEL ANTI BACTERIA 750ML', 0, '<p>Vim is the No.1 dishwash brand in India.Vim Anti Bac Liquid with Neem Extract is a powerful formulation which helps to remove 99% harmful germs from your utensils (based on the lab test on select bacteria). It is dark green in colour and has unique neem fragrance. It helps to keep your family hygienic and safe from harmful germs.&nbsp;</p>\r\n\r\n<p>&nbsp;</p>\r\n\r\n<p>&nbsp;</p>\r\n', '', '', '', 239.00, '', '', NULL, '1', NULL),
(311, '59', '57', '205', '', 'VIM ANTI SMELL LIQUID POUCH 850ML', 0, '<p>It can safely be used to clean expensive crockery and cookware as it does not leave scratches. It has a superior fragrance that lasts long after rinsing utensils. It is soft on hands. Vim Dishwash Liquid Gel is available in different sizes and packaging in the market which include bottles and pouch packs.&nbsp;</p>\r\n', '', '', '', 199.00, '', '', NULL, '1', NULL),
(312, '59', '57', '25', '', 'VIM LIQUID 200ML POUCH', 0, '<p>Vim gel has the power of 100 lemons, which helps clean dishes easily. Unlike dishwash bars, Vim gel leaves no white residue and leaves your utensils sparkling clean. Vim gel is so strong that only 1 spoonfull cleans an entire sinkfull of dirty utensils. Vim gel gives you a pleasent cleaning experience with its refreshing lemon fragrance.&nbsp;</p>\r\n', '', '', '', 24.00, '', '', NULL, '1', NULL),
(313, '52', '56', '30', '', 'GLOW & LOVELY FACEWASH FAIRNESS 20G', 0, '<p>Presenting Glow &amp; Lovely Insta Glow face wash (Formerly know as Fair &amp; Lovely) Enriched with a multivitamin like Vitamin B3, C &amp; E to nourish and moisturise from within instantly to give you a glow. Deep cleanses to remove dirt and pollution from deep within your skin with every wash. Exfoliates to remove dead skin cells and helps remove bacteria causing germs to unclog pores with every wash.&nbsp;</p>\r\n', '', '', '', 28.50, '', '', NULL, '1', NULL),
(314, '52', '56', '79', '', 'GLOW & LOVELY FACEWASH FAIRNESS 50G', 0, '<p>Presenting Glow &amp; Lovely Insta Glow face wash (Formerly know as Fair &amp; Lovely) Enriched with a multivitamin like Vitamin B3, C &amp; E to nourish and moisturise from within instantly to give you a glow. Deep cleanses to remove dirt and pollution from deep within your skin with every wash. Exfoliates to remove dead skin cells and helps remove bacteria causing germs to unclog pores with every wash.&nbsp;</p>\r\n', '', '', '', 75.00, '', '', NULL, '1', NULL),
(315, '52', '56', '160', '', 'GLOW & LOVELY FACEWASH FAIRNESS 100G', 0, '<p>Presenting Glow &amp; Lovely Insta Glow face wash (Formerly know as Fair &amp; Lovely) Enriched with a multivitamin like Vitamin B3, C &amp; E to nourish and moisturise from within instantly to give you a glow. Deep cleanses to remove dirt and pollution from deep within your skin with every wash. Exfoliates to remove dead skin cells and helps remove bacteria causing germs to unclog pores with every wash.&nbsp;</p>\r\n', '', '', '', 149.00, '', '', NULL, '1', NULL),
(316, '52', '56', '299', '', 'GLOW & LOVELY FACE WASH 150G', 0, '<p>Bright glowing skin, instantly Glow &amp; Lovely Insta Glow Facewash (Formerly know as Fair &amp; Lovely). Deep cleanse to help remove dirt and bacteria causing germs to unclog pores. Washes away all skin impurities and boosts skin defence. Formulated with Vitamin B3, C &amp; E to nourish and moisturise.&nbsp;&nbsp;</p>\r\n', '', '', '', 270.00, '', '', NULL, '1', NULL),
(317, '52', '56', '299', '', 'GLOW & LOVELY VIT C FACE WASH 150G', 0, '<p>Bright C Glow face wash helps cleanse and clear skin to be visibly brighter skin in just 7 days. With 5x brightening complex containing VitaminC, this facial wash helps to fade away dark spots and maintain radiant skin. Compared to other Unilever facial cleansers.</p>\r\n', '', '', '', 270.00, '', '', NULL, '1', NULL),
(318, '52', '56', '175', '', 'GLOW & LOVELY VIT C FACE WASH 100G', 0, '<p>Bright C Glow face wash helps cleanse and clear skin to be visibly brighter skin in just 7 days. With 5x brightening complex containing VitaminC, this facial wash helps to fade away dark spots and maintain radiant skin. Compared to other Unilever facial cleansers.</p>\r\n', '', '', '', 165.00, '', '', NULL, '1', NULL),
(319, '52', '56', '85', '', 'GLOW & LOVELY VIT C FACE WASH 50G', 0, '<p>Bright C Glow face wash helps cleanse and clear skin to be visibly brighter skin in just 7 days. With 5x brightening complex containing VitaminC, this facial wash helps to fade away dark spots and maintain radiant skin. Compared to other Unilever facial cleansers.</p>\r\n\r\n<p>&nbsp;</p>\r\n\r\n<p>&nbsp;</p>\r\n\r\n<p>&nbsp;</p>\r\n\r\n<p>&nbsp;</p>\r\n', '', '', '', 79.00, '', '', NULL, '1', NULL),
(320, '52', '56', '99', '', 'GLOW & LOVELY FACE POWDER 30G', 0, '<p>Fair &amp; lovely cream has now changed its name to Glow &amp; Lovely cream.&nbsp; Available in 3 variants winter Glow Ayurvedic care and advanced multi vitamin cream. A daily moisturizer that gives you a radint glow_skin clarity,brightness, and radiance. Advanced multivitamin formula goes 15 lays deep to brighten skin cells and give you glow.&nbsp;</p>\r\n', '', '', '', 94.00, '', '', NULL, '1', NULL),
(321, '52', '56', '10', '', 'GLOW & LOVELY CREAM ADVANCED MULTI VITAMIN 9G', 0, '<p>MULTIVITAMIN CREAM: Glow and Lovely Advanced Multivitamin Cream is a powerful face cream for women. It is enriched with Vitamins B3, C and E that work like a skin expert to give you a radiant and natural glow, promoting skin clarity and brightened complexion.</p>\r\n', '', '', '', 9.50, '', '', NULL, '1', NULL),
(322, '52', '56', '25', '', 'GLOW & LOVELY CREAM ADVANCED MULTI VITAMIN 15G', 0, '<p>MULTIVITAMIN CREAM: Glow and Lovely Advanced Multivitamin Cream is a powerful face cream for women. It is enriched with Vitamins B3, C and E that work like a skin expert to give you a radiant and natural glow, promoting skin clarity and brightened complexion.</p>\r\n', '', '', '', 23.80, '', '', NULL, '1', NULL),
(323, '52', '56', '68', '', 'GLOW & LOVELY CREAM ADVANCED MULTI VITAMIN 25G', 0, '<p>MULTIVITAMIN CREAM: Glow and Lovely Advanced Multivitamin Cream is a powerful face cream for women. It is enriched with Vitamins B3, C and E that work like a skin expert to give you a radiant and natural glow, promoting skin clarity and brightened complexion.</p>\r\n\r\n<p>&nbsp;</p>\r\n\r\n<p>&nbsp;</p>\r\n', '', '', '', 64.00, '', '', NULL, '1', NULL),
(324, '52', '56', '130', '', 'GLOW & LOVELY CREAM ADVANCED MULTI VITAMIN 50G', 0, '<p>MULTIVITAMIN CREAM: Glow and Lovely Advanced Multivitamin Cream is a powerful face cream for women. It is enriched with Vitamins B3, C and E that work like a skin expert to give you a radiant and natural glow, promoting skin clarity and brightened complexion.</p>\r\n', '', '', '', 125.00, '', '', NULL, '1', NULL),
(325, '52', '56', '199', '', 'GLOW & LOVELY CREAM ADVANCED MULTI VITAMIN 80G', 0, '<p>MULTIVITAMIN CREAM: Glow and Lovely Advanced Multivitamin Cream is a powerful face cream for women. It is enriched with Vitamins B3, C and E that work like a skin expert to give you a radiant and natural glow, promoting skin clarity and brightened complexion.</p>\r\n', '', '', '', 189.00, '', '', NULL, '1', NULL),
(326, '52', '56', '299', '', 'GLOW & LOVELY CREAM ADVANCED MULTI VITAMIN 110G', 0, '<p>MULTIVITAMIN CREAM: Glow and Lovely Advanced Multivitamin Cream is a powerful face cream for women. It is enriched with Vitamins B3, C and E that work like a skin expert to give you a radiant and natural glow, promoting skin clarity and brightened complexion.</p>\r\n', '', '', '', 279.00, '', '', NULL, '1', NULL);
INSERT INTO `product` (`product_id`, `organic_menu_id`, `sub_category_id`, `mrp_price`, `product_kg`, `product_name`, `product_quantity`, `product_description`, `product_ingredients`, `product_usage`, `product_features`, `product_price`, `distributer_price`, `distributer_commission`, `product_image`, `status`, `s.no`) VALUES
(327, '52', '56', '10', '', 'GLOW & LOVELY GLASS BRIGHT 7G', 0, '<p>Apply evenly on a cleansed face for best result use with Glow &amp; Lovely bright Glow facewash.&nbsp;</p>\r\n', '', '', '', 9.40, '', '', NULL, '1', NULL),
(328, '52', '56', '88', '', 'GLOW & LOVELY CREAM AYURVEDIC 25G', 0, '<p>Glow &amp; Lovely Ayurvedic Care + Face cream, formerly known as Fair &amp; Lovely, is a daily moisturiser powered by 16 ingredients to give you a natural glow. It has the goodness of Milk, Chandan and Wheatgerm oil that clears uneven skin tone.&nbsp;</p>\r\n', '', '', '', 85.00, '', '', NULL, '1', NULL),
(329, '52', '56', '160', '', 'GLOW & LOVELY CREAM AYURVEDIC 50G', 0, '<p>Glow &amp; Lovely Ayurvedic Care + Face cream, formerly known as Fair &amp; Lovely, is a daily moisturiser powered by 16 ingredients to give you a natural glow. It has the goodness of Milk, Chandan and Wheatgerm oil that clears uneven skin tone.&nbsp;</p>\r\n', '', '', '', 155.00, '', '', NULL, '1', NULL),
(330, '52', '56', '75', '', 'GLOW & LOVELY GLASS BRIGHT 23G', 0, '<p>Apply evenly on a cleansed face for best result use with Glow &amp; Lovely bright Glow facewash.&nbsp;</p>\r\n', '', '', '', 72.00, '', '', NULL, '1', NULL),
(331, '52', '56', '90', '', 'GLOW  & HANDSOME CREAM INSTANT FAIRNESS REPID ACTION 25G', 0, '<p>Men&#39;s Fair &amp;Lovely is now Glow &amp; Handsome. It protects from Sun Damage, while reducing spots &amp; marks. It delivers Instant brightness and even tone skin. Clinically proven formula has multivitamin boost and UV Filters Safe to use daily. Dermatologist tested. Target Gender: Male</p>\r\n', '', '', '', 85.00, '', '', NULL, '1', NULL),
(332, '52', '56', '199', '', 'GLOW & HANDSOME FACEWASH INSTANT FACEWASH', 0, '<p>Men&#39;s Fair &amp;Lovely is now Glow &amp; Handsome. It protects from Sun Damage, while reducing spots &amp; marks. It delivers Instant brightness and even tone skin. Clinically proven formula has multivitamin boost and UV Filters Safe to use daily. Dermatologist tested. Target Gender: Male.&nbsp;</p>\r\n\r\n<p>&nbsp;</p>\r\n\r\n<p>&nbsp;</p>\r\n', '', '', '', 179.00, '', '', NULL, '1', NULL),
(334, '52', '56', '299', '', 'GLOW & LOVELY VIT C FACE WASH 150G', 0, '<p>Bright C Glow face wash helps cleanse and clear skin to be visibly brighter skin in just 7 days.With 5x brightening complex&nbsp; containing VitaminC, this facial wash helps to fade away dark spots and maintain radiant skin. Compared to other Unilever facial cleansers.</p>\r\n', '', '', '', 270.00, '', '', NULL, '1', NULL),
(335, '52', '56', '339', '', 'PONDS SUN SPF 50G A GEL', 0, '<p>Dual Sunscreen with the power of SPF and Niacinamide-Vitamin C. UV protection and reduces sun damage. Helps fade tan and sun spots. Brightens for even-toned glow. Ultra light, Leaves no white cast or residue behind. Suitable for all skin types.&nbsp;</p>\r\n', '', '', '', 305.00, '', '', NULL, '1', NULL),
(336, '52', '56', '99', '', 'PONDS MASK SHEET HYDRATING COCONUT 25ML', 0, '<p>100% Natural Coconut extract; With vitamin C, For Dewy, Radiant &amp; Purified Skin. 15X Moisturising Serum for an Instant Glow. Alcohol Free and Paraben Free. 100% Biodegradable Sheet Mask.&nbsp; &nbsp; &nbsp; &nbsp; &nbsp; Ingredients: Castor Oil.&nbsp;</p>\r\n', '', '', '', 92.00, '', '', NULL, '1', NULL),
(337, '52', '56', '65', '', 'PONDS TALCUM POWDER DREAMFLOW 50G', 0, '<p>&nbsp;</p>\r\n\r\n<p>Ponds Dreamflower Talcum powder Envelopes you with Alluring Aroma and sparkle. This Gentle powder softly careless your skin while providing long lasting protection.&nbsp;</p>\r\n', '', '', '', 62.00, '', '', NULL, '1', NULL),
(338, '52', '56', '10', '', 'PONDS TALCUM POWDER DREAMFLOW 23G', 0, '<p>Ponds Dreamflower Talcum powder Envelopes you with Alluring Aroma and sparkle. This Gentle powder softly careless your skin while providing long lasting protection.&nbsp;</p>\r\n', '', '', '', 9.50, '', '', NULL, '1', NULL),
(339, '52', '56', '125', '', 'PONDS TALCUM POWDER DREAMFLOW 100G', 0, '<p>Ponds Dreamflower Talcum powder Envelopes you with Alluring Aroma and sparkle. This Gentle powder softly careless your skin while providing long lasting protection.&nbsp;</p>\r\n\r\n<p>&nbsp;</p>\r\n\r\n<p>&nbsp;</p>\r\n', '', '', '', 118.00, '', '', NULL, '1', NULL),
(340, '52', '56', '260', '', 'PONDS TALCUM POWDER DREAMFLOW 200G', 0, '<p>Ponds Dreamflower Talcum powder Envelopes you with Alluring Aroma and sparkle. This Gentle powder softly careless your skin while providing long lasting protection.&nbsp;</p>\r\n', '', '', '', 245.00, '', '', NULL, '1', NULL),
(341, '52', '56', '415', '', 'PONDS TALCUM POWDER DREAMFLOW 400G', 0, '<p>Ponds Dreamflower Talcum powder Envelopes you with Alluring Aroma and sparkle. This Gentle powder softly careless your skin while providing long lasting protection.&nbsp;</p>\r\n', '', '', '', 385.00, '', '', NULL, '1', NULL),
(342, '52', '56', '9', '', 'PONDS TALCUM POWDER DREAM FLOWER PINK LILY 20G', 0, '<p>Helps you stay fresh &amp; keep skin soft &amp; smooth throughout the day. Prevents body odour by absorbing sweat and fighting bacteria. Soothes &amp; cools to give freshness in seconds.&nbsp; Removes excess oil secretion on the face leading to an even tone skin.</p>\r\n', '', '', '', 8.50, '', '', NULL, '1', NULL),
(343, '52', '56', '10', '', 'PONDS CREAM WHITE BEAUTY DAILY SPOT LESS FAIRNESS 7G', 0, '<p>This fairness cream works from inside-out with non-oily, light feel. Genwhite active absorbs deep to fade away spots and dullness at the source and anti- oxidant lightening action on dark circles, discover fairness that glows. Daily anti-spot fairness cream with UVA and UVB sunscreens</p>\r\n', '', '', '', 9.40, '', '', NULL, '1', NULL),
(344, '52', '56', '90', '', 'PONDS CREAM WHITE BEAUTY SPOT LESS FAIRNESS DAY 23G', 0, '<p>This fairness cream works from inside-out with non-oily , light feel.Inside: Genwhite active absorbs deep to fade away spots and dullness at the source and anti- oxidant lightening action on dark circles. Outside: Discover fairness that glows. Daily anti-spot fairness cream with UVA and UVB sunscreens</p>\r\n', '', '', '', 84.00, '', '', NULL, '1', NULL),
(345, '52', '56', '10', '', 'PONDS TALCUM POWDER SANDAL 15G ', 0, '<p>Infused with real sandalwood oil ponds sandal Radiance. Talcum powder gives you a Radiant skin look with fragrance of sandalwood. Infused&nbsp; with natural sunscreen, it helps protect your skin.&nbsp;</p>\r\n', '', '', '', 9.50, '', '', NULL, '1', NULL),
(346, '52', '56', '77', '', 'PONDS TALCUM POWDER SANDAL 50G', 0, '<p>Infused with the goodness of Sandalwood.<br />\r\nIts soft and smooth micro talc that helps absorb sweat &amp; prevents body odour. Removes excess oil secretion on the face leading to an even tone skin. Makes your face look brighter instantly</p>\r\n', '', '', '', 73.00, '', '', NULL, '1', NULL),
(347, '52', '56', '415', '', 'PONDS TALCUM POWDER SANDAL 300G', 0, '<p>Infused with the goodness of Sandalwood.<br />\r\nIts soft and smooth micro talc that helps absorb sweat &amp; prevents body odour. Removes excess oil secretion on the face leading to an even tone skin. Makes your face look brighter instantly</p>\r\n', '', '', '', 385.00, '', '', NULL, '1', NULL),
(348, '52', '56', '10', '', 'PONDS TALCUM POWDER DREAMFLOW MAGIC 20G', 0, '<p>New and improved POND&#39;S Dreamflower Talc is infused with fragrance like a 1000 Lillies to give you an instant burst of freshness. The formula enriched with vitamin B3, helps give you a glowing skin look. With soft and smooth micro talc that helps absorb sweat while giving you a perfume-like fragrance throughout the skin.&nbsp;</p>\r\n', '', '', '', 9.50, '', '', NULL, '1', NULL),
(349, '52', '56', '75', '', 'PONDS TALCUM POWDER DREAMFLOW MAGIC 50G', 0, '<p>New and improved POND&#39;S Dreamflower Talc is infused with fragrance like a 1000 Lillies to give you an instant burst of freshness. The formula enriched with vitamin B3, helps give you a glowing skin look. With soft and smooth micro talc that helps absorb sweat while giving you a perfume-like fragrance throughout the skin.&nbsp;</p>\r\n', '', '', '', 73.00, '', '', NULL, '1', NULL),
(350, '52', '56', '145', '', 'PONDS TALCUM POWDER DREAMFLOW MAGIC 100G', 0, '<p>Infused with the fragrance of Acacia Honey<br />\r\nIts soft and smooth micro talc that helps absorb sweat &amp; prevents body odour. Removes excess oil secretion on the face leading to an even tone skin. Makes your face look brighter instantly</p>\r\n', '', '', '', 138.00, '', '', NULL, '1', NULL),
(351, '52', '56', '459', '', 'PONDS TALCUM POWDER DREAMFLOW MAGIC 400G', 0, '<p>&nbsp;Infused with the fragrance of Acacia Honey Its soft and smooth micro talc that helps absorb sweat &amp; prevents body odour. Removes excess oil secretion on the face leading to an even tone skin. Makes your face look brighter instantly.&nbsp;</p>\r\n', '', '', '', 425.00, '', '', NULL, '1', NULL),
(352, '52', '56', '55', '', 'PONDS CREAM WHITE BEAUTY FAIRNESS 12G', 0, '<p>Make your skin look its best with Pond&#39;s white beauty daily spot-less whitening cream. This cream is designed to provide you multifaceted benefits. It not only makes your skin look lighter but also reduces dark spots. You can make your skin look radiant and bright with the regular use of this cream that is has SPF 15 to protect the skin against the harmful effects of UV rays.&nbsp;</p>\r\n', '', '', '', 52.00, '', '', NULL, '1', NULL),
(353, '52', '56', '330', '', 'PONDS CREAM WHITE BEAUTY FAIRNESS 50G', 0, '<p>Make your skin look its best with Pond&#39;s white beauty daily spot-less whitening cream. This cream is designed to provide you multifaceted benefits. It not only makes your skin look lighter but also reduces dark spots. You can make your skin look radiant and bright with the regular use of this cream that is has SPF 15 to protect the skin against the harmful effects of UV rays.&nbsp;</p>\r\n', '', '', '', 299.00, '', '', NULL, '1', NULL),
(354, '52', '56', '5', '', 'PONDS COLD CREAM MOISTURISING 8G', 0, '<p>With vital beauty oils and ten skin nutrients, this moisturising cream prevents dry skin by leaving it soft and supple. The glycerin works on giving you softness from inside and a glowing skin outside while you never have to worry about dry lines and patches again. You will definitely love to touch your soft and smooth skin after the Pond&#39;s moisturising cold cream.&nbsp;</p>\r\n', '', '', '', 4.75, '', '', NULL, '1', NULL),
(355, '52', '56', '10', '', 'PONDS COLD CREAM MOISTURISING 14G', 0, '<p>For soft, glowing skin Moisturise, nourish and protect With 10 skin nutrients plsu moisturisers.&nbsp;</p>\r\n', '', '', '', 9.40, '', '', NULL, '1', NULL),
(356, '52', '56', '59', '', 'PONDS COLD CREAM MOISTURISING 30G', 0, '<p>For soft, glowing skin.Moisturise, nourish and protect .With 10 skin nutrients plsu moisturisers</p>\r\n', '', '', '', 56.00, '', '', NULL, '1', NULL),
(357, '52', '56', '104', '', 'PONDS COLD CREAM MOISTURISING 55G', 0, '<p>For soft, glowing skin.Moisturise, nourish and protect .With 10 skin nutrients plsu moisturisers.&nbsp;</p>\r\n\r\n<p>&nbsp;</p>\r\n\r\n<p>&nbsp;</p>\r\n', '', '', '', 97.00, '', '', NULL, '1', NULL),
(358, '52', '56', '419', '', 'PONDS COLD CREAM MOISTURISING 200G', 0, '<p>For soft, glowing skin.Moisturise, nourish and protect .With 10 skin nutrients plsu moisturisers</p>\r\n', '', '', '', 399.00, '', '', NULL, '1', NULL),
(359, '52', '56', '202', '', 'PONDS COLD CREAM MOISTURISING 100G', 0, '<p>For soft, glowing skin.Moisturise, nourish and protect.With 10 skin nutrients plsu moisturisers.Ingredients: GlyceriUnisex</p>\r\n', '', '', '', 189.00, '', '', NULL, '1', NULL),
(360, '52', '56', '75', '', 'PONDS TALCUM POWDER STAR LIGHT 50G', 0, '<p>Mesmerising fine fragrance inspired by international perfumes.Its soft and smooth micro talc that helps absorb sweat &amp; prevents body odour. Removes excess oil secretion on the face leading to an even tone skin.Makes your face look brighter instantly.</p>\r\n', '', '', '', 72.00, '', '', NULL, '1', NULL),
(361, '52', '56', '145', '', 'PONDS TALCUM POWDER STAR LIGHT 100G', 0, '<p>Mesmerising fine fragrance inspired by international perfumes.Its soft and smooth micro talc that helps absorb sweat &amp; prevents body odour. Removes excess oil secretion on the face leading to an even tone skin.Makes your face look brighter instantly.</p>\r\n', '', '', '', 138.00, '', '', NULL, '1', NULL),
(362, '52', '56', '109', '', 'PONDS BRIGHT BEAUTY GEL CREME 23G', 0, '<p>Pond&#39;s Bright Beauty Gel Cr&egrave;me is powered by Glutaboost Niacinamide Complex. It is clinically proven to reduce dark spots in 2 weeks. 99% agreed it gives a natural glow. Visibly brightens skin in 2 weeks. Instant absorption, Lightweight and non-sticky.&nbsp;</p>\r\n', '', '', '', 99.00, '', '', NULL, '1', NULL),
(363, '52', '56', '165', '', 'PONDS CREAME WHITE BEAUTY BB*FAIRNESS ORIGINAL 18G', 0, '<p>Vitamin Enriched cream + Lightweight foundation. Now available in 2 shades: Ivory - for light to medium skin tone &amp; Natural - for medium to deep medium skin tone. Instant Spot Coverage + Light Make-up Glow; Evens skin tone. Provides UV Protection. Organic Type : Synthetic. Scent Name: Rose.</p>\r\n', '', '', '', 149.00, '', '', NULL, '1', NULL),
(364, '52', '56', '129', '', 'PONDS CREAM WHITE BEAUTY ANTI SPOT FAIRNESS DAY 35G', 0, '<p>Fades stubborn dark spots. With spf15 which blocks harmful UV a, UV b sun rays. Anti-spot formula with vitamin b3 lightens dark spots from inside. Gives radiant glowing skin. Evens skin tone. Moisturizes skin.&nbsp;</p>\r\n', '', '', '', 119.00, '', '', NULL, '1', NULL),
(365, '52', '56', '84', '', 'PONDS CREAM WHITE BEAUTY BB*FAIRNESS ORIGINAL 9G', 0, '<p>Ponds BB+ cream ensures that your skin looks even-toned and visibly brighter in a natural way. This cream is designed to provide immediate as well as long-lasting impact. Enriched with the goodness of vitamin B3, vitamin E and allantoin this cream has clinically been proven to brighten skin and reduce dark spots.&nbsp;</p>\r\n', '', '', '', 79.00, '', '', NULL, '1', NULL),
(366, '52', '56', '449', '', 'PONDS MOISTURISER LIGHT 250ML', 0, '<p>Lightweight &amp; Non-oily formula. Moisturises dry skin with 24 hr moisture lock. Ideal for All year round use. Spreads Easily &amp; Instantly absorbs. Leaves skin soft with non-oily fresh glow. Vitamin E enriched nourishing care for face, hands &amp; body.</p>\r\n', '', '', '', 399.00, '', '', NULL, '1', NULL),
(367, '52', '56', '120', '', 'PONDS MOISTURISER LIGHT 75ML', 0, '<p>Lightweight &amp; Non-oily formula. Moisturises dry skin with 24 hr moisture lock. Ideal for All year round use. Spreads Easily &amp; Instantly absorbs. Leaves skin soft with non-oily fresh glow. Vitamin E enriched nourishing care for face, hands &amp; body.</p>\r\n\r\n<p>&nbsp;</p>\r\n\r\n<p>&nbsp;</p>\r\n', '', '', '', 111.00, '', '', NULL, '1', NULL),
(368, '52', '56', '258', '', 'PONDS MOISTURISER LIGHT 150ML', 0, '<p>Lightweight &amp; Non-oily formula. Moisturises dry skin with 24 hr moisture lock. Ideal for All year round use. Spreads Easily &amp; Instantly absorbs. Leaves skin soft with non-oily fresh glow. Vitamin E enriched nourishing care for face, hands &amp; body.</p>\r\n\r\n<p>&nbsp;</p>\r\n\r\n<p>&nbsp;</p>\r\n', '', '', '', 235.00, '', '', NULL, '1', NULL),
(369, '52', '56', '55', '', 'PONDS MOISTURISER LIGHT 25ML', 0, '<p>Lightweight &amp; Non-oily formula. Moisturises dry skin with 24 hr moisture lock. Ideal for All year round use. Spreads Easily &amp; Instantly absorbs. Leaves skin soft with non-oily fresh glow. Vitamin E enriched nourishing care for face, hands &amp; body.</p>\r\n', '', '', '', 51.00, '', '', NULL, '1', NULL),
(370, '52', '56', '20', '', 'PONDS SUPER LIGHT GEL 12ML', 0, '<p>Product is just amazing for all skin type its quickly absorb into the skin without feel sticky. Good moisturizing cream, light on skin gets absorbed easily no oily feeling.&nbsp;</p>\r\n', '', '', '', 18.50, '', '', NULL, '1', NULL),
(371, '52', '56', '284', '', 'PONDS MOISTURISER SUPER LIGHT GEL 150G', 0, '<p>Super lightweight and non-oily gel formula. Moisturises skin with 24 hour moisture lock. Ideal for all year round use. UV Protection : No. Dermatologist Tested : Yes. Spreads easily and instantly absorbs; Leaves skin soft, with a water-fresh glow. Scent Name: Peach; Target Gender: Female. Super lightweight and non-oily gel formula.&nbsp;</p>\r\n', '', '', '', 259.00, '', '', NULL, '1', NULL),
(372, '52', '56', '130', '', 'PONDS MOISTURISER SUPER LIGHT GEL 75G', 0, '<p>Super lightweight and non-oily gel formula. Moisturises skin with 24 hour moisture lock. Ideal for all year round use. UV Protection : No. Dermatologist Tested : Yes. Spreads easily and instantly absorbs; Leaves skin soft, with a water-fresh glow. Scent Name: Peach; Target Gender: Female. Super lightweight and non-oily gel formula.&nbsp;</p>\r\n\r\n<p>&nbsp;</p>\r\n\r\n<p>&nbsp;</p>\r\n', '', '', '', 119.00, '', '', NULL, '1', NULL),
(373, '52', '56', '64', '', 'PONDS MOISTURISER SUPER LIGHT GEL 25G', 0, '<p>Super lightweight and non-oily gel formula. Moisturises skin with 24 hour moisture lock. Ideal for all year round use. UV Protection : No. Dermatologist Tested : Yes. Spreads easily and instantly absorbs; Leaves skin soft, with a water-fresh glow. Scent Name: Peach; Target Gender: Female. Super lightweight and non-oily gel formula.&nbsp;</p>\r\n\r\n<p>&nbsp;</p>\r\n\r\n<p>&nbsp;</p>\r\n', '', '', '', 60.00, '', '', NULL, '1', NULL),
(374, '52', '56', '10', '', 'PONDS BODY LOTION TRIPLE VITAMIN MOISTURISING 22ML', 0, '<p>Triple vitamin moisturizing body lotion for soft smooth radiant skin glow. Triple Vitamin Moisturizing Lotion. With Vitamin - B3, E, and C, this body lotion provides 3X moisturization to your skin to give you soft and smooth skin. Nourishment. It nourishes your skin from within to reveal an amazingly soft skin.</p>\r\n', '', '', '', 9.50, '', '', NULL, '1', NULL),
(375, '52', '56', '279', '', 'PONDS BODY LOTION TRIPLE VITAMIN MOISTURISING 300ML', 0, '<p>Triple vitamin moisturizing body lotion for soft smooth radiant skin glow. Triple Vitamin Moisturizing Lotion. With Vitamin - B3, E, and C, this body lotion provides 3X moisturization to your skin to give you soft and smooth skin. Nourishment. It nourishes your skin from within to reveal an amazingly soft skin.</p>\r\n', '', '', '', 259.00, '', '', NULL, '1', NULL),
(376, '52', '56', '53', '', 'PONDS BODY LOTION TRIPLE VITAMIN MOISTURISING 40ML', 0, '<p>Triple vitamin moisturizing body lotion for soft smooth radiant skin glow. Triple Vitamin Moisturizing Lotion. With Vitamin - B3, E, and C, this body lotion provides 3X moisturization to your skin to give you soft and smooth skin. Nourishment. It nourishes your skin from within to reveal an amazingly soft skin.</p>\r\n', '', '', '', 49.00, '', '', NULL, '1', NULL),
(377, '52', '50', '105', '', 'PONDS BODY LOTION TRIPLE VITAMIN MOISTURISING 100ML', 0, '<p>Triple vitamin moisturizing body lotion for soft smooth radiant skin glow. Triple Vitamin Moisturizing Lotion. With Vitamin - B3, E, and C, this body lotion provides 3X moisturization to your skin to give you soft and smooth skin. Nourishment. It nourishes your skin from within to reveal an amazingly soft skin.</p>\r\n', '', '', '', 99.00, '', '', NULL, '1', NULL),
(378, '52', '56', '225', '', 'PONDS FACEWASH PURE WHITE ANTI POLLUTION 100G', 0, '<p>Pond&#39;s pure white anti pollution face wash offers you an effective way to get radiant and flawless skin. This face wash is infused with active ingredients to provide you cleanliness that goes beyond the realm of regular cleansers. It penetrates deep into your skin cells to remove clogged dirt, dust and grime.&nbsp;</p>\r\n', '', '', '', 205.00, '', '', NULL, '1', NULL),
(379, '52', '56', '115', '', 'PONDS FACEWASH PURE WHITE ANTI POLLUTION 50G', 0, '<p>Pond&#39;s pure white anti pollution face wash offers you an effective way to get radiant and flawless skin. This face wash is infused with active ingredients to provide you cleanliness that goes beyond the realm of regular cleansers. It penetrates deep into your skin cells to remove clogged dirt, dust and grime.&nbsp;</p>\r\n\r\n<p>&nbsp;</p>\r\n\r\n<p>&nbsp;</p>\r\n\r\n<p>&nbsp;</p>\r\n\r\n<p>&nbsp;</p>\r\n', '', '', '', 105.00, '', '', NULL, '1', NULL),
(380, '52', '56', '35', '', 'PONDS FACEWASH PURE WHITE ANTI POLLUTION 20G', 0, '<p>Pond&#39;s pure white anti pollution face wash offers you an effective way to get radiant and flawless skin. This face wash is infused with active ingredients to provide you cleanliness that goes beyond the realm of regular cleansers. It penetrates deep into your skin cells to remove clogged dirt, dust and grime.&nbsp;</p>\r\n', '', '', '', 32.50, '', '', NULL, '1', NULL),
(381, '52', '56', '209', '', 'PONDS FACEWASH WHITE BEAUTY SPOT LESS FAIRNESS 100G', 0, '<p>Dirt, Impurities &amp; Dead skin cells removal. Infused with Advanced Vitamin B3+ to brighten skin. Spot-less brightness. Dark spots removal. Clinically proven face wash. Washes away germs.&nbsp;</p>\r\n', '', '', '', 189.00, '', '', NULL, '1', NULL),
(382, '52', '56', '98', '', 'PONDS FACEWASH WHITE BEAUTY SPOT LESS FAIRNESS 50G', 0, '<p>Dirt, Impurities &amp; Dead skin cells removal. Infused with Advanced Vitamin B3+ to brighten skin. Spot-less brightness. Dark spots removal. Clinically proven face wash. Washes away germs.&nbsp;</p>\r\n', '', '', '', 92.00, '', '', NULL, '1', NULL),
(383, '52', '56', '30', '', 'PONDS FACEWASH WHITE BEAUTY DAILY SPOT LESS LIGHTNING  20G', 0, '<p>Cleanses deeply for a fair and glowing skin. Unique formula that reduces dullness and brightens the skin. Washes away dead skin cells to uncover bright skin cells.&nbsp;</p>\r\n', '', '', '', 27.50, '', '', NULL, '1', NULL),
(384, '52', '56', '135', '', 'PONDS FACEWASH MEN ENERGY CHARGE 50G', 0, '<p>Ponds men Energy facewash.&nbsp; It comes with the two in one power of coffee bean exaract that is known to instantly awaken tried skin to make it took healthy and radiant. Cooling menthol to instantly refresh skin. Regularly for clean fresh and glowing skin.&nbsp;</p>\r\n', '', '', '', 125.00, '', '', NULL, '1', NULL),
(385, '52', '56', '135', '', 'PONDS FACEWASH MEN ACNO CLEAR OIL CONTROL 50G', 0, '<p>Removes Excess Oil and gives you icy freshness. Anti dullness and brightening face wash. Cooling menthol to refresh your skin. This Summer Season freshen your skin instantly with burst of cooling menthol. Deep cleans dirt, oil and dullness. With power of Icy Scrub Beads that will help exfoliate the tanned skin cells.&nbsp;</p>\r\n', '', '', '', 125.00, '', '', NULL, '1', NULL),
(386, '52', '56', '75', '', 'PONDS MASK SHEET DETOXING CHARCOAL 25ML', 0, '<p>Pond&#39;s brings to you its first range of Vitamin Duo Sheet Masks . If you have a dull skin that is yearning for some hydration and glow that is infused with the 100% Natural extracts and Goodness of Vitamins. Our Dual Action Sheet Mask with 15X moisturising serum is your fix.&nbsp;</p>\r\n', '', '', '', 69.00, '', '', NULL, '1', NULL),
(387, '52', '56', '135', '', 'PONDS SUNSCREEN CREAM AGE MIRACLE WRINKLE CORRECTIOR SPF 18 DAY 10G', 0, '<p>Pond&rsquo;s Age Miracle Wrinkle Corrector Day Cream SPF 18 PA++, with Retinol-C Complex, works 24hr non-stop to keep your skin looking youthfully radiant. Uses Pond&#39;s most advanced anti-aging technology, Retinol-C Complex, to continuously release powerful anti-aging retinoid actives for&nbsp; &nbsp;24hr .&nbsp;</p>\r\n', '', '', '', 125.00, '', '', NULL, '1', NULL),
(388, '52', '56', '120', '', 'PONDS DETAN FACE WASH 50G', 0, '<p>Clinically Proven to Reduce Tan in 7 Days. Infused with Brightening Vitamin C &amp; Niacinamide. Reduces dark spots &amp; Brightens Skin. Its suitable for all Skin types. It has an Alcohol free and No sulphate SLES formula. Use twice a day for best results.&nbsp;</p>\r\n', '', '', '', 112.00, '', '', NULL, '1', NULL),
(389, '52', '56', '399', '', 'PONDS BRIGHT BEAUTY FOAMING BRUSH FACEWASH 150ML', 0, '<p>Deep Cleans Pores. Exfoliates dead skin cells. Enriched with Vitamin B3 gives Glowing Skin. Massages the face. Helps improve skin texture. No SLS, No Parabens, No Silicon, No added colours.&nbsp;</p>\r\n', '', '', '', 359.00, '', '', NULL, '1', NULL),
(390, '52', '56', '249', '', 'PONDS SUNSCREEN 50G SPF 30 CREAM', 0, '<p>Crafted with break through technology by the pond&#39;s institute. Dermatologist tested SPF 30 formula. Non-oily formulation. Helps protect against the 5 skin problems caused due to sun exposure - uneven patches, dark circles, fine lines, dark spots and redness. Suitable for all types of skin - can be used by women and men.&nbsp;</p>\r\n', '', '', '', 225.00, '', '', NULL, '1', NULL),
(391, '52', '56', '325', '', 'PONDS SUNSCREEN 50G SPF 55 CREAM ', 0, '<p>Crafted with break through technology by the pond&#39;s institute. Dermatologist tested SPF 30 formula. Non-oily formulation. Helps protect against the 5 skin problems caused due to sun exposure - uneven patches, dark circles, fine lines, dark spots and redness. Suitable for all types of skin - can be used by women and men.&nbsp;</p>\r\n', '', '', '', 295.00, '', '', NULL, '1', NULL),
(392, '52', '56', '574', '', 'PONDS SUNSCREEN 100G SPF 55 CREAM', 0, '<p>Crafted with break through technology by the pond&#39;s institute. Dermatologist tested SPF 30 formula. Non-oily formulation. Helps protect against the 5 skin problems caused due to sun exposure - uneven patches, dark circles, fine lines, dark spots and redness. Suitable for all types of skin - can be used by women and men.&nbsp;</p>\r\n', '', '', '', 515.00, '', '', NULL, '1', NULL),
(393, '52', '56', '299', '', 'PONDS SUNSCREEN SERUM 14ML', 0, '<p>Dual Sunscreen with the power of SPF and Niacinamide-Vitamin C. UV protection and reduces sun damage. Helps fade tan and sun spots. Brightens for even-toned glow. Ultra light, Leaves no white cast or residue behind.Suitable for all skin types.&nbsp;</p>\r\n', '', '', '', 275.00, '', '', NULL, '1', NULL),
(394, '52', '56', '599', '', 'PONDS BRIGHT BEAUTY VIT C SERUM 28ML', 0, '<p>Based on consumer study 2023, 99% women agree it visibly brightens skin. Based on consumer study 2023, 97% women agree it visibly clears skin. Based on consumer study 2023, 99% women agree it does not irritate skin. Based on consumer study 2023, 99% women agree it is light-weight and fast absorbing. Based on consumer study 2023, 99% women agree it visibly reduces appearance of blemishes.&nbsp;</p>\r\n', '', '', '', 539.00, '', '', NULL, '1', NULL),
(395, '52', '56', '349', '', 'PONDS HYDRA MIRACLE 180ML', 0, '<p>Gel Based Body lotion. Deeply hydrates skin. Infused with Hyaluronic Acid. Restores skin&#39;s moisture balance. Quick absorbing.&nbsp;</p>\r\n', '', '', '', 319.00, '', '', NULL, '1', NULL),
(396, '52', '56', '99', '', 'PONDS BRIGHT BEAUTY VIT C GEL CREME 23G', 0, '<p>Based on consumer study 2023, 99% women agree it visibly brightens skin.Based on consumer study 2023, 97% women agree it visibly clears skin. Based on consumer study 2023, 99% women agree it does not irritate skin. Based on consumer study 2023, 99% women agree it is light-weight and fast absorbing. Based on consumer study 2023, 99% women agree it visibly reduces appearance of blemishes.&nbsp;</p>\r\n', '', '', '', 90.00, '', '', NULL, '1', NULL),
(397, '52', '56', '125', '', 'PONDS BB  GLOW FACE TALC 30G', 0, '<p>Instantly Brighten skin. Get Silky smooth skin. Gives Even Skin Tone. Helps control Oil. Dermatologically tested. Covers Dark Spots.&nbsp;</p>\r\n', '', '', '', 119.00, '', '', NULL, '1', NULL),
(398, '52', '56', '449', '', 'PONDS AGE MIRACLE SERUM 14ML', 0, '<p>Renew &amp; Repair Face serum.&nbsp; Visibly reduces appearance of fine lines in 1 week. - Improves skin elasticity from Day 4.- Visibly Radiant skin in 1 week. Significant spot color reduction in 1 week.&nbsp;</p>\r\n\r\n<p>.&nbsp;</p>\r\n', '', '', '', 445.00, '', '', NULL, '1', NULL),
(399, '52', '56', '99', '', 'PONDS SUN SPF 50 12G GEL', 0, '<p>Dual Sunscreen with the power of SPF and Niacinamide-Vitamin C. UV protection and reduces sun damage. Helps fade tan and sun spots. Brightens for even-toned glow. Ultra light, Leaves no white cast or residue behind.&nbsp;</p>\r\n', '', '', '', 92.00, '', '', NULL, '1', NULL),
(400, '52', '56', '385', '', 'PONDS BB KIT [CREAM 50G * FW 100G]', 0, '<p>VITAMIN-ENRICHED 2-IN-1 FORMULA: The Pond&#39;s BB+ brightening cream combines the benefits of a Vitamin cream and a lightweight foundation cream. It contains Vitamin B3, Vitamin E, and Allantoin, and has clinically been proven to brighten skin and reduce dark spots from within.</p>\r\n', '', '', '', 345.00, '', '', NULL, '1', NULL),
(401, '52', '56', '15', '', 'PONDS LIGHT MOISTURISER 12G PACK', 0, '<p>The light texture, fast absorption and intensive moisturization makes it suitable for all season. Usage of This is a combined moisturizer for face, hands and body. It can spread smoothly over large areas providing a refreshing feel. The cream can be applied during the day as well as night.</p>\r\n', '', '', '', 14.00, '', '', NULL, '1', NULL),
(402, '52', '56', '598', '', 'PONDS LIGHT MOISTURISER 300ML', 0, '<p>The light texture, fast absorption and intensive moisturization makes it suitable for all season.; Usage: This is a combined moisturizer for face, hands and body. It can spread smoothly over large areas providing a refreshing feel. The cream can be applied during the day as well as night.</p>\r\n', '', '', '', 535.00, '', '', NULL, '1', NULL),
(403, '52', '56', '799', '', 'PONDS LIGHT MOISTURISER 500ML', 0, '<p>The light texture, fast absorption and intensive moisturization makes it suitable for all season.; Usage: This is a combined moisturizer for face, hands and body. It can spread smoothly over large areas providing a refreshing feel. The cream can be applied during the day as well as night.</p>\r\n', '', '', '', 719.00, '', '', NULL, '1', NULL),
(404, '52', '56', '90', '', 'AXE TALCUM POWDER DENIM 100G', 0, '<p>Blend of fruity and musky scent.Keeps you refreshed and revived. Safe on skin. Gives you a sweat free feeling. Controls body odour. Long-lasting fragrance</p>\r\n', '', '', '', 85.00, '', '', NULL, '1', NULL),
(405, '54', '58', '80', '', 'AYUSH SENSITIVITY GEL 10G', 0, '', '', '', '', 73.00, '', '', NULL, '1', NULL),
(406, '54', '58', '5', '', 'AYUSH SENSITIVITY TP 80G', 0, '', '', '', '', 4.50, '', '', NULL, '1', NULL),
(407, '54', '58', '99', '', 'PEPSODENT TOOTHPASTE SENSITIVE MINERAL ACTIVE SENSITIVITY PROTECTION 75G', 0, '<p>Pepsodent Germicheck Anti cavity Toothpaste provides protection against cavity causing germs for even 12Hrs after brushing<br />\r\nThe Pepper minty burst of freshness of Pepsodent Germicheck Anti cavity Toothpaste will be loved by kids &amp; adults alike.</p>\r\n', '', '', '', 92.00, '', '', NULL, '1', NULL),
(408, '54', '58', '130', '', 'PEPSODENT TOOTHPASTE WHITENING CAVITY PROTECTION 150G', 0, '<p>Pepsodent Germicheck Anti cavity Toothpaste provides protection against cavity causing germs for even 12Hrs after brushing<br />\r\nThe Pepper minty burst of freshness of Pepsodent Germicheck Anti cavity Toothpaste will be loved by kids &amp; adults alike</p>\r\n', '', '', '', 125.00, '', '', NULL, '1', NULL),
(409, '54', '58', '62', '', 'PEPSODENT TOOTHPASTE GERMI CHECK WHITENING 80G', 0, '<p>Pepsodent Germicheck Anti cavity Toothpaste provides protection against cavity causing germs for even 12Hrs after brushing<br />\r\nThe Pepper minty burst of freshness of Pepsodent Germicheck Anti cavity Toothpaste will be loved by kids &amp; adults alike</p>\r\n', '', '', '', 59.00, '', '', NULL, '1', NULL),
(410, '54', '58', '17', '', 'PEPSODENT TOOTHBRUSH TRIPLE CLEAN MEDIUM ', 0, '<p>3-angled neck that allows deep reach to every corner of your mouth.Modern tongue cleaner long and strong hale.Special wavy bristles to clean well between teeth.</p>\r\n', '', '', '', 14.00, '', '', NULL, '1', NULL),
(411, '54', '58', '40', '', 'PEPSODENT TONGUE CLEANER MULTI CARE TONGUE CLEANER', 0, '<p>Tongue Brush Tongue Cleaner Scraper for Oral Care Keep Fresh Breath Dental CareTongue cleaner is an aid in the fight against halitosis (bad breath) that can occur due to bacterial deposits on the surface of the tongue, in tongue furrows or in interdental spaces.</p>\r\n', '', '', '', 33.00, '', '', NULL, '1', NULL),
(412, '54', '58', '60', '', 'PEPSODENT TOOTHBRUSH GUM EXPERT SOFT ', 0, '<p>3-angled neck lets the brush reach difficult areas for a healthy, whole mouth cleanse<br />\r\nUnique micro-bristle technology splits each bristle into multiple bristle tips for cushioning action.Cleans and massages simultaneously for healthy teeth and gums</p>\r\n', '', '', '', 49.00, '', '', NULL, '1', NULL),
(413, '54', '58', '120', '', 'PEPSODENT TOOTHBRUSH GUM EXPERT B2G1', 0, '<p>3-angled neck lets the brush reach difficult areas for a healthy, whole mouth cleanse<br />\r\nUnique micro-bristle technology splits each bristle into multiple bristle tips for cushioning action.Cleans and massages simultaneously for healthy teeth and gums</p>\r\n', '', '', '', 95.00, '', '', NULL, '1', NULL),
(414, '54', '58', '120', '', 'PEPSODENT TOOTHPASTE EXPERT PROTECTION GUM CARE 150G', 0, '<p>Pepsodent Germicheck Anti cavity Toothpaste provides protection against cavity causing germs for even 12Hrs after brushing<br />\r\nThe Pepper minty burst of freshness of Pepsodent Germicheck Anti cavity Toothpaste will be loved by kids and adults alike.</p>\r\n', '', '', '', 115.00, '', '', NULL, '1', NULL),
(415, '54', '58', '65', '', 'PEPSODENT TOOTHPASTE EXPERT PROTECTION GUM CARE 70G', 0, '<p>Pepsodent Germicheck Anti cavity Toothpaste provides protection against cavity causing germs for even 12Hrs after brushing<br />\r\nThe Pepper minty burst of freshness of Pepsodent Germicheck Anti cavity Toothpaste will be loved by kids and adults alike.</p>\r\n', '', '', '', 62.00, '', '', NULL, '1', NULL),
(416, '54', '58', '120', '', 'PEPSODENT 2 IN 1 CAVITY PROTECTION 150G', 0, '<p>Pepsodent Germicheck Anti cavity Toothpaste provides protection against cavity causing germs for even 12Hrs after brushing<br />\r\nThe Pepper minty burst of freshness of Pepsodent Germicheck Anti cavity Toothpaste will be loved by kids and adults alike.</p>\r\n', '', '', '', 115.00, '', '', NULL, '1', NULL),
(417, '54', '58', '65', '', 'PEPSODENT 2 IN 1 80G', 0, '<p>Pepsodent Germicheck Anti cavity Toothpaste provides protection against cavity causing germs for even 12Hrs after brushing<br />\r\nThe Pepper minty burst of freshness of Pepsodent Germicheck Anti cavity Toothpaste will be loved by kids and adults alike.</p>\r\n', '', '', '', 62.00, '', '', NULL, '1', NULL),
(418, '54', '58', '145', '', 'PEPSODENT TOOTHPASTE CLOVE & SALT 200G', 0, '<p>Pepsodent Germicheck Anti cavity Toothpaste provides protection against cavity causing germs for even 12Hrs after brushing<br />\r\nThe Pepper minty burst of freshness of Pepsodent Germicheck Anti cavity Toothpaste will be loved by kids and adults alike.</p>\r\n', '', '', '', 136.00, '', '', NULL, '1', NULL),
(419, '54', '58', '76', '', 'PEPSODENT TOOTHPASTE CLOVE & SALT 100G', 0, '<p>Pepsodent Germicheck Anti cavity Toothpaste provides protection against cavity causing germs for even 12Hrs after brushing<br />\r\nThe Pepper minty burst of freshness of Pepsodent Germicheck Anti cavity Toothpaste will be loved by kids and adults alike.</p>\r\n', '', '', '', 72.00, '', '', NULL, '1', NULL),
(420, '54', '58', '30', '', 'PEPSODENT TOOTHBRUSH TORSION MEDIUM', 0, '<p>3-angled neck lets the brush reach difficult areas for a healthy, whole mouth cleanse<br />\r\nUnique micro-bristle technology splits each bristle into multiple bristle tips for cushioning action.Cleans and massages simultaneously for healthy teeth and gums</p>\r\n', '', '', '', 25.00, '', '', NULL, '1', NULL),
(421, '54', '58', '30', '', 'PEPSODENT TOOTHBRUSH DEEP CLEAN SOFT ', 0, '<p>3-angled neck lets the brush reach difficult areas for a healthy, whole mouth cleanse<br />\r\nUnique micro-bristle technology splits each bristle into multiple bristle tips for cushioning action.Cleans and massages simultaneously for healthy teeth and gums</p>\r\n', '', '', '', 25.00, '', '', NULL, '1', NULL),
(422, '54', '58', '20', '', 'PEPSODENT TOOTHBRUSH FIGHTER MEDIUM', 0, '<p>3-angled neck lets the brush reach difficult areas for a healthy, whole mouth cleanse<br />\r\nUnique micro-bristle technology splits each bristle into multiple bristle tips for cushioning action.Cleans and massages simultaneously for healthy teeth and gums</p>\r\n', '', '', '', 15.00, '', '', NULL, '1', NULL),
(423, '54', '58', '20', '', 'PEPSODENT TOOTHBRUSH FIGHTER SOFT ', 0, '<p>3-angled neck lets the brush reach difficult areas for a healthy, whole mouth cleanse<br />\r\nUnique micro-bristle technology splits each bristle into multiple bristle tips for cushioning action.Cleans and massages simultaneously for healthy teeth and gums</p>\r\n', '', '', '', 15.00, '', '', NULL, '1', NULL),
(424, '54', '58', '204', '', 'PEPSODENT TOOPASTE GERMI CHECK CAVITY PROTECTION 2*150G', 0, '<p>Pepsodent Germicheck Anti cavity Toothpaste provides protection against cavity causing germs for even 12Hrs after brushing<br />\r\nThe Pepper minty burst of freshness of Pepsodent Germicheck Anti cavity Toothpaste will be loved by kids and adults alike.</p>\r\n', '', '', '', 195.00, '', '', NULL, '1', NULL),
(425, '54', '58', '140', '', 'PEPSODENT TOOTHPASTE GERMI CHECK CAVITY PROTECTION 200G', 0, '<p>Pepsodent Germicheck Anti cavity Toothpaste provides protection against cavity causing germs for even 12Hrs after brushing<br />\r\nThe Pepper minty burst of freshness of Pepsodent Germicheck Anti cavity Toothpaste will be loved by kids and adults alike.&nbsp;</p>\r\n', '', '', '', 131.00, '', '', NULL, '1', NULL),
(426, '54', '58', '10', '', 'PEPSODENT TOOTHPASTE GERMIC CHECK 25G', 0, '', '', '', '', 9.50, '', '', NULL, '1', NULL),
(427, '54', '58', '69', '', 'PEPSODENT TOOTHPASTE GERMI CHECK CAVITY PROTECTION 100G', 0, '<p>The Pepper minty burst of freshness of Pepsodent Germicheck Anti cavity Toothpaste will be loved by kids and adults alike.Pepsodent Germicheck Anti cavity Toothpaste contains clinically proven CPC Clay Technology.</p>\r\n', '', '', '', 65.00, '', '', NULL, '1', NULL),
(428, '54', '58', '20', '', 'PEPSODENT TOOTHPASTE GERMI CHECK 50G', 0, '<p>Pepsodent Germicheck Anti cavity Toothpaste contains 95% ingredients of natural origin. It is 100% safe and effective. Pepsodent Germicheck Anti cavity Toothpaste protects you &amp; your family from cavities even while eating or drinking sugary foods.</p>\r\n', '', '', '', 18.80, '', '', NULL, '1', NULL),
(429, '54', '58', '320', '', 'CLOSEUP GREEN TEA AND CLAY TP 300G', 0, '<p>Pepsodent Germicheck Anti cavity Toothpaste contains 95% ingredients of natural origin. It is 100% safe and effective. Pepsodent Germicheck Anti cavity Toothpaste protects you &amp; your family from cavities even while eating or drinking sugary foods.</p>\r\n', '', '', '', 299.00, '', '', NULL, '1', NULL),
(430, '54', '58', '175', '', 'CLOSEUP CLOVE AND ORANGE TP 150G', 0, '<p>Clove is a spice rich with many health benefits. Its unique formula with the goodness of clove fights germs. and it has the goodness of orange for refreshing breath.Its unique formula cleans every corner of your mouth and removes invisible bad breath causing germs. This ensures excellent oral care and gives your mouth a burst of Closeup Freshness</p>\r\n', '', '', '', 169.00, '', '', NULL, '1', NULL),
(431, '54', '58', '320', '', 'CLOSEUP LEMON AND SALT TP 300G', 0, '<p>Lemon and Sea Salt both are known traditional remedies for your Oral Hygiene. The formula with refreshing lemon helps combat stains, leaving your teeth visibly whiter.This specially crafted lemon + Sea Salt formulation helps you get whiter teeth in 2 Weeks.</p>\r\n', '', '', '', 299.00, '', '', NULL, '1', NULL),
(432, '54', '58', '60', '', 'CLOSEUP MULTIVITAMIN TOOTHPASTE 80G', 0, '<p>Lemon and Sea Salt both are known traditional remedies for your Oral Hygiene. The formula with refreshing lemon helps combat stains, leaving your teeth visibly whiter.This specially crafted lemon + Sea Salt formulation helps you get whiter teeth in 2 Weeks.</p>\r\n', '', '', '', 56.00, '', '', NULL, '1', NULL),
(433, '54', '58', '10', '', 'CLOSE UP TOOTHPASTE DEEP ACTION RED HOT GEL 32G', 0, '<p>Enjoy explosion of intense flavor and long-lasting freshness powered by our proprietary Ultrafreeze technology that not only wakes you up, but also shakes you up.</p>\r\n', '', '', '', 9.40, '', '', NULL, '1', NULL),
(434, '54', '58', '20', '', 'CLOSE UP TOOTHPASTE EVER FRESH ', 0, '<p>Up to 12 hours fresh breath. Anti germ mouthwash formula. Experience the ultimate fresh blast of freshness.Long lasting freshness</p>\r\n', '', '', '', 19.20, '', '', NULL, '1', NULL),
(435, '63', '59', '175', '', 'KISSAN BUTTER PEANUT CRUNCHY 350G', 0, '<p>Rich in Protein from 100% real peanuts. With natural ingredients.Quantity of protein: 2 tbsp Kissan Peanut Butter (30g) &asymp; 1 glass of cow&#39;s milk (200ml). Delicious Crunchy Peanut Butter.No added colours &amp; flavours</p>\r\n', '', '', '', 169.00, '', '', NULL, '1', NULL),
(436, '63', '59', '239', '', 'KISSAN HAZELNUT CHOCOLATE PEANUT SPREAD 350G', 0, '<p>Delicious Dark Chocolate cr&egrave;me &amp; Roasted Peanuts.18% Protein.Exotic Hazelnut flavour.100% vegetarian.</p>\r\n', '', '', '', 225.00, '', '', NULL, '1', NULL),
(437, '63', '59', '80', '', 'KISSAN SAUCE TWIST SWEET & SPICY 500G', 0, '<p>Goes well with your kid&#39;s tiffin.Goes well with any snacking item.Makes boring food interesting.</p>\r\n', '', '', '', 75.00, '', '', NULL, '1', NULL),
(438, '63', '59', '140', '', 'KISSAN SWEET & SPICY DOY 900G', 0, '<p>Kissan sources 100 percent of its tomatoes from sustainable sources thereby helping create and support several local smallholder farmers&#39; livelihoods.Is easy to pour and use and can be enjoyed with every snack.</p>\r\n', '', '', '', 135.00, '', '', NULL, '1', NULL),
(439, '63', '59', '75', '', 'KISSAN SAUCE TWIST SWEET & SPICY 200G', 0, '<p>Goes well with your kid&#39;s tiffin.Country of Origin: India.</p>\r\n', '', '', '', 71.00, '', '', NULL, '1', NULL),
(440, '63', '59', '120', '', 'KISSAN SAUCE TWIST CHILLI TOMATO 500G', 0, '<p>Kissan sources 100% of its tomatoes from sustainable sources thereby helping create and support several local smallholder farmers&#39; livelihoods. Is easy to pour and use and can be enjoyed with every snack. Made with 100% real tomatoes. Turns a boring meal into an empty tiffin.</p>\r\n', '', '', '', 115.00, '', '', NULL, '1', NULL),
(441, '63', '59', '50', '', 'KISSAN PEANUT BUTTER CRUNCHY PET JAR 100G', 0, '<p>Natural Penaut Butter: Real peanuts are packed with many nutrients. They have been a popular snack in most Indian households. Kissan&#39;s crunchy peanut butter is a quick and convenient snack made with 100% real peanuts. Enjoy the real high protein snack without the mess of peanut skin, shells, etc.</p>\r\n', '', '', '', 47.00, '', '', NULL, '1', NULL),
(442, '63', '59', '175', '', 'KISSAN BUTTER PEANUT 350G', 0, '<p>Rich in protein from 100% real peanuts;With natural ingredients.Has as much proteins as 1 glass of cow milk(200ml).Delicious creamy peanut butter.No added colours &amp; flavours; No added preservatives.</p>\r\n', '', '', '', 165.00, '', '', NULL, '1', NULL),
(443, '63', '59', '190', '', 'KISSAN JAM MIXED FRUIT 500G', 0, '<p>Kissan Mixed Fruit Jam is made with fruit ingredients.Is easy to use and can be enjoyed on the go every morning.Enjoy it best with Bread|| Roti|| Paratha or Dosa for a wholesome breakfast.Turns boring breakfast into an empty plate.Spreads easily with a spoon or a knife.</p>\r\n', '', '', '', 179.00, '', '', NULL, '1', NULL),
(444, '63', '59', '85', '', 'KISSAN JAM MIXED FRUIT 200G', 0, '<p>Kissan Mixed Fruit Jam is made with fruit ingredients.Is easy to use and can be enjoyed on the go every morning.Enjoy it best with Bread|| Roti|| Paratha or Dosa for a wholesome breakfast.Turns boring breakfast into an empty plate.Spreads easily with a spoon or a knife.</p>\r\n', '', '', '', 72.00, '', '', NULL, '1', NULL),
(445, '63', '59', '10', '', 'KISSAN MIXED FRUIT JAM DOY 45G', 0, '<p>Kissan Mixed Fruit Jam is made with 100% real fruit ingredients.Is easy to use and can be enjoyed on the go every morning.Enjoy it best with Bread; Roti; Paratha or Dosa for a wholesome breakfast.Turns boring breakfast into an empty plate.Spreads easily with a spoon or a knife.Carefully sealed in impermeable glass packaging to retain the best flavour and taste of product.</p>\r\n', '', '', '', 9.50, '', '', NULL, '1', NULL),
(446, '63', '59', '25', '', 'KISSAN JAM MIXED FRUIT 100G ', 0, '<p>Kissan Mixed Fruit Jam is made with fruit ingredients.Is easy to use and can be enjoyed on the go every morning.Enjoy it best with Bread|| Roti|| Paratha or Dosa for a wholesome breakfast.Turns boring breakfast into an empty plate.Spreads easily with a spoon or a knife.</p>\r\n\r\n<p>&nbsp;</p>\r\n\r\n<p><img alt=\"\" src=\"http://142.132.136.117/~omsiga/admin/product/\" /></p>\r\n', '', '', '', 23.50, '', '', NULL, '1', NULL),
(447, '63', '59', '2', '', 'KISSAN JAM MIXED FRUIT 11G', 0, '<p>Kissan Mixed Fruit Jam is made with fruit ingredients.Is easy to use and can be enjoyed on the go every morning.Enjoy it best with Bread|| Roti|| Paratha or Dosa for a wholesome breakfast.Turns boring breakfast into an empty plate.Spreads easily with a spoon or a knife.</p>\r\n\r\n<p>&nbsp;</p>\r\n', '', '', '', 1.90, '', '', NULL, '1', NULL),
(448, '63', '61', '10', '', 'HORLICKS MILLET BISCUITS 55G', 0, '<p>Horlicks Millet Biscuits with goodness of 3 grains- Ragi, Sorghum &amp; Wheat. 0% Maida.Richness of Fiber along with Protein, Calcium &amp; Iron.</p>\r\n', '', '', '', 9.40, '', '', NULL, '1', NULL),
(449, '63', '61', '25', '', 'HORLICKS PLAIN BISCUITS 150G ', 0, '<p>100 gm daily requirement as per codex.Horlicks Biscuits contains Protein, Calcium and Vitamin D equal to 2 cups of Horlicks.</p>\r\n', '', '', '', 23.80, '', '', NULL, '1', NULL),
(450, '63', '61', '10', '', 'HORLICKS PLAIN BISCUITS 85G', 0, '<p>100 gm daily requirement as per codex.Horlicks Biscuits contains Protein, Calcium and Vitamin D equal to 2 cups of Horlicks.</p>\r\n\r\n<p>&nbsp;</p>\r\n\r\n<p>&nbsp;</p>\r\n', '', '', '', 9.40, '', '', NULL, '1', NULL),
(451, '62', '60', '75', '', 'KNORR CHICKEN SOUP CHINESS HOT & SOUR 38G', 0, '<p>Made with Real Chicken and 100% real vegetables. No added preservaties. Ready to eat in 3 simple steps. Serves 4.Goes well with: Knorr Chinese Manchurian &amp; Knorr Chinese Hakka Noodles/Fried Rice. Chef&#39;s Tip: Garnish with fried noodles for extra crunchiness.</p>\r\n', '', '', '', 72.00, '', '', NULL, '1', NULL),
(452, '62', '60', '70', '', 'KNORR CHICKEN SOUP CLASSIC SWEET CORN 54G', 0, '<p>Creamed sweet corn and fresh vegetables like carrots, celery and spring onions, make soup both sweet and savory Its subtle flavors are sometimes jazzed up with a hint of spice, but otherwise on its own it is been a long time favorite in the Indian Chinese food arena sweet, savory and subtle, this soup.&nbsp;</p>\r\n', '', '', '', 67.00, '', '', NULL, '1', NULL),
(453, '62', '60', '560', '', 'KNORR SOUP ITALIAN MUSHROOM 48G', 0, '<p>Made with 100% real vegetables. Contains no added preservatives. Ready to eat in 3 simple steps. Serves 4.Goes well with: White Sauce Pasta or Red Sauce Pasta. Chef&#39;s Tip: Garnish with Croutons for extra crunchiness.&nbsp;</p>\r\n\r\n<p>&nbsp;</p>\r\n', '', '', '', 525.00, '', '', NULL, '1', NULL),
(454, '62', '60', '60', '', 'KNORR SOUP CLASSIC TOMATO 53G', 0, '<p>With 100% real vegetables. No added preservaties. Country of Origin: India. Available in a wide range. Serves 4.Low in Fat.&nbsp;</p>\r\n', '', '', '', 57.50, '', '', NULL, '1', NULL),
(455, '62', '60', '65', '', 'KNORR VEG SOUP CHINESS SWEET CORN 44G', 0, '<p>With 100% real vegetables. No added preservaties. Made in two simple steps. Available in a wide range. Serves 4Low in Fat.&nbsp;</p>\r\n', '', '', '', 62.00, '', '', NULL, '1', NULL),
(456, '62', '60', '70', '', 'KNORR SOUP CLASSIC CHICKEN DELITE 44G', 0, '<p>Made with Real Chicken and 100% real vegetables. Contains no added preservatives. Ready to eat in 3 simple steps. Serves 4.Goes well with: White Sauce Pasta or Red Sauce Pasta. Chef&#39;s Tip: Garnish with grated cheese &amp; garlic and serve with pan fried bread pieces.&nbsp;</p>\r\n', '', '', '', 67.00, '', '', NULL, '1', NULL),
(457, '62', '60', '80', '', 'KNORR NOODLES SOUPY MAST MASALA 4*75G', 0, '<p>Knorr brings you a delicious instant food product - Knorr Mast Masala Instant Soupy Noodles. The Knorr Soupy Mast Masala Noodles have the goodness of soup along with the fun of noodles, making it a fun evening snack for kids and adults alike. The mast masala flavour adds to the taste and fun! For all those long tiring days, this product is the perfect option. So go ahead, buy Knorr Mast Masala Instant Soupy.&nbsp;</p>\r\n', '', '', '', 76.00, '', '', NULL, '1', NULL),
(458, '62', '60', '20', '', 'KNORR NOODLES SOUPY MAST MASALA 75G', 0, '<p>Knorr brings you a delicious instant food product - Knorr Mast Masala Instant Soupy Noodles. The Knorr Soupy Mast Masala Noodles have the goodness of soup along with the fun of noodles, making it a fun evening snack for kids and adults alike. The mast masala flavour adds to the taste and fun! For all those long tiring days, this product is the perfect option. So go ahead, buy Knorr Mast Masala Instant Soupy.&nbsp;</p>\r\n', '', '', '', 19.20, '', '', NULL, '1', NULL);
INSERT INTO `product` (`product_id`, `organic_menu_id`, `sub_category_id`, `mrp_price`, `product_kg`, `product_name`, `product_quantity`, `product_description`, `product_ingredients`, `product_usage`, `product_features`, `product_price`, `distributer_price`, `distributer_commission`, `product_image`, `status`, `s.no`) VALUES
(459, '62', '60', '10', '', 'KNORR CUP A SOUP INSTANT TOMATO CHATPATA 16G', 0, '<p>Made with 100% real vegetables. Contains no added preservativies. Ready in one minute. Enjoy the rich Tomato flavour with the crunchiness of Croutons.&nbsp; &nbsp; &nbsp; &nbsp; &nbsp; &nbsp; &nbsp; &nbsp; Serves 1.Available in 6 more flavours.&nbsp;</p>\r\n', '', '', '', 9.50, '', '', NULL, '1', NULL),
(460, '62', '60', '65', '', 'KNORR SOUP CLASSIC MIX VEGETABLE 45G', 0, '<p>mixed it with spices to make delicious Knorr Mixed Vegetable Soup. A perfect medley of vegetables &amp; spices gives it its lip-smacking taste and perfect consistency everytime. Made with real vegetables and no added preservatives, this soup is ready in three simple steps and serves four. So now enjoy Restaurant like delicious Soup at home. Knorr Soups range comprises of 11 delicious flavours of 4 serve soups and 7 flavours of Cup-a-soup.&nbsp;</p>\r\n', '', '', '', 62.00, '', '', NULL, '1', NULL),
(461, '62', '60', '10', '', 'KNORR CUP A SOUP INSTANT SWEET CORN 10G', 0, '<p>Enjoy a cup of hot soup, anytime you like thanks to Knorr Sweet Corn Veg Instant Cup-a-Soup. The sweet corn flavour is known for its sweet taste. This soup can be paired with crispy noodles. The finest ingredients have been used to prepare this soup. Have it as an evening snack or if you feel like a light dinner, either way, you are going to relish its taste.&nbsp;</p>\r\n', '', '', '', 9.50, '', '', NULL, '1', NULL),
(462, '62', '60', '10', '', 'KNORR CUP A SOUP INSTANT SWEET CORN 18G', 0, '<p>Enjoy a cup of hot soup, anytime you like thanks to Knorr Sweet Corn Veg Instant Cup-a-Soup. The sweet corn flavour is known for its sweet taste. This soup can be paired with crispy noodles. The finest ingredients have been used to prepare this soup. Have it as an evening snack or if you feel like a light dinner, either way, you are going to relish its taste.&nbsp;</p>\r\n', '', '', '', 9.50, '', '', NULL, '1', NULL),
(463, '52', '56', '100', '', 'LAKME SHEET MASK BAG FRUITY LICIOUS KIWI 20ML', 0, '<p>100% real fruit extracts. Gives a glow that feels like just out of a fruit facial. Instantly hydrates skin. Moisturises deeply. Refreshes and rejuvenates. Soothing on skin.&nbsp;</p>\r\n', '', '', '', 92.00, '', '', NULL, '1', NULL),
(464, '52', '56', '18.4', '', 'LAKME SHEET MASK BAG FRUITY LICIOUS STRAWBERRIES 20ML', 0, '<p>100% real fruit extracts. Gives a glow that feels like just out of a fruit facial. Instantly hydrates skin. Moisturises deeply. Refreshes and rejuvenates. Soothing on skin.&nbsp;</p>\r\n\r\n<p>&nbsp;</p>\r\n\r\n<p>&nbsp;</p>\r\n', '', '', '', 16.00, '', '', NULL, '1', NULL),
(465, '52', '56', '100', '', 'LAKME SHEET MASK BAG FRUITY LICIOUS POMEGRANATE 20ML', 0, '<p>100% real fruit extracts. Gives a glow that feels like just out of a fruit facial. Instantly hydrates skin. Moisturises deeply. Refreshes and rejuvenates. Soothing on skin.&nbsp;</p>\r\n', '', '', '', 92.00, '', '', NULL, '1', NULL),
(466, '52', '56', '100', '', 'LAKME SHEET MASK BAG FRUITY LICIOUS WATERMELON 20ML ', 0, '<p>100% real fruit extracts. Gives a glow that feels like just out of a fruit facial. Instantly hydrates skin. Moisturises deeply. Refreshes and rejuvenates. Soothing on skin.&nbsp;</p>\r\n', '', '', '', 92.00, '', '', NULL, '1', NULL),
(467, '52', '56', '100', '', 'LAKME SHEET MASK BAG FRUITY LICIOUS LEMON 20ML', 0, '<p>100% real fruit extracts. Gives a glow that feels like just out of a fruit facial. Instantly hydrates skin. Moisturises deeply. Refreshes and rejuvenates. Soothing on skin.&nbsp;</p>\r\n\r\n<p>&nbsp;</p>\r\n\r\n<p>&nbsp;</p>\r\n', '', '', '', 92.00, '', '', NULL, '1', NULL),
(468, '52', '56', '299', '', 'LAKME SUNSCREEN LOTION SUN EXPERT SPF 30 ULTRA MATTE 50ML', 0, '<p>Perfect for long wear. Sweat proof formulation. Blocks 97% of UVB Rays. Blends easily onto skin. Moisturizes skin. Prevents tanning due to sun.&nbsp;</p>\r\n\r\n<p>&nbsp;</p>\r\n', '', '', '', 279.00, '', '', NULL, '1', NULL),
(469, '52', '56', '449', '', 'LAKME SUNSCREEN LOTION SUN EXPERT SPF 30 ULTRA MATTE 100ML', 0, '<p>Perfect for long wear. Sweat proof formulation. Blocks 97% of UVB Rays. Blends easily onto skin. Moisturizes skin. Prevents tanning due to sun.&nbsp;</p>\r\n\r\n<p>&nbsp;</p>\r\n\r\n<p>&nbsp;</p>\r\n', '', '', '', 399.00, '', '', NULL, '1', NULL),
(470, '52', '56', '499', '', 'LAKME SUN EXPERT FLUID SUNSCREEN SPF 50 50ML', 0, '<p>Perfect for long wear. Sweat proof formulation. Blocks 97% of UVB Rays. Blends easily onto skin. Moisturizes skin. Prevents tanning due to sun.&nbsp;</p>\r\n', '', '', '', 449.00, '', '', NULL, '1', NULL),
(471, '52', '56', '599', '', 'LAKME SUN EXPERT ULTRA MATTE SPRAY 50ML', 0, '<p>A sunscreen in spray that leaves no white cast and can be used on the go. SPF 50 sunscreen shields from UVB rays known to cause skin burns. Introducing all-new Lakm&eacute; Sun Expert Sunspray, to make all your sunscreen dreams come true.&nbsp;</p>\r\n', '', '', '', 535.00, '', '', NULL, '1', NULL),
(472, '52', '56', '625', '', 'LAKME SUNSCREEN SUN EXPERT TINTED SPF 50 100G', 0, '<p>Blends into your skin for an invisible natural finish. SPF 50 shields up to 97% of UVB rays causing sunburn and PA+++ shields from UVA rays. Feels light and non-sticky on skin and gives an even toned look this is perfect for everyday.</p>\r\n', '', '', '', 559.00, '', '', NULL, '1', NULL),
(473, '52', '56', '365', '', 'LAKME SUNSCREEN GEL SUN EXPERT SPF 50 ULTRA MATTE 50ML', 0, '<p>Non-sticky lightweight gel sunscreen which blocks up to 97% harmful sun rays. Broad spectrum UV protection &ndash; protects from both UVA and UVB rays. Prevent sunburn dark spots premature ageing and skin darkening. This has been tested by dermatologists.&nbsp;</p>\r\n', '', '', '', 329.00, '', '', NULL, '1', NULL),
(474, '52', '56', '899', '', 'LAKME RETINOL CORN UNDER EYE SERUM', 0, '<p>Skin ultimate Retinol advanced Renewal undereye serum creame. Target under eye pigmentation fine lines and dryness to keep under eyes looking refreshed and ageless. It best result make it a part of your expert night regime to boost your skin restorative power.&nbsp;</p>\r\n', '', '', '', 809.00, '', '', NULL, '1', NULL),
(475, '52', '56', '575', '', 'LAKME VIT E + SERUM 30ML', 0, '<p>Brightening serum for a soft, dewy, and radiant complexion. Say goodbye to dullness and hello to a luminous glow. Formulated with pro-ceramides to shield skin from pollution. Has vitamins E, F, and B3 for deep hydration and nourishment. Vitamin E fights free radicals and signs of premature aging, Suitable for all skin types.&nbsp;</p>\r\n', '', '', '', 525.00, '', '', NULL, '1', NULL),
(476, '52', '56', '295', '', 'LAKME VIT E + SERUM 15ML ', 0, '<p>Brightening serum for a soft, dewy, and radiant complexion. Say goodbye to dullness and hello to a luminous glow. Formulated with pro-ceramides to shield skin from pollution. Has vitamins E, F, and B3 for deep hydration and nourishment. Vitamin E fights free radicals and signs of premature aging, Suitable for all skin types.&nbsp;</p>\r\n', '', '', '', 265.00, '', '', NULL, '1', NULL),
(477, '52', '56', '575', '', 'LAKME AHA + SERUM 30ML', 0, '<p>Exfoliating serum gently peel for smooth luminous skin. Infused with powerful AHA, BHA, PHA, B3 complex. Youthful suppleness powered by Vitamin B3. Enhanced skin texture and unclogged pores. Provides a smooth canvas for makeup, Suitable for all skin types.&nbsp;</p>\r\n', '', '', '', 515.00, '', '', NULL, '1', NULL),
(478, '52', '56', '399', '', 'GLYCOLIC  ILLUMINATE SERUM 15ML', 0, '<p>STIMULATES CELL RENEWAL: The L&rsquo;Or&eacute;al Paris face serum reduces 5 years of dark spots, hyper-pigmentation and reveales even skin tone by stimulating cell renewal. This dark spot treatment serum is formulated with glycolic acid that is used in dermatlogical peeling treatments.&nbsp;</p>\r\n', '', '', '', 359.00, '', '', NULL, '1', NULL),
(479, '52', '56', '799', '', 'GLYCOLIC ILLUMINATE SERUM 30ML', 0, '<p>STIMULATES CELL RENEWAL: The L&rsquo;Or&eacute;al Paris face serum reduces 5 years of dark spots, hyper-pigmentation and reveales even skin tone by stimulating cell renewal. This dark spot treatment serum is formulated with glycolic acid that is used in dermatlogical peeling treatments.&nbsp;</p>\r\n', '', '', '', 719.00, '', '', NULL, '1', NULL),
(480, '47', '62', '5', '', 'STANDARD HORLICKS SACHET RS.5/-', 0, '<p>India&#39;s #1 Nutrition Drink. Helps kids be Tall, Strong, Sharp. Contains 27 vital nutrients for all-round growth. Nutrients to support mental and physical development. With Zinc and Vitamin E to boost immunity. Also available in Chocolate delight Flavor.&nbsp;</p>\r\n', '', '', '', 4.80, '', '', NULL, '1', NULL),
(482, '47', '62', '10', '', 'STANDARD HORLICKS SACHET RS.10/-', 0, '<p>India&#39;s #1 Nutrition Drink. Helps kids be Tall, Strong, Sharp. Contains 27 vital nutrients for all-round growth. Nutrients to support mental and physical development. With Zinc and Vitamin E to boost immunity. Also available in Chocolate delight Flavor.&nbsp;</p>\r\n\r\n<p>&nbsp;</p>\r\n\r\n<p>&nbsp;</p>\r\n', '', '', '', 9.50, '', '', NULL, '1', NULL),
(483, '47', '62', '3', '', 'STANDARD HORLICKS SACHET RS.2/-', 0, '<p>India&#39;s #1 Nutrition Drink. Helps kids be Tall, Strong, Sharp. Contains 27 vital nutrients for all-round growth. Nutrients to support mental and physical development. With Zinc and Vitamin E to boost immunity. Also available in Chocolate delight Flavor.&nbsp;</p>\r\n\r\n<p>&nbsp;</p>\r\n\r\n<p>&nbsp;</p>\r\n', '', '', '', 2.90, '', '', NULL, '1', NULL),
(484, '47', '62', '294', '', 'STANDARD HORLICKS PET JAR 500G', 0, '<p>India&#39;s #1 Nutrition Drink. Helps kids be Tall, Strong, Sharp. Contains 27 vital nutrients for all-round growth. Nutrients to support mental and physical development. With Zinc and Vitamin E to boost immunity. Also available in Chocolate delight Flavor.&nbsp;</p>\r\n\r\n<p>&nbsp;</p>\r\n\r\n<p>&nbsp;</p>\r\n', '', '', '', 279.00, '', '', NULL, '1', NULL),
(486, '47', '62', '294', '', 'STANDARD HORLICKS PET JAR 500G', 0, '<p>India&#39;s #1 Nutrition Drink. Helps kids be Tall, Strong, Sharp. Contains 27 vital nutrients for all-round growth. Nutrients to support mental and physical development. With Zinc and Vitamin E to boost immunity. Also available in Chocolate delight Flavor.&nbsp;</p>\r\n\r\n<p>&nbsp;</p>\r\n\r\n<p>&nbsp;</p>\r\n', '', '', '', 279.00, '', '', NULL, '1', NULL),
(487, '47', '62', '124', '', 'STANDARD HORLICKS PET JAR 200G', 0, '<p>India&#39;s #1 Nutrition Drink. Helps kids be Tall, Strong, Sharp. Contains 27 vital nutrients for all-round growth. Nutrients to support mental and physical development. With Zinc and Vitamin E to boost immunity. Also available in Chocolate delight Flavor.&nbsp;</p>\r\n\r\n<p>&nbsp;</p>\r\n\r\n<p>&nbsp;</p>\r\n', '', '', '', 119.00, '', '', NULL, '1', NULL),
(488, '47', '62', '574', '', 'STANDARD HORLICKS PET JAR 1KG', 0, '<p>India&#39;s #1 Nutrition Drink. Helps kids be Tall, Strong, Sharp. Contains 27 vital nutrients for all-round growth. Nutrients to support mental and physical development. With Zinc and Vitamin E to boost immunity. Also available in Chocolate delight Flavor.&nbsp;</p>\r\n\r\n<p>&nbsp;</p>\r\n\r\n<p>&nbsp;</p>\r\n', '', '', '', 545.00, '', '', NULL, '1', NULL),
(489, '47', '62', '235', '', 'STANDARD HORLICKS 450G POUCH', 0, '<p>India&#39;s #1 Nutrition Drink. Helps kids be Tall, Strong, Sharp. Contains 27 vital nutrients for all-round growth. Nutrients to support mental and physical development. With Zinc and Vitamin E to boost immunity. Also available in Chocolate delight Flavor.&nbsp;</p>\r\n\r\n<p>&nbsp;</p>\r\n\r\n<p>&nbsp;</p>\r\n', '', '', '', 225.00, '', '', NULL, '1', NULL),
(490, '47', '62', '294', '', 'STANDARD HORLICKS REFILL 500G', 0, '', '', '', '', 279.00, '', '', NULL, '1', NULL),
(491, '47', '62', '574', '', 'STANDARD HORLICKS REFILL 1KG', 0, '', '', '', '', 549.00, '', '', NULL, '1', NULL),
(492, '47', '62', '294', '', 'HORLICKS LITE STANDARD POUCH 500G', 0, '', '', '', '', 279.00, '', '', NULL, '1', NULL),
(493, '47', '62', '349', '', 'HORLICKS LITE BADAM REFILL 450G', 0, '<p>Specialized nutrition for active adults.Has nutrients known to protect from oxidative stress damage. Contains 6 antioxidant nutrients that are known to contribute to protection of cells from oxidative stree.No Added Sugar. Contains High Protein.&nbsp;</p>\r\n', '', '', '', 339.00, '', '', NULL, '1', NULL),
(494, '47', '62', '239', '', 'HORLICKS MILLET CHOCOLATE 400G CS POUCH', 0, '<p>Give yourself a complete boost with Horlicks Chocolate Millet. This drink mix is sure to add a dash of deliciousness to milk along with a punch of flavours. It makes milk taste so good that you will be left wanting for more. It&#39;s made from the finest quality ingredients, so that you get a product that combines quality and affordability at the same time.&nbsp;</p>\r\n', '', '', '', 229.00, '', '', NULL, '1', NULL),
(495, '47', '62', '279', '', 'HORLICKS MILLET CHOCOLATE 400G ICON JAR', 0, '<p>Give yourself a complete boost with Horlicks Chocolate Millet. This drink mix is sure to add a dash of deliciousness to milk along with a punch of flavours. It makes milk taste so good that you will be left wanting for more. It&#39;s made from the finest quality ingredients, so that you get a product that combines quality and affordability at the same time.&nbsp;</p>\r\n', '', '', '', 269.00, '', '', NULL, '1', NULL),
(496, '47', '62', '399', '', 'MILLATE CHOCOLATE HORLICKS 600G BIB', 0, '<p>Goodness of multimillets in yummy chocolate flavour. Contains Finger Millet (Ragi), Sorghum (Jowar), Foxtail Millet (Kanngani) and Pearl Millet (Bajra).. Contais calcium protein and iron; critical for your child&#39;s growth. Dosen&#39;t require cooking. Makes millets tasty.&nbsp;</p>\r\n', '', '', '', 379.00, '', '', NULL, '1', NULL),
(497, '47', '62', '370', '', 'CHOCOLATE HORLICKS REFILL 750G', 0, '<p>Malt based food Drink that has nutrients to support immunity.Clinically proven to improve 5 signs of growth. Clinically proven to make kids Taller|| Stronger &amp; Sharper. Scientifically proven to improve Power of Milk. It helps in holistic development of Children.&nbsp;</p>\r\n\r\n<p>&nbsp;</p>\r\n', '', '', '', 349.00, '', '', NULL, '1', NULL),
(498, '47', '62', '249', '', 'CHOCOLATE HORLICKS PET JAR 500G', 0, '<p>Give yourself a complete boost with Horlicks Chocolate Millet. This drink mix is sure to add a dash of deliciousness to milk along with a punch of flavours. It makes milk taste so good that you will be left wanting for more. It&#39;s made from the finest quality ingredients, so that you get a product that combines quality and affordability at the same time.&nbsp;</p>\r\n', '', '', '', 239.00, '', '', NULL, '1', NULL),
(499, '47', '62', '1250', '', 'STANDARD HORLICKS CONTAINER 2KG', 0, '<p>India&#39;s #1 Nutrition Drink. Helps kids be Tall, Strong, Sharp. Contains 27 vital nutrients for all-round growth. Nutrients to support mental and physical development. With Zinc and Vitamin E to boost immunity. Also available in Chocolate delight Flavor.&nbsp;</p>\r\n', '', '', '', 1199.00, '', '', NULL, '1', NULL),
(500, '47', '63', '5', '', 'BOOST SACHET RS.5/-', 0, '<p>Has nutrients which help in maintenance of optimal bone &amp; muscle strength. Enriched with Iron|| Vitamin A|| B12|| B6 and C. Delicious chocolate flavoured drink. fortified with 17 essential vitamins and minerals. Boost has nutrients which help in optimal utilization of oxygen. Boost is clinically proven to increase stamina by 3 times (3X) more.&nbsp;</p>\r\n', '', '', '', 4.80, '', '', NULL, '1', NULL),
(501, '47', '63', '10', '', 'BOOST SACHET RS.10/-', 0, '<p>Has nutrients which help in maintenance of optimal bone &amp; muscle strength. Enriched with Iron|| Vitamin A|| B12|| B6 and C. Delicious chocolate flavoured drink. fortified with 17 essential vitamins and minerals. Boost has nutrients which help in optimal utilization of oxygen. Boost is clinically proven to increase stamina by 3 times (3X) more.&nbsp;</p>\r\n', '', '', '', 9.60, '', '', NULL, '1', NULL),
(502, '47', '63', '3', '', 'BOOST SACHET RS.3/-', 0, '<p>Has nutrients which help in maintenance of optimal bone &amp; muscle strength. Enriched with Iron|| Vitamin A|| B12|| B6 and C. Delicious chocolate flavoured drink. fortified with 17 essential vitamins and minerals. Boost has nutrients which help in optimal utilization of oxygen. Boost is clinically proven to increase stamina by 3 times (3X) more.&nbsp;</p>\r\n', '', '', '', 2.90, '', '', NULL, '1', NULL),
(503, '47', '63', '124', '', 'BOOST PET JAR 200G', 0, '<p>Has nutrients which help in maintenance of optimal bone &amp; muscle strength. Enriched with Iron|| Vitamin A|| B12|| B6 and C. Delicious chocolate flavoured drink. fortified with 17 essential vitamins and minerals. Boost has nutrients which help in optimal utilization of oxygen. Boost is clinically proven to increase stamina by 3 times (3X) more.&nbsp;</p>\r\n\r\n<p>&nbsp;</p>\r\n\r\n<p>&nbsp;</p>\r\n', '', '', '', 119.00, '', '', NULL, '1', NULL),
(504, '47', '63', '299', '', 'BOOST PET JAR 500G', 0, '<p>Has nutrients which help in maintenance of optimal bone &amp; muscle strength. Enriched with Iron|| Vitamin A|| B12|| B6 and C. Delicious chocolate flavoured drink. fortified with 17 essential vitamins and minerals. Boost has nutrients which help in optimal utilization of oxygen. Boost is clinically proven to increase stamina by 3 times (3X) more.&nbsp;</p>\r\n', '', '', '', 285.00, '', '', NULL, '1', NULL),
(505, '47', '63', '239', '', 'BOOST POUCH 500G', 0, '<p>Builds stamina &amp; contains nutrients which help release energy from food. Has nutrients which help in maintenance of optimal bone &amp; muscle strength. Enriched with iron, vitamin A, B12, B6 and C. Delicious chocolate flavoured drink, fortified with 17 essential vitamins and minerals. Boost has nutrients which help in optimal utilization of oxygen. Boost is clinically proven to increase stamina by 3 times (3x) more.&nbsp;</p>\r\n', '', '', '', 229.00, '', '', NULL, '1', NULL),
(506, '47', '63', '99', '', 'BOOST POUCH 200G', 0, '<p>Builds stamina &amp; contains nutrients which help release energy from food. Has nutrients which help in maintenance of optimal bone &amp; muscle strength. Enriched with iron, vitamin A, B12, B6 and C. Delicious chocolate flavoured drink, fortified with 17 essential vitamins and minerals. Boost has nutrients which help in optimal utilization of oxygen.&nbsp;</p>\r\n', '', '', '', 95.00, '', '', NULL, '1', NULL),
(507, '47', '63', '549', '', 'BOOST POUCH 1KG', 0, '<p>Builds stamina &amp; contains nutrients which help release energy from food. Has nutrients which help in maintenance of optimal bone &amp; muscle strength. Enriched with iron, vitamin A, B12, B6 and C. Delicious chocolate flavoured drink, fortified with 17 essential vitamins and minerals. Boost has nutrients which help in optimal utilization of oxygen.&nbsp;</p>\r\n', '', '', '', 519.00, '', '', NULL, '1', NULL),
(508, '47', '63', '40', '', 'BOOST RTD 180ML', 0, '<p>Boost chocolate flavour milk in new ready to drink pack. Important for healthy blood to support optimal oxygen carrying capacity essential for stamina. Country of Origin: India.&nbsp;</p>\r\n', '', '', '', 37.00, '', '', NULL, '1', NULL),
(509, '47', '63', '299', '', 'BOOST REFILL 500G', 0, '<p>Has nutrients which help in maintenance of optimal bone &amp; muscle strength. Enriched with Iron|| Vitamin A|| B12|| B6 and C. Delicious chocolate flavoured drink. Boost has nutrients which help in optimal utilization of oxygen. Boost is clinically proven to increase stamina by 3 times (3X) more.&nbsp;</p>\r\n', '', '', '', 285.00, '', '', NULL, '1', NULL),
(510, '47', '63', '469', '', 'BOOST REFILL 750G', 0, '<p>Has nutrients which help in maintenance of optimal bone &amp; muscle strength. Enriched with Iron|| Vitamin A|| B12|| B6 and C. Delicious chocolate flavoured drink. Boost has nutrients which help in optimal utilization of oxygen. Boost is clinically proven to increase stamina by 3 times (3X) more.&nbsp;</p>\r\n\r\n<p>&nbsp;</p>\r\n\r\n<p>&nbsp;</p>\r\n', '', '', '', 449.00, '', '', NULL, '1', NULL),
(511, '47', '63', '595', '', 'BOOST CONTAINER 1KG', 0, '<p>Has nutrients which help in maintenance of optimal bone &amp; muscle strength. Enriched with Iron|| Vitamin A|| B12|| B6 and C. Delicious chocolate flavoured drink. Boost has nutrients which help in optimal utilization of oxygen. Boost is clinically proven to increase stamina by 3 times (3X) more.&nbsp;</p>\r\n', '', '', '', 559.00, '', '', NULL, '1', NULL),
(512, '47', '62', '330', '', 'JUNIOR HORLICKS VANILLA PET JAR 500G', 0, '<p>Specialized nutrition food for fussy toddlers (2 to 6 years age group). Junior Horlicks is a nutritional beverage which as part of a diet helps meet your child&#39;s nutritional requirement. nutrients such as Calcium|| Vitamin D|| Vitamin K1 &amp; Protein that are known to support physical growth &amp; development.&nbsp;</p>\r\n', '', '', '', 315.00, '', '', NULL, '1', NULL),
(513, '47', '62', '235', '', 'JUNIOR HORLICKS VANILLA POUCH 500G', 0, '<p>Specialized nutrition food for fussy toddlers (2 to 6 years age group). Junior Horlicks is a nutritional beverage which as part of a diet helps meet your child&#39;s nutritional requirement. nutrients such as Calcium|| Vitamin D|| Vitamin K1 &amp; Protein that are known to support physical growth &amp; development.&nbsp;</p>\r\n', '', '', '', 225.00, '', '', NULL, '1', NULL),
(514, '47', '62', '130', '', 'JUNIOR HORLICKS VANILLA BIB 200G', 0, '<p>Specialized nutrition food for fussy toddlers (2 to 6 years age group). Junior Horlicks is a nutritional beverage which as part of a diet helps meet your child&#39;s nutritional requirement. nutrients such as Calcium|| Vitamin D|| Vitamin K1 &amp; Protein that are known to support physical growth &amp; development.&nbsp;</p>\r\n\r\n<p>&nbsp;</p>\r\n\r\n<p>&nbsp;</p>\r\n', '', '', '', 125.00, '', '', NULL, '1', NULL),
(515, '47', 'Select a Ca', '650', '', 'JUNIOR HORLICKS VANILLA REFILL 1KG', 0, '<p>Specialized nutrition food for fussy toddlers (2 to 6 years age group). Junior Horlicks is a nutritional beverage which as part of a diet helps meet your child&#39;s nutritional requirement. nutrients such as Calcium|| Vitamin D|| Vitamin K1 &amp; Protein that are known to support physical growth &amp; development.&nbsp;</p>\r\n\r\n<p>&nbsp;</p>\r\n\r\n<p>&nbsp;</p>\r\n', '', '', '', 619.00, '', '', NULL, '1', NULL),
(516, '47', '62', '330', '', 'JUNIOR HORLICKS VANILLA REFILL 500G', 0, '<p>Specialized nutrition food for fussy toddlers (2 to 6 years age group). Junior Horlicks is a nutritional beverage which as part of a diet helps meet your child&#39;s nutritional requirement. nutrients such as Calcium|| Vitamin D|| Vitamin K1 &amp; Protein that are known to support physical growth &amp; development.&nbsp;</p>\r\n', '', '', '', 315.00, '', '', NULL, '1', NULL),
(517, '47', '62', '330', '', 'JUNIOR HORLICKS CHOCOLATE PET JAR 500G', 0, '<p>Specialized nutrition food for fussy toddlers (2 to 6 years age group). Junior Horlicks is a nutritional food powder which as part of a balanced diet helps meet your child&#39;s nutritional requirement. right amounts of protein, Calcium, Vitamin D, Vitamin K1 to help support the physical growth of your child.&nbsp;</p>\r\n', '', '', '', 315.00, '', '', NULL, '1', NULL),
(518, '47', '64', '675', '', 'HORLICKS PROTEIN PLUS CHOCOLATE CONTAINER 400G', 0, '<p>Scientifically Designed High Protein Drink. Triple Protein Blend. 3 High Quality Proteins. 34 G Protein In 100 g. Helps Meet Your Daily Protein Needs.&nbsp;</p>\r\n', '', '', '', 603.00, '', '', NULL, '1', NULL),
(519, '47', '64', '675', '', 'HORLICKS PROTEIN PLUS VANILLA CONTAINER 400G', 0, '<p>Scientifically Designed High Protein Drink. Triple Protein Blend.3 High Quality Proteins. 34 G Protein In 100 g. Protein For Strength. Helps Meet Your Daily Protein Needs.&nbsp;</p>\r\n', '', '', '', 605.00, '', '', NULL, '1', NULL),
(520, '47', '64', '595', '', 'MOTHERS HORLICKS KESAR REFILL 500G', 0, '<p>Scientifically Designed Nutrition For Pregnancy And Lactation. 25 Vital Nutrients. Protein For Healthy Birth Weight. Dha For Brain Development. No Added Sugar.&nbsp;</p>\r\n', '', '', '', 559.00, '', '', NULL, '1', NULL),
(521, '47', '64', '595', '', 'MOTHERS HORLICKS REFILL 500G', 0, '<p>Scientifically Designed Nutrition For Pregnancy And Lactation. 25 Vital Nutrients. Protein For Healthy Birth Weight. Dha For Brain Development. No Added Sugar.&nbsp;</p>\r\n\r\n<p>&nbsp;</p>\r\n\r\n<p>&nbsp;</p>\r\n', '', '', '', 559.00, '', '', NULL, '1', NULL),
(522, '47', '64', '295', '', 'MOTHERS HORLICKS REFILL 200G', 0, '<p>Scientifically Designed Nutrition For Pregnancy And Lactation. 25 Vital Nutrients. Protein For Healthy Birth Weight. Dha For Brain Development. No Added Sugar.&nbsp;</p>\r\n\r\n<p>&nbsp;</p>\r\n\r\n<p>&nbsp;</p>\r\n', '', '', '', 285.00, '', '', NULL, '1', NULL),
(523, '47', '65', '365', '', 'WOMENS HORLICKS CHOCOLATE PET JAR 400G', 0, '<p>Bones form the structural framework of the human body. Up until the age of 30, bone formation is faster than bone loss, which causes the skeleton to grow both in size and density, resulting in an overall increase in bone mass. After the age of 30, bone mineral density may start to decrease. Unfortunately, there are no visible signs of weak bones. They often go unnoticed over many years, with no symptoms or discomfort until a bone breaks. To maintain strong bones you don&rsquo;t just need an adequate intake of Calcium, but also Vitamin D for Calcium absorption and Vitamin K2 for binding Calcium to bones, daily. Remember, Vitamin K2 is not commonly found in the Indian diet, and Vitamin D is not even available in your daily diet.</p>\r\n', '', '', '', 345.00, '', '', NULL, '1', NULL),
(524, '47', '65', '330', '', 'WOMENS HORLICKS CHOCOLATE REFILL 400G', 0, '<p>Bones form the structural framework of the human body. Up until the age of 30, bone formation is faster than bone loss, which causes the skeleton to grow both in size and density, resulting in an overall increase in bone mass. After the age of 30, bone mineral density may start to decrease. Unfortunately, there are no visible signs of weak bones.&nbsp;</p>\r\n', '<p>Bones form the structural framework of the human body. Up until the age of 30, bone formation is faster than bone loss, which causes the skeleton to grow both in size and density, resulting in an overall increase in bone mass. After the age of 30, bone mineral density may start to decrease. Unfortunately, there are no visible signs of weak bones. They often go unnoticed over many years, with no symptoms or discomfort until a bone breaks. To maintain strong bones you don&rsquo;t just need an adequate intake of Calcium, but also Vitamin D for Calcium absorption and Vitamin K2 for binding Calcium to bones, daily. Remember, Vitamin K2 is not commonly found in the Indian diet, and Vitamin D is not even available in your daily diet.</p>\r\n', '', '', 315.00, '', '', NULL, '1', NULL),
(525, '47', '65', '160', '', 'WOMENS HORLICKS CARAMEL REFILL 200G', 0, '<p>Rich in antioxidants [vitamins A, E, selenium, zinc and copper] essential during pregnancy and lactation. Promote all round development of the baby. Improve the birth weight of the baby. Improve the quality and quantity of breast milk during lactation.&nbsp;</p>\r\n', '', '', '', 155.00, '', '', NULL, '1', NULL),
(526, '47', '65', '320', '', 'WOMENS HORLICKS CARAMEL REFILL 400G', 0, '<p>Rich in antioxidants [vitamins A, E, selenium, zinc and copper] essential during pregnancy and lactation. Promote all round development of the baby. Improve the birth weight of the baby. Improve the quality and quantity of breast milk during lactation.&nbsp;</p>\r\n', '', '', '', 305.00, '', '', NULL, '1', NULL),
(527, '47', '66', '280', '', 'VIVA REFILL 500G', 0, '<p>Contains combination of essential vitamins, iron, calcium and phosphorous. Contains natural goodness of milk, wheat and malted barley.&nbsp;</p>\r\n\r\n<p>&nbsp;</p>\r\n', '', '', '', 269.00, '', '', NULL, '1', NULL),
(528, '47', '66', '295', '', 'VIVA PET JAR 500G', 0, '<p>Contains combination of essential vitamins, iron, calcium and phosphorous. Contains natural goodness of milk, wheat and malted barley.&nbsp;</p>\r\n\r\n<p>&nbsp;</p>\r\n\r\n<p>&nbsp;</p>\r\n', '', '', '', 285.00, '', '', NULL, '1', NULL),
(529, '47', '62', '399', '', 'HORLICKS DIABETES PLUS VAN 200G BIB', 0, '<p>Helps Reduce Cholesterol. Supports weight management. FOOD FOR SPECIAL DIETARY USE - Food for helping manage blood glucose.&nbsp;</p>\r\n', '', '', '', 369.00, '', '', NULL, '1', NULL),
(530, '47', '62', '790', '', 'HORLICKS DIABETES PLUS VANILLA JAR 400G', 0, '<p>Helps Manage Blood Sugar. Helps Reduce Cholesterol. Supports weight management. Zero Added Sugar. Dual Blend High Fibre. FOOD FOR SPECIAL DIETARY USE - Food for helping manage blood glucose.&nbsp;</p>\r\n', '', '', '', 725.00, '', '', NULL, '1', NULL),
(531, '47', '62', '399', '', 'HORLICKS DIABETES PLUS 200G BIB CHOCOLATE ', 0, '<p>Helps Manage Blood Sugar. Helps Reduce Cholesterol. Supports weight management. Zero Added Sugar. Dual Blend High Fibre. FOOD FOR SPECIAL DIETARY USE - Food for helping manage blood glucose.&nbsp;</p>\r\n\r\n<p>&nbsp;</p>\r\n\r\n<p>&nbsp;</p>\r\n', '', '', '', 369.00, '', '', NULL, '1', NULL),
(532, '47', '62', '790', '', 'HORLICKS DIABETES PLUS 400G BIB CHOCOLATE ', 0, '<p>Helps Manage Blood Sugar. Helps Reduce Cholesterol. Supports weight management. Zero Added Sugar. Dual Blend High Fibre. FOOD FOR SPECIAL DIETARY USE - Food for helping manage blood glucose.&nbsp;</p>\r\n\r\n<p>&nbsp;</p>\r\n\r\n<p>&nbsp;</p>\r\n', '', '', '', 725.00, '', '', NULL, '1', NULL),
(533, '47', '62', '1850', '', 'HORLICKS DIABETES PLUS 1KG CONTTAINER - VANILLA', 0, '<p>Helps Manage Blood Sugar. Helps Reduce Cholesterol. Supports weight management. Zero Added Sugar. Dual Blend High Fibre. FOOD FOR SPECIAL DIETARY USE - Food for helping manage blood glucose.&nbsp;</p>\r\n\r\n<p>&nbsp;</p>\r\n\r\n<p>&nbsp;</p>\r\n', '', '', '', 1699.00, '', '', NULL, '1', NULL),
(534, '47', '62', '650', '', 'HORLICKS GROWTH PLUS VANILLA CONTAINER 400G', 0, '<p>Helps Manage Blood Sugar. Helps Reduce Cholesterol. Supports weight management. Zero Added Sugar. Dual Blend High Fibre. FOOD FOR SPECIAL DIETARY USE - Food for helping manage blood glucose.&nbsp;</p>\r\n', '', '', '', 599.00, '', '', NULL, '1', NULL),
(535, '47', '62', '699', '', 'HORLICKS STRENGTH PLUS 350G BIB', 0, '<p>Balanced Nutrition for Strength: Horlicks Strength Plus is specifically formulated to address the nutritional needs of ageing adults. It provides balanced nutrition to bridge the daily nutrition gap.Easy-to-Digest Protein and Leucine: Tailored for the ageing body, Horlicks Strength Plus contains easy-to-digest protein. .</p>\r\n', '', '', '', 640.00, '', '', NULL, '1', NULL),
(536, '46', '25', '23', '', 'SAKTHI TURMERIC POWDER 50GM', 0, '<p>Made from quality ingredients. High curcumin content. Enhances the taste. Has dual culinary and medicinal properties. No added preservatives.&nbsp;</p>\r\n', '', '', '', 12.00, '', '', NULL, '1', NULL),
(537, '46', '25', '45', '', 'SAKTHI TURMERIC POWDER 100GM', 0, '<p>Made from quality ingredients. High curcumin content. Enhances the taste. Has dual culinary and medicinal properties. No added preservatives.&nbsp;</p>\r\n\r\n<p>&nbsp;</p>\r\n\r\n<p>&nbsp;</p>\r\n', '', '', '', 24.00, '', '', NULL, '1', NULL),
(538, '46', '25', '', '', 'SAKTHI TURMERIC POWDER 200GM', 0, '<p>Made from quality ingredients. High curcumin content. Enhances the taste. Has dual culinary and medicinal properties. No added preservatives.&nbsp;</p>\r\n\r\n<p>&nbsp;</p>\r\n\r\n<p>&nbsp;</p>\r\n', '', '', '', 47.00, '', '', NULL, '1', NULL),
(539, '46', '25', '', '', 'SAKTHI TURMERIC POWDER 500GM', 0, '<p>Made from quality ingredients. High curcumin content. Enhances the taste. Has dual culinary and medicinal properties. No added preservatives.&nbsp;</p>\r\n\r\n<p>&nbsp;</p>\r\n\r\n<p>&nbsp;</p>\r\n', '', '', '', 118.00, '', '', NULL, '1', NULL),
(540, '46', '25', '30.5', '', 'SAKTHI CHILLI POWDER 50G', 0, '<p>A taste and colour enhancer for Indian curries. Enhances taste and colour of food. No added colors. Made from freshly ground whole dried chillies.&nbsp;</p>\r\n', '', '', '', 16.00, '', '', NULL, '1', NULL),
(541, '46', '25', '61', '', 'SAKTHI CHILLI POWDER 100G', 0, '<p>A taste and colour enhancer for Indian curries. Enhances taste and colour of food. No added colors. Made from freshly ground whole dried chillies.&nbsp;</p>\r\n', '', '', '', 30.00, '', '', NULL, '1', NULL),
(542, '46', '25', '', '', 'SAKTHI CHILLI POWDER 200GM', 0, '<p>A taste and colour enhancer for Indian curries. Enhances taste and colour of food. No added colors. Made from freshly ground whole dried chillies.&nbsp;</p>\r\n', '', '', '', 145.00, '', '', NULL, '1', NULL),
(543, '46', '25', '16', '', 'SAKTHI CORIANDER POWDER 50GM', 0, '<p>Distinctive fragrance of coriander powder. Make your curries more aromatic and flavorful. Turns any vegetable into a tasty treat. Excellent to use in curries, salsas, dips, relishes. No preservatives added.&nbsp;</p>\r\n', '', '', '', 11.00, '', '', NULL, '1', NULL),
(544, '46', '25', '31', '', 'SAKTHI CORIANDER POWDER 100GM', 0, '<p>Distinctive fragrance of coriander powder. Make your curries more aromatic and flavorful. Turns any vegetable into a tasty treat. Excellent to use in curries, salsas, dips, relishes. No preservatives added.&nbsp;</p>\r\n', '', '', '', 19.00, '', '', NULL, '1', NULL),
(545, '46', '25', '', '', 'SAKTHI CORIANDER POWDER 200GM', 0, '<p>Distinctive fragrance of coriander powder. Make your curries more aromatic and flavorful. Turns any vegetable into a tasty treat. Excellent to use in curries, salsas, dips, relishes. No preservatives added.&nbsp;</p>\r\n\r\n<p>&nbsp;</p>\r\n\r\n<p>&nbsp;</p>\r\n', '', '', '', 36.00, '', '', NULL, '1', NULL),
(546, '46', '25', '', '', 'SAKTHI CORIANDER POWDER 500GM', 0, '<p>Distinctive fragrance of coriander powder. Make your curries more aromatic and flavorful. Turns any vegetable into a tasty treat. Excellent to use in curries, salsas, dips, relishes. No preservatives added.&nbsp;</p>\r\n', '', '', '', 92.00, '', '', NULL, '1', NULL),
(547, '46', '25', '29', '', 'SAKTHI SAMBAR POWDER 50GM', 0, '<p>Made using fresh and quality ingredients. It does not contain any artificial colourings or preservatives. This sambhar powder will make your sambhar more delicious. No onion garlic. Flavoureful in taste.&nbsp;</p>\r\n', '', '', '', 19.00, '', '', NULL, '1', NULL),
(548, '46', '25', '59', '', 'SAKTHI SAMBAR POWDER 100GM', 0, '<p>Made using fresh and quality ingredients. It does not contain any artificial colourings or preservatives. This sambhar powder will make your sambhar more delicious. No onion garlic. Flavoureful in taste.&nbsp;</p>\r\n', '', '', '', 35.00, '', '', NULL, '1', NULL),
(549, '46', '25', '', '', 'SAKTHI SAMBAR POWDER 200GM', 0, '<p>Made using fresh and quality ingredients. It does not contain any artificial colourings or preservatives. This sambhar powder will make your sambhar more delicious. No onion garlic. Flavoureful in taste.&nbsp;</p>\r\n', '', '', '', 69.00, '', '', NULL, '1', NULL),
(550, '46', '25', '', '', 'SAKTHI SAMBAR POWDER 500GM', 0, '<p>Made using fresh and quality ingredients. It does not contain any artificial colourings or preservatives. This sambhar powder will make your sambhar more delicious. No onion garlic. Flavoureful in taste.&nbsp;</p>\r\n\r\n<p>&nbsp;</p>\r\n\r\n<p>&nbsp;</p>\r\n', '', '', '', 172.00, '', '', NULL, '1', NULL),
(551, '46', '25', '35', '', 'SAKTHI CURRY POWDER 50GM', 0, '<p>Sakthi Curry Powder is made from a fresh and selected variety of whole spices that are pounded to perfection. Add a teaspoon of this masala to dals, vegetable dishes and meat and chicken curries to give them a flavourful twist.&nbsp;</p>\r\n', '', '', '', 22.00, '', '', NULL, '1', NULL),
(552, '46', '25', '70', '', 'SAKTHI CURRY POWDER 100GM', 0, '<p>Sakthi Curry Powder is made from a fresh and selected variety of whole spices that are pounded to perfection. Add a teaspoon of this masala to dals, vegetable dishes and meat and chicken curries to give them a flavourful twist.&nbsp;</p>\r\n', '', '', '', 40.00, '', '', NULL, '1', NULL),
(553, '46', '25', '', '', 'SAKTHI CURRY POWDER 200GM', 0, '<p>Sakthi Curry Powder is made from a fresh and selected variety of whole spices that are pounded to perfection. Add a teaspoon of this masala to dals, vegetable dishes and meat and chicken curries to give them a flavourful twist.&nbsp;</p>\r\n\r\n<p>&nbsp;</p>\r\n\r\n<p>&nbsp;</p>\r\n', '', '', '', 80.00, '', '', NULL, '1', NULL),
(554, '46', '25', '', '', 'SAKTHI CURRY POWDER 500GM', 0, '<p>Sakthi Curry Powder is made from a fresh and selected variety of whole spices that are pounded to perfection. Add a teaspoon of this masala to dals, vegetable dishes and meat and chicken curries to give them a flavourful twist.&nbsp;</p>\r\n\r\n<p>&nbsp;</p>\r\n\r\n<p>&nbsp;</p>\r\n', '', '', '', 196.00, '', '', NULL, '1', NULL),
(555, '46', '25', '26', '', 'SAKTHI CHICKEN MASALA 50G', 0, '<p>What makes a dish authentically Indian is its spice. And, Sakthi Chicken Masala promises you that authenticity when it comes to aroma and flavour. Made from the choicest blend of spices, this masala gives your chicken curry a rich texture and taste.&nbsp;</p>\r\n', '', '', '', 20.00, '', '', NULL, '1', NULL),
(556, '46', '25', '52', '', 'SAKTHI CHICKEN MASALA 100G', 0, '<p>What makes a dish authentically Indian is its spice. And, Sakthi Chicken Masala promises you that authenticity when it comes to aroma and flavour. Made from the choicest blend of spices, this masala gives your chicken curry a rich texture and taste.&nbsp;</p>\r\n\r\n<p>&nbsp;</p>\r\n\r\n<p>&nbsp;</p>\r\n', '', '', '', 35.00, '', '', NULL, '1', NULL),
(557, '46', '25', '', '', 'SAKTHI CHICKEN MASALA 200G', 0, '<p>What makes a dish authentically Indian is its spice. And, Sakthi Chicken Masala promises you that authenticity when it comes to aroma and flavour. Made from the choicest blend of spices, this masala gives your chicken curry a rich texture and taste.&nbsp;</p>\r\n', '', '', '', 67.00, '', '', NULL, '1', NULL),
(558, '46', '25', '', '', 'SAKTHI CHICKEN MASALA 500G', 0, '<p>What makes a dish authentically Indian is its spice. And, Sakthi Chicken Masala promises you that authenticity when it comes to aroma and flavour. Made from the choicest blend of spices, this masala gives your chicken curry a rich texture and taste.&nbsp;</p>\r\n', '', '', '', 172.00, '', '', NULL, '1', NULL),
(559, '46', '25', '35', '', 'SAKTHI MUTTON MASALA 50G', 0, '<p>Sakthi Mutton masala is made from exotic and fine ingredients that predominates the taste of mutton. It forms into a thick, rich and flavourful gravy that goes well with chapati and rice varieties and can also be used in preparing vegetarian dishes.&nbsp;</p>\r\n', '', '', '', 22.00, '', '', NULL, '1', NULL),
(560, '46', '25', '69', '', 'SAKTHI MUTTON MASALA 100G', 0, '<p>Sakthi Mutton masala is made from exotic and fine ingredients that predominates the taste of mutton. It forms into a thick, rich and flavourful gravy that goes well with chapati and rice varieties and can also be used in preparing vegetarian dishes.&nbsp;</p>\r\n', '', '', '', 41.00, '', '', NULL, '1', NULL),
(561, '46', '25', '', '', 'SAKTHI MUTTON MASALA 200G', 0, '<p>Sakthi Mutton masala is made from exotic and fine ingredients that predominates the taste of mutton. It forms into a thick, rich and flavourful gravy that goes well with chapati and rice varieties and can also be used in preparing vegetarian dishes.&nbsp;</p>\r\n\r\n<p>&nbsp;</p>\r\n\r\n<p>&nbsp;</p>\r\n', '', '', '', 79.00, '', '', NULL, '1', NULL),
(562, '46', '25', '', '', 'SAKTHI MUTTON MASALA 500G', 0, '<p>Sakthi Mutton masala is made from exotic and fine ingredients that predominates the taste of mutton. It forms into a thick, rich and flavourful gravy that goes well with chapati and rice varieties and can also be used in preparing vegetarian dishes.&nbsp;</p>\r\n', '', '', '', 198.00, '', '', NULL, '1', NULL),
(563, '46', '25', '28', '', 'SAKTHI BIRIYANI MASALA 50G', 0, '<p>Sakthi Biryani Masala is a robust blend of spice that can make Biryani and Pulav dishes delicious. It has an aromatic flavour that makes your rice dishes more flavourful and aromatic. Sakthi Biryani Masala offers an exotic blend of masala to enhance the taste of food items. Sakhti is an Indian brand that manufactures superior quality products of international standards.&nbsp;</p>\r\n', '', '', '', 44.00, '', '', NULL, '1', NULL),
(564, '46', '25', '40', '', 'SAKTHI KARAM MASALA 50G', 0, '<p>Using Garam Masala in Indian cooking is a trend that is followed since ages. Garam Masala is acclaimed for its aroma and flavour. Sakthi Super Garam Masala is a unique assortment of traditional spices. Add it to your savoury veg and non-veg curry, lentils or sprinkle on your ordinary snacks for a delectable twist.&nbsp;</p>\r\n', '', '', '', 25.00, '', '', NULL, '1', NULL),
(565, '46', '25', '30', '', 'FISH CURRY MASALA 50G', 0, '<p>Sakthi Fish Curry Masala is another popular spice mix from the Sakthi Masala brand, specifically tailored for preparing fish curries. Like other Sakthi Masala products, Sakthi Fish Curry Masala contains a blend of spices and herbs that are essential for creating the distinct flavors of fish curries.&nbsp;</p>\r\n', '', '', '', 20.00, '', '', NULL, '1', NULL),
(566, '46', '25', '37', '', 'FISH FRY MASALA 50G', 0, '<p>Sakthi Fish Fry Masala is an elaborate blend of hand-picked spices that can make a sumptuous fish curry. Easy to cook finger licking good, a delicious fish curry tastes best with steamed rice, though also enjoyed with paranthas or dosa.</p>\r\n', '', '', '', 20.00, '', '', NULL, '1', NULL),
(567, '46', '25', '70', '', 'SAKTHI BLOCK PEPPER POWDER ', 0, '<p>Sakthi Black Pepper powder is made from the good quality black pepper. It has a strong flavour and can be added to cooking preparations for an extra taste. Adds a rich taste and colour to dishes. You can also add it to soups, salads, omelets etc. No artificial flavours and preservatives.&nbsp;</p>\r\n', '', '', '', 41.50, '', '', NULL, '1', NULL),
(568, '46', '25', '92', '', 'SAKTHI BAJJI -BONDA POWDER 500G', 0, '<p>Bajji-Bonda is a favourite among both young and old. Sakthi Bajji-Bonda Powder is a ready-to-mix powder that gives your delicious evening snack, Bajji-Bonda, a spicy and tangy twist. Easy to make instant and delightful bhaji with this powder which will definitely make your even mood.&nbsp;</p>\r\n', '', '', '', 78.00, '', '', NULL, '1', NULL),
(569, '46', '25', '42', '', 'SAKTHI BAJJI-BONDA POWDER 200G', 0, '<p>young and old. Sakthi Bajji-Bonda Powder is a ready-to-mix powder that gives your delicious evening snack, Bajji-Bonda, a spicy and tangy twist. Easy to make instant and delightful bhaji with this powder which will definitely make your even mood.&nbsp;</p>\r\n', '', '', '', 32.00, '', '', NULL, '1', NULL),
(570, '46', '25', '38', '', 'SAKTHI APPALAM SPL ', 0, '<p>Good appetizer and a source for digestion.Papads are made of lentils, hence are free from gluten, and rich in protein and dietary fiber. Roasted or grilled papad helps to absorb the fatty material from the mouth and throat.</p>\r\n', '', '', '', 22.00, '', '', NULL, '1', NULL),
(571, '46', '25', '58', '', 'SAKTHI APPALAM NO.4', 0, '<p>Good appetizer and a source for digestion.Papads are made of lentils, hence are free from gluten, and rich in protein and dietary fiber. Roasted or grilled papad helps to absorb the fatty material from the mouth and throat.</p>\r\n', '', '', '', 30.00, '', '', NULL, '1', NULL),
(572, '46', '25', '42', '', 'SAKTHI RASAM POWDER 50G', 0, '<p>A versatile spice blend that adds a fragrant and flavorful touch to any dish, perfect for enhancing the taste of home-cooked meals.&nbsp;</p>\r\n', '', '', '', 27.00, '', '', NULL, '1', NULL),
(573, '46', '25', '', '', 'SAKTHI RASAM POWDER 100G', 0, '<p>A versatile spice blend that adds a fragrant and flavorful touch to any dish, perfect for enhancing the taste of home-cooked meals.&nbsp;</p>\r\n\r\n<p>&nbsp;</p>\r\n\r\n<p>&nbsp;</p>\r\n', '', '', '', 51.00, '', '', NULL, '1', NULL),
(574, '43', '8', '180', '', 'USHA COOKING OIL 1L', 0, '<p>Usha Refined Sunflower Oil is a high-quality, healthy cooking oil made from carefully selected sunflower seeds. With its light and delicate flavor, this oil is perfect for all your cooking needs &ndash; from saut&eacute;ing and frying to baking and dressing salads. Usha&rsquo;s advanced refining process ensures that the oil retains all its natural nutrients, making it a wholesome choice for you and your family.&nbsp;</p>\r\n', '', '', '', 156.00, '', '', NULL, '1', NULL),
(575, '43', '8', '90', '', 'USHA COOKING OIL 1/2L', 0, '<p>Usha Refined Sunflower Oil is a high-quality, healthy cooking oil made from carefully selected sunflower seeds. With its light and delicate flavor, this oil is perfect for all your cooking needs &ndash; from saut&eacute;ing and frying to baking and dressing salads. Usha&rsquo;s advanced refining process ensures that the oil retains all its natural nutrients, making it a wholesome choice for you and your family.&nbsp;</p>\r\n', '', '', '', 80.00, '', '', NULL, '1', NULL),
(576, '43', '8', '240', '', 'TVS GOLD 1L', 0, '<p>Designed to withstand extreme conditions, the Gold Prime is the toughest mechanical keyboard one can buy in the market. In addition to being user-friendly and compatible, the product is resistant to dust.</p>\r\n', '', '', '', 147.00, '', '', NULL, '1', NULL),
(577, '43', '8', '130', '', 'TVS GOLD 1/2', 0, '<p>the Gold Prime is the toughest mechanical keyboard one can buy in the market. In addition to being user-friendly and compatible, the product is resistant to dust.</p>\r\n\r\n<p>&nbsp;</p>\r\n\r\n<p>&nbsp;</p>\r\n', '', '', '', 75.00, '', '', NULL, '1', NULL),
(578, '43', '8', ' 214', '', 'PR GROUNDED OIL 1L', 0, '<p>Cold pressed oil. 100 percent certified organic product. No GMO used in production.&nbsp;</p>\r\n', '', '', '', 160.00, '', '', NULL, '1', NULL),
(579, '43', '8', '109', '', 'PR GROUNDED OIL 1/2L', 0, '<p>Cold pressed oil. 100 percent certified organic product. No GMO used in production.&nbsp;</p>\r\n\r\n<p>&nbsp;</p>\r\n\r\n<p>&nbsp;</p>\r\n', '', '', '', 80.00, '', '', NULL, '1', NULL),
(580, '43', '8', '25', '', ' MUYAL CASTOR OIL 50ML', 0, '<p>100% PURE &amp; NATURAL - Our castor oil is cold-pressed to retain its full potency and purity, ensuring a chemical-free product rich in essential nutrients.Deeply nourishes and hydrates skin, locking in moisture for a smooth, glowing complexion without clogging pores.&nbsp;</p>\r\n', '', '', '', 12.50, '', '', NULL, '1', NULL),
(581, '42', '24', '2050', '', 'V K R SIVAJI RICE 25KG', 200, '<p>Rice is one of the most common staples used in cooking in ever household in India.&nbsp; V K R Sivaji is right here with its A Grade quality rice. It is one of the best south Indian choice. Premium rice and create some wonderful receipes around rice to have a great meals.&nbsp;</p>\r\n', '', '', '', 1850.00, '1000', '20', NULL, '1', NULL),
(582, '42', '24', '1800', '', 'RG KHICHDI RICE 26KG', 0, '<p>Specifically selected and aged to perfection, ideal for making rich, creamy khichdi and sweet, fragrant kheer.Naturally Aromatic: Enjoy the natural fragrance and flavor of high-quality basmati rice that enhances the taste of your favorite dishes.</p>\r\n', '', '', '', 1620.00, '', '', NULL, '1', NULL),
(583, '42', '24', '1975', '', '5 STAR SIVAJI RICE 26KG', 0, '<p>Rice is one of the most common staples used in cooking in ever household in India.&nbsp; 5 Star Sivaji is right here with its A Grade quality rice. It is one of the best south Indian choice. Premium rice and create some wonderful receipes around rice to have a great meals.&nbsp;</p>\r\n', '', '', '', 1880.00, '', '100', NULL, '1', NULL),
(584, '42', '24', '2070', '', 'K B A BULLET RICE 26KG', 0, '<p>This rice is a premium cultivated. This short- grain rice is perfect for everyday use. This rice nutritionos and rice in fiber, that has a unique and rich taste. It is a stable food grain that is very rich in the content of nutrients. It has many non- stick health benefits.&nbsp;</p>\r\n', '', '', '', 1650.00, '', '', NULL, '1', NULL),
(585, '42', '24', '1870', '', 'UDHAYA KRISHNA GREEN RICE 26KG', 0, '<p>Reducing carbs like Sugar, Maida, Sweets, Rice helps In Weight loss, Maintaining Blood sugar levels &amp; Improved Health.Green Sun Low Carb Rice helps you further cut down carbs while still enjoying your rice, biryani, pulao made with Green Sun Low Carb Rice.Green Sun Low Carb Rice is Healthier Alternative &amp; easy to use, you can replace your Regular High Carb Rice with it, for the entire family for regular use.</p>\r\n', '', '', '', 1580.00, '', '', NULL, '1', NULL),
(586, '42', '24', '1870', '', 'JODI PURA RICE 26KG', 0, '<p>Bolied rice is rice that has been partially boiled in the husk. Boiled rice is fresh it is cleaned and packed out. Our hyginic facilities. It&#39;s rice in flavour and provides a high nutrition value to anyone diet. They are parboiled by soaking steaming and drying.&nbsp;</p>\r\n\r\n<p>&nbsp;</p>\r\n', '', '', '', 1650.00, '', '', NULL, '1', NULL);
INSERT INTO `product` (`product_id`, `organic_menu_id`, `sub_category_id`, `mrp_price`, `product_kg`, `product_name`, `product_quantity`, `product_description`, `product_ingredients`, `product_usage`, `product_features`, `product_price`, `distributer_price`, `distributer_commission`, `product_image`, `status`, `s.no`) VALUES
(589, '42', '24', '1500', '', 'IDLY RICE ADUKUMALLI 26KG', 0, '<p>Idli Rice is prepared from pesticide-free purely organic Indian parboiled rice grown by our farmers in the rice heartlands. It is used as the main ingredient of &quot;IDLI&quot; an all-season staple savory of South India, now relished globally. Better Idli Rice more yield whiter, for idli &amp; dosa better fluffy, crispy. Best in class use this instead of other rice, parboiled (ukda) or Kanni rice.</p>\r\n', '', '', '', 1230.00, '', '', NULL, '1', NULL),
(590, '42', '24', '1990', '', '777 RICE 26KG', 0, '<p>Description</p>\r\n\r\n<p>Guests coming over for dinner Put on your cooking aprons and cook some delicious rice recipes with 777&nbsp; rice is best cooking. The slender long-grained rice is aromatic and tasty at the same time. Its flavorful rich taste will earn you lots of appreciation from your visitors.&nbsp;</p>\r\n', '', '', '', 1850.00, '', '', NULL, '1', NULL),
(591, '42', '22', '125', '', 'BASMATI RICE THIRVENNI 1KG ', 0, '<p>Premium-quality Basmati Rice. Traditional Premium flavor that enhances biryanis, pilafs, and other rice-based dishes. Premium Basmati Rice Perfect for special occasions or everyday cooking.Long, slender, and non-sticky grains for delightful texture and presentation. Carefully selected and aged for optimum taste.&nbsp;</p>\r\n\r\n<p>&nbsp;</p>\r\n\r\n<p>&nbsp;</p>\r\n', '', '', '', 110.00, '', '', NULL, '1', NULL),
(592, '42', '22', '95', '', 'BASMATI RICE THIRUVENNI ', 0, '<p>Premium-quality Basmati Rice. Traditional Premium flavor that enhances biryanis, pilafs, and other rice-based dishes. Premium Basmati Rice Perfect for special occasions or everyday cooking.Long, slender, and non-sticky grains for delightful texture and presentation. Carefully selected and aged for optimum taste.&nbsp;</p>\r\n', '', '', '', 70.00, '', '', NULL, '1', NULL),
(593, '36', '27', '220', '', 'DHOLE DAL 1 KG', 0, '<p>Moong Dal (Split) is delicious in taste. In the dals do not undergo any artificial polishing with water, oil or leather, thereby retaining their goodness and wholesome character. Ensures that the grains of dal are uniform and of premium quality. Used in a variety of salads, soups, and many more.&nbsp;</p>\r\n', '', '', '', 170.00, '', '', NULL, '1', NULL),
(594, '36', '32', '200', '', 'ULUTAM DAL 1KG', 0, '<p>Urad dal is the most important food for women during pregnancy because it contains folic acid.Dal boosts energy levels. It improves the various metabolic process of our body, for instance.A good diet for vegetarians and for strong bones due to Ulunth is a rich source of protein.Improve digestion and also.&nbsp;</p>\r\n', '', '', '', 150.00, '', '', NULL, '1', NULL),
(595, '36', '32', '150', '', 'ALGAE LENTILS 1KG', 0, '<p>Moong dal being nutrient-rich, might show effects against various microorganisms, including bacteria, fungi and viruses.Various studies have shown that Moong dal might have a potential effect against many species of bacteria and this property of it is comparable to Erythromycin, a commonly used antibiotic.</p>\r\n', '', '', '', 130.00, '', '', NULL, '1', NULL),
(596, '36', '32', '140', '', 'CHICKPEAS 1KG', 0, '<p>Pulses or legumes are an integral part of Indian cooking, which forms a key component of a wholesome meal plan. Natural Kabuli Channa contains got high fiber content; they are a legitimate vegan thing and henceforth great to fill your stomach with. Kabuli chana is accepted to be one of the soonest developed vegetables.</p>\r\n', '', '', '', 115.00, '', '', NULL, '1', NULL),
(597, '36', '32', '120', '', 'PEAS DAL 1KG', 0, '<p>Best Farms Yellow Vatana / Matar Dal is a commonly used dal in the Indian kitchen. They can be cooked, mashed and added to recipes like tacos, meatloaf or meatballs. Or you can cook up a batch and eat them.</p>\r\n', '', '', '', 90.00, '', '', NULL, '1', NULL),
(598, '36', '32', '120', '', 'RED CHICKPEAS 1KG', 0, '<p>Hygienically packed Red chana which is free from impurities such as weevils and stones. Dals are sorted to deliver consistent quality of grains through the year. Our dals undergo up to 70 tests to ensure high quality. No artificial flavours. No preservatives. Can be used for gravy preparation, dry chana recipes.&nbsp;</p>\r\n', '', '', '', 110.00, '', '', NULL, '1', NULL),
(599, '36', '32', '150', '', 'WHT CHICKPEAS 1KG', 0, '<p>Pulses or legumes are an integral part of Indian cooking, which forms a key component of a wholesome meal plan. Natural Kabuli Channa contains got high fiber content; they are a legitimate vegan thing and henceforth great to fill your stomach with. Kabuli chana is accepted to be one of the soonest developed vegetables.&nbsp;</p>\r\n', '', '', '', 130.00, '', '', NULL, '1', NULL),
(600, '36', '32', '150', '', 'PEANUT 1KG ', 0, '<p>Good Life Raw Peanuts is a healthy snack and the right choice for you. You can easily roast them at home. They are loaded with the goodness of health and taste. Peanut butter made with Peanuts clearly works well in sweet dishes, like cookies and brownies, which is why it pairs well with other sweeter foods like sweet potato.&nbsp;</p>\r\n', '', '', '', 120.00, '', '', NULL, '1', NULL),
(601, '37', '35', '50', '', 'SUGAR 1KG', 0, '<p>Sugar is rich in nutrients and is usually used as a sweetener in dishes. It is used to make quick and easy sugar cookies. They are really good, plain or with candies in them and chocolate mints on top, and they&#39;re great! The quality of the product is supreme so as to suit the consumer&#39;s requirement. It is packed with the utmost care. Buy Good Life Sugar.&nbsp;</p>\r\n', '', '', '', 43.00, '', '', NULL, '1', NULL),
(602, '46', '2', '300', '', 'RED CHILLI 1KG', 0, '<p>Chilli is longer and less pungent but give a very vivacious red colour to a dish. It is selectively bred for colour and flavour. They offer a glowing red colour to dishes with no imparting too much heat and making the dish more attractive and palatable.</p>\r\n', '', '', '', 260.00, '', '', NULL, '1', NULL),
(603, '46', '2', '50', '', 'FENUGREEK (Vendhayam) 250gm', 0, '<p>Fenugreek seeds: t can be used to make idlis, dosas, and it can be used as a digestive Cultivation: Fenugreek seeds are used commonly in dishes from Central Asia and India. It is called Methi in Hindi, uluva in Malayalam and Ventayam Vitai in Tamil.&nbsp;</p>\r\n', '', '', '', 35.00, '', '', NULL, '1', NULL),
(604, '46', '25', '25', '', 'FENUGREEK SEEDS (Vendhayam) 100gm', 0, '<p>Fenugreek seeds: t can be used to make idlis, dosas, and it can be used as a digestive Cultivation: Fenugreek seeds are used commonly in dishes from Central Asia and India. It is called Methi in Hindi, uluva in Malayalam and Ventayam Vitai in Tamil.&nbsp;</p>\r\n\r\n<p>&nbsp;</p>\r\n\r\n<p>&nbsp;</p>\r\n', '', '', '', 17.00, '', '', NULL, '1', NULL),
(605, '46', '25', '32', '', 'MUSTARD SEEDS (Kaduku) 250gm', 0, '<p>Mustard has got poison repelling features, exerts therapeutic effects on the nerves and enables maintain cardiac health. It stimulates healthy skin and hair, reduces cholesterol and is also an excellent botanical for ladies throughout menopause.</p>\r\n', '', '', '', 23.50, '', '', NULL, '1', NULL),
(606, '46', '25', '15', '', 'MUSTARD SEEDS (Kaduku)100gm', 0, '<p>Mustard has got poison repelling features, exerts therapeutic effects on the nerves and enables maintain cardiac health. It stimulates healthy skin and hair, reduces cholesterol and is also an excellent botanical for ladies throughout menopause.</p>\r\n', '', '', '', 10.00, '', '', NULL, '1', NULL),
(607, '46', '25', '135', '', 'CUMIN SEEDS  (Jeeragam) 250gm', 0, '<p>Jeera (Cumin Seeds) is used as a spice for its distinctive flavour and aroma. In South Asian cooking it is often combined with coriander seeds in a powdered mixture called dhana jeera. Cumin can be used ground or as whole seeds. Cumin is a good source of magnesium, iron, calcium and phosphorous. Also rich in Vitamin E, A, C, K and B6. Consuming about 1 teaspoon of cumin seeds can meet the daily requirement.</p>\r\n', '', '', '', 100.00, '', '', NULL, '1', NULL),
(608, '46', '25', '100', '', 'CUMIN SEEDS (Jeeragam) 100gm', 0, '<p>Jeera (Cumin Seeds) is used as a spice for its distinctive flavour and aroma. In South Asian cooking it is often combined with coriander seeds in a powdered mixture called dhana jeera. Cumin can be used ground or as whole seeds. Cumin is a good source of magnesium, iron, calcium and phosphorous. Also rich in Vitamin E, A, C, K and B6. Consuming about 1 teaspoon of cumin seeds can meet the daily requirement.</p>\r\n', '', '', '', 55.00, '', '', NULL, '1', NULL),
(609, '46', '25', '110', '', 'FENNEL (Sombu) 250gm', 0, '<p>Relief from Irritable Bowel Syndrome (IBS): Some studies suggest that fennel seeds may be beneficial for individuals with irritable bowel syndrome (IBS). The soothing properties of fennel may help ease symptoms such as abdominal pain and discomfort. Anti-Inflammatory Effects: Fennel seeds contain compounds with anti-inflammatory properties, such as flavonoids and polyphenols.</p>\r\n', '', '', '', 80.00, '', '', NULL, '1', NULL),
(610, '46', '25', '40', '', 'FENNEL SEEDS (Sombu) 100gm', 0, '<p>Relief from Irritable Bowel Syndrome (IBS): Some studies suggest that fennel seeds may be beneficial for individuals with irritable bowel syndrome (IBS). The soothing properties of fennel may help ease symptoms such as abdominal pain and discomfort. Anti-Inflammatory Effects: Fennel seeds contain compounds with anti-inflammatory properties, such as flavonoids and polyphenols.</p>\r\n', '', '', '', 32.00, '', '', NULL, '1', NULL),
(611, '36', '29', '135', '', 'GREEN MOONG DAL (Pachai paiyaru) 1kg', 0, '<p>Green moong Dals are delicious in taste. Rich in Nutrients: Green Moong Dal is naturally rich in protein. Unpolished: Does not undergo any artificial polishing with water, oil or leather thereby retaining its goodness and wholesomeness. 5 Step Process for stringent quality checks: Ensures that the grains of dal are uniform in size &amp; colour.&nbsp;</p>\r\n', '', '', '', 120.00, '', '', NULL, '1', NULL),
(612, '37', '37', '70', '', 'JAGGERY 1 kg', 0, '<p>Jaggery a premium quality product is a pure and natural sweetness made from concentrate sugercane juice. It is a rich source of essential minerals like iron magnesium and potassium, making it a healthier alternative to retined suger.&nbsp;</p>\r\n', '', '', '', 60.00, '', '', NULL, '1', NULL),
(613, '36', '33', '180', '', 'MEAL MAKER BIG 1 kg', 0, '<p>Absorbs flavours well which makes your soya dish tasty Made using Super Soft Technology that ensure Soya chunks are tender and juicy. High in Protein with the goodness of fibre. Low in fat; 100% Vegetarian.&nbsp;</p>\r\n', '', '', '', 160.00, '', '', NULL, '1', NULL),
(614, '36', '70', '200', '', 'MEAL MAKER SMALL 1kg', 0, '<p>Absorbs flavours well which makes your soya dish tasty Made using Super Soft Technology that ensure Soya chunks are tender and juicy. High in Protein with the goodness of fibre. Low in fat; 100% Vegetarian.&nbsp;</p>\r\n\r\n<p>&nbsp;</p>\r\n\r\n<p>&nbsp;</p>\r\n', '', '', '', 170.00, '', '', NULL, '1', NULL),
(615, '63', '71', '20', '', 'ONION VADAGAM 100gm', 0, '<p>Thalippu Vengaya Vadagam Sun-Dried Kari vadagam Onion Vadagam. It is a popular ingredient used to give an unique flavor to the curry.As these are sun-dried, they can be used for more than a year.Follow the exact steps mentioned, and treat yourself with this traditional seasoning ingredient.</p>\r\n', '', '', '', 13.00, '', '', NULL, '1', NULL),
(616, '63', '71', '50', '', 'ONION VADAGAM 1/4kg', 0, '<p>Thalippu Vengaya Vadagam Sun-Dried Kari vadagam Onion Vadagam. It is a popular ingredient used to give an unique flavor to the curry.As these are sun-dried, they can be used for more than a year.Follow the exact steps mentioned, and treat yourself with this traditional seasoning ingredient.</p>\r\n', '', '', '', 35.00, '', '', NULL, '1', NULL),
(617, '63', '71', '20', '', 'WHEEL VADAGAM 100gm', 0, '<p>The wheel traditional South Indian homemade vadams without any preservatives and added colouring agent. They are crispy and delicious in taste. Steamed and sun dired vadams (papads) made in a traditional way. Daily snacks and regular meals.&nbsp;</p>\r\n', '', '', '', 12.00, '', '', NULL, '1', NULL),
(618, '63', '71', '50', '', 'WHEEL VADAGAM 1/4KG', 0, '<p>The wheel traditional South Indian homemade vadams without any preservatives and added colouring agent. They are crispy and delicious in taste. Steamed and sun dired vadams (papads) made in a traditional way. Daily snacks and regular meals.&nbsp;</p>\r\n\r\n<p>&nbsp;</p>\r\n\r\n<p>&nbsp;</p>\r\n', '', '', '', 35.00, '', '', NULL, '1', NULL),
(619, '63', '71', '15', '', 'COLOR KUDAL 100 GM', 0, '<p>Perfect Snacks for every occasion. Bring People together with its delicious taste at work, travel or any time during the day.Instant snack ready to fry can meet your hunger any time.Enjoy the taste of gold finger, a ready to fry papad snack ideal to have with your daily meals and snacks.&nbsp;</p>\r\n', '', '', '', 8.00, '', '', NULL, '1', NULL),
(620, '63', '71', '35', '', 'COLOR KUDAL 1/4KG', 0, '<p>Perfect Snacks for every occasion. Bring People together with its delicious taste at work, travel or any time during the day.Instant snack ready to fry can meet your hunger any time.Enjoy the taste of gold finger, a ready to fry papad snack ideal to have with your daily meals and snacks.</p>\r\n', '', '', '', 20.00, '', '', NULL, '1', NULL),
(621, '38', '72', '5', '', 'YIPPEE NOODLES RS. 5', 0, '<p>Relish Sunfeast Yippee&#39;s long, non-sticky noodles with oodles of special flavours from a special recipe created by ITC just for you. Enjoy the delicious blend of unique spices and five different types of dehydrated vegetables in a forkful of Sunfeast Yippee Magic Masala Instant Noodles. It is a reward worth waiting for and is the perfect recipe for an action-packed life of a champion.&nbsp;</p>\r\n', '', '', '', 4.80, '', '', NULL, '1', NULL),
(622, '38', '72', '15', '', 'YIPPEE NOODLES RS. 15', 0, '<p>Relish Sunfeast Yippee&#39;s long, non-sticky noodles with oodles of special flavours from a special recipe created by ITC just for you. Enjoy the delicious blend of unique spices and five different types of dehydrated vegetables in a forkful of Sunfeast Yippee Magic Masala Instant Noodles. It is a reward worth waiting for and is the perfect recipe for an action-packed life of a champion.&nbsp;</p>\r\n', '', '', '', 14.20, '', '', NULL, '1', NULL),
(623, '38', '72', '30', '', 'YIPPEE NOODLES RS. 30', 0, '<p>Relish Sunfeast Yippee&#39;s long, non-sticky noodles with oodles of special flavours from a special recipe created by ITC just for you. Enjoy the delicious blend of unique spices and five different types of dehydrated vegetables in a forkful of Sunfeast Yippee Magic Masala Instant Noodles. It is a reward worth waiting for and is the perfect recipe for an action-packed life of a champion.&nbsp;</p>\r\n\r\n<p>&nbsp;</p>\r\n\r\n<p>&nbsp;</p>\r\n', '', '', '', 28.50, '', '', NULL, '1', NULL),
(624, '38', '72', '60', '', 'YIPPEE NOODLES RS.60', 0, '<p>Relish Sunfeast Yippee&#39;s long, non-sticky noodles with oodles of special flavours from a special recipe created by ITC just for you. Enjoy the delicious blend of unique spices and five different types of dehydrated vegetables in a forkful of Sunfeast Yippee Magic Masala Instant Noodles. It is a reward worth waiting for and is the perfect recipe for an action-packed life of a champion.&nbsp;</p>\r\n', '', '', '', 57.00, '', '', NULL, '1', NULL),
(626, '38', '72', '90', '', 'YIPPEE NOODLES RS.90', 0, '<p>Relish Sunfeast Yippee&#39;s long, non-sticky noodles with oodles of special flavours from a special recipe created by ITC just for you. Enjoy the delicious blend of unique spices and five different types of dehydrated vegetables in a forkful of Sunfeast Yippee Magic Masala Instant Noodles. It is a reward worth waiting for and is the perfect recipe for an action-packed life of a champion.&nbsp;</p>\r\n', '', '', '', 85.00, '', '', NULL, '1', NULL),
(627, '42', '21', '86', '', 'PEANUT FLOUR 1/4KG', 0, '<p>We are offering Defatted peanut flours are made from high-oleic peanuts, which are high pressed in an all-natural oil extracting process. Peanut flours are easy-to-use dry powder ingredients that are high in plant-based protein, very stable and provide wonderful roasted flavor and aroma. Peanuts are inherently gluten-free and our peanut flours are manufactured in a dedicated peanut processing facility.</p>\r\n', '', '', '', 73.00, '', '', NULL, '1', NULL),
(628, '42', '17', '83', '', 'ANIL RAVA (Ravai) 1/2 KG', 0, '<p>Anil Roasted Rava is mostly used in breakfast and dessert that is made across many regions in India. Right from the delicious sooji ka halwa to a nutritious Upma, sooji can instantly take care of your hunger and save your day. Use Rava to have a healthy breakfast.&nbsp;</p>\r\n', '', '', '', 72.00, '', '', NULL, '1', NULL),
(629, '42', '17', '36', '', 'ANIL RAVA (Ravai) 200gm', 0, '<p>Anil Roasted Rava is mostly used in breakfast and dessert that is made across many regions in India. Right from the delicious sooji ka halwa to a nutritious Upma, sooji can instantly take care of your hunger and save your day. Use Rava to have a healthy breakfast.&nbsp;</p>\r\n\r\n<p>&nbsp;</p>\r\n\r\n<p>&nbsp;</p>\r\n', '', '', '', 29.00, '', '', NULL, '1', NULL),
(630, '42', '17', '23', '', 'ANIL FRIED RAVA (Ravai) 200gm', 0, '<p>Anil Roasted Rava is mostly used in breakfast and dessert that is made across many regions in India. Right from the delicious sooji ka halwa to a nutritious Upma, sooji can instantly take care of your hunger and save your day. Use Rava to have a healthy breakfast.&nbsp;</p>\r\n', '', '', '', 19.00, '', '', NULL, '1', NULL),
(631, '42', '17', '47', '', 'ANIL FRIED RAVA (Ravai) 500gm', 0, '<p>Anil Roasted Rava is mostly used in breakfast and dessert that is made across many regions in India. Right from the delicious sooji ka halwa to a nutritious Upma, sooji can instantly take care of your hunger and save your day. Use Rava to have a healthy breakfast.&nbsp;</p>\r\n\r\n<p>&nbsp;</p>\r\n\r\n<p>&nbsp;</p>\r\n', '', '', '', 40.00, '', '', NULL, '1', NULL),
(632, '42', '19', '42', '', 'ANIL REFINED WHEAT FLOUR (Maida) 500gm', 0, '<p>Maida is made from premium quality, finely grounded wheat grains. It is one of the most commonly used ingredient in the Indian kitchen and actively used to prepare food items like samosas, bread, cakes and others. Anil Maida is a premium quality product that promises flavour with health.</p>\r\n', '', '', '', 33.00, '', '', NULL, '1', NULL),
(633, '42', '19', '21', '', 'ANIL REFINED WHEAT FLOUR (Maida) 200gm', 0, '<p>Maida is made from premium quality, finely grounded wheat grains. It is one of the most commonly used ingredient in the Indian kitchen and actively used to prepare food items like samosas, bread, cakes and others. Anil Maida is a premium quality product that promises flavour with health.</p>\r\n', '', '', '', 16.00, '', '', NULL, '1', NULL),
(634, '42', '16', '71', '', 'AASHIRVAAD ATTA 1KG ', 0, '<p>AASHIRVAAD ATTA WITH MULTIGRAINS: It is made with the choicest grains which provides you and your family wholesome nutrition.Aashirvaad Multigrain Atta aids in digestion and ensures a healthy gut.&nbsp; This multigrain flour is rich in proteins, vitamins, minerals and fibre which ensures a fit, active and healthy life.&nbsp;</p>\r\n', '', '', '', 65.00, '', '', NULL, '1', NULL),
(635, '63', '71', '22', '', 'ANIL VERMICELLI (Semiya) 180gm', 0, '<p>Indulge in the taste of Anil Roasted Short Vermicelli. Its made from the finest quality of ingredients, so that you get a product that combines convenience and affordability at the same time. So go ahead, buy Anil Roasted Short Vermicelli online today.&nbsp;</p>\r\n', '', '', '', 18.00, '', '', NULL, '1', NULL),
(636, '63', '71', '26', '', 'ANIL RAGI VERMICELLI (Semiya) 180gm', 0, '<p>Indulge in the taste of Anil Ragi Vermicelli. Its made from the finest quality of ingredients, so that you get a product that combines convenience and affordability at the same time.&nbsp;</p>\r\n', '', '', '', 20.00, '', '', NULL, '1', NULL),
(637, '63', '71', '25', '', 'ANIL VERMICELLI PAYASAM (Payasam semiya) ) ', 0, '<p>Payasam Vermicelli can be made from whole wheat flour. It is one of the long type vermicelli. The appearance of Payasam vermicelli is much thinner than noodles. It is mainly used for making paysam which are most commonly prepared on the festivals. They are fat-free and very low n sodium.</p>\r\n', '', '', '', 20.00, '', '', NULL, '1', NULL),
(638, '37', '34', '22', '', 'TATA SALT 1KG', 0, '<p>Tata Iodised Salt is one of the most important ingredients used in Indian households. It adds a flavour to your dishes. Used to make almost every food item, and also known as the preservatives in pickels.</p>\r\n', '', '', '', 18.00, '', '', NULL, '1', NULL),
(639, '37', '34', '15', '', 'TATA POWDERED SALT 1 KG 500gm', 0, '<p>Tata Rock Salt Powder is superior to table salt. Our body requires salt for its proper functioning. This salt helps boost our immune system. It is known to be very effective when you replace your daily salt with this purest form of salt. Add taste and health to your dish, and buy Tata Rock Salt Powder.&nbsp;</p>\r\n', '', '', '', 12.50, '', '', NULL, '1', NULL),
(640, '37', '34', '22', '', 'AASHIRVAAD ROCK SALT 1KG', 0, '<p>HIMALAYAN PINK SALT: Defined by its distinctive pink hues, Aashirvaad Himalayan Pink Salt is sourced from the Himalayas and brought to your kitchen in its purest form. Find purity you can see and taste with our himalayan pink salt, sourced from nature. It is free of any colour additives and impurities, thus retaining its authentic flavour profile.&nbsp;</p>\r\n', '', '', '', 18.00, '', '', NULL, '1', NULL),
(641, '37', '34', '28', '', 'AASHIRVAAD POWDERED SALT 1 KG', 0, '<p>Aashirvaad Iodised Salt is made with the 4-step advantage process which ensures its good quality</p>\r\n\r\n<p>Aashirvaad Iodised Salt is solar evaporated; sun-dried for 3 weeks and made from natural sea salt crystals to give you salt, just the way nature intended.&nbsp;</p>\r\n', '', '', '', 22.00, '', '', NULL, '1', NULL),
(642, '63', '73', '3', '', 'KESARI POWDER ', 0, '<p>Kesari Powder can be used to add color and flavour to both sweet and savoury dishes like pulao, biryani, kheer and halwa.Kesari Powder has a subtle taste and aroma and pairs well with savory dishes, such as paella, risottos, and other rice dishes.</p>\r\n', '', '', '', 2.40, '', '', NULL, '1', NULL),
(643, '43', '9', '10', '', 'HIGH AROMA GHEE RS. 10', 0, '<p>Ghee is a class of clarified butter that originated in ancient India. It is commonly used in Indian cooking. Amul High Aroma Cow Ghee can be swapped for vegetable oil or coconut oil in baked goods or can be used for deep-frying. Or simply melt it and spread it on roti, or pour it on vegetables/dal before serving.</p>\r\n', '', '', '', 9.40, '', '', NULL, '1', NULL),
(644, '63', '71', '33', '', 'TT KATTI PERUNGAYAM 15gm', 0, '<p>Special Asafoetida made from Natural first extract.Flavor your dish with easy open flip top container.TT Asafoetida enhance your foods flavour i.e., Sambar, Rasam, curries, broths, dals, butter milk and pickles.</p>\r\n', '', '', '', 28.00, '', '', NULL, '1', NULL),
(645, '50', '7', '10', '', 'RAJAM SUKKU KAAPI POWDER ', 16, '<p>It also helps to reduce anxiety, stress, tension . Though it is sufficiently sweet, one can still add more palm jaggery powder or honey or panam karkendam to make it sweeter as per one&#39;s taste and preference. Squeezing a lemon to this Sukku Kaappi beverage will make it further great.</p>\r\n\r\n<p>&nbsp;</p>\r\n', '', '', '', 9.30, '', '', NULL, '1', NULL),
(646, '38', '74', '30', '', 'MAGGI RS. 30', 0, '<p>Maggi is a name familier to everyone, the aroma brings back a ton load of memories, made in 2 minutes, this comfort food can be enjoyed on a rainy day or whenever you want to kick back and relax.&nbsp;</p>\r\n', '', '', '', 27.50, '', '', NULL, '1', NULL),
(647, '38', '74', '10', '', 'MAGGI SUPERMASALA  RS. 10', 0, '<p>INSTANT MASALA NOODLES: Relish your favorite masala taste with MAGGI 2-Minute Instant Noodle. Each serving (70 g) of MAGGI Masala Noodles provides 15% of the daily iron requirement. Pick the truly good choice with MAGGI Masala Noodles. MAGGI Noodles are easy to prepare.&nbsp;</p>\r\n', '', '', '', 9.30, '', '', NULL, '1', NULL),
(648, '48', '75', '50', '', 'WHISPER ULTRA RS. 50', 0, '<p>Whisper understands the need of a woman during her menstrual cycle! Try Whisper Ultra Clean Sanitary Napkin to get all-day-long freshness and confidence. It is soft on your skin and gives you complete leakage protection.&nbsp;</p>\r\n', '', '', '', 47.50, '', '', NULL, '1', NULL),
(649, '48', '75', '35', '', 'WHISPER CHOICE RS. 35', 0, '<p>Whisper Choice Ultra Sanitary Napkin with Wings provides up to 100% stain protection. It is 50mm longer (vs regular pads) and has a 20% wider back. With a Dri-Weave top sheet that keeps you feeling clean and your skin dry, the pad also has 6 Magic anti-leak areas that lock up to 100% wetness. Its side-safe wings cover the sides of your panty so there is no bunching or shifting. It also has a Fresh flower scent that masks the period smell.</p>\r\n', '', '', '', 32.00, '', '', NULL, '1', NULL),
(650, '48', '75', '42', '', 'WHISPER CHOICE RS. 42', 0, '<p>Whisper Choice Ultra Sanitary Napkin with Wings provides up to 100% stain protection. It is 50mm longer (vs regular pads) and has a 20% wider back. With a Dri-Weave top sheet that keeps you feeling clean and your skin dry, the pad also has 6 Magic anti-leak areas that lock up to 100% wetness. Its side-safe wings cover the sides of your panty so there is no bunching or shifting. It also has a Fresh flower scent that masks the period smell.</p>\r\n', '', '', '', 38.50, '', '', NULL, '1', NULL),
(651, '48', '76', '42', '', 'STAYFREE XL RS. 42', 0, '<p>Now it&#39;s time to get all-day-long freshness round the clock during your periods. Stayfree All Night Ultra-Dry Max Sanitary Napkin pads ensures you continue your day with ease and comfort. It is soft on your skin and gives you complete protection from leakage with long-lasting odour protection.</p>\r\n', '', '', '', 38.00, '', '', NULL, '1', NULL),
(652, '48', '76', '35', '', 'STAYFREE COTTONY RS. 35', 0, '<p>Now it&#39;s time to get all-day-long freshness round the clock during your periods. Stayfree Secure Cottony Soft Cover Sanitary Napkin with Wing pads ensures you continue your day with ease and comfort. It is soft on your skin and gives you complete protection from leakage with long-lasting odour protection.&nbsp;</p>\r\n', '', '', '', 31.00, '', '', NULL, '1', NULL),
(653, '54', '58', '10', '', 'COLGATE SALT RS. 10', 0, '<p>Colgate Active Salt toothpaste has the power of Salt microcrystals. Its unique formula fights sticky germs and scrubs them away. Preventing any problems and giving you healthier teeth and gums.Colgate Active Salt toothpaste with its unique formula strengthens germ fighting power.&nbsp;</p>\r\n', '', '', '', 9.30, '', '', NULL, '1', NULL),
(654, '54', '58', '76', '', 'COLGATE SALT RS. 76', 0, '<p>Colgate Active Salt toothpaste has the power of Salt microcrystals. Its unique formula fights sticky germs and scrubs them away. Preventing any problems and giving you healthier teeth and gums.Colgate Active Salt toothpaste with its unique formula strengthens germ fighting power.&nbsp;</p>\r\n', '', '', '', 73.00, '', '', NULL, '1', NULL),
(655, '54', '58', '10', '', 'COLGATE STRONG RS. 10', 0, '<p>COLGATE STRONG TEETH is India&rsquo;s no.1 toothpaste for stronger teeth for you and your family. As per Kantar Worldpanel Apr &#39;23 report, it&#39;s the No.1 penetrated toothpaste in India, and has the highest volume share within the Toothpastes category.Teeth are important as our teeth are losing calcium every day we eat sugary or junk food.</p>\r\n', '', '', '', 9.30, '', '', NULL, '1', NULL),
(656, '52', '56', '25', '', 'GILLETTE GUARD RS. 25', 0, '<p>Gillette Guard is a single-blade system lined with a safety combo to prevent nicks and cuts. Superior Grip and flexible piviting razor head help better manever the curves of the face, neck and chin compared to double edge blade.&nbsp;</p>\r\n', '', '', '', 23.00, '', '', NULL, '1', NULL),
(657, '52', '56', '80', '', 'VENUS SIMPLY RS. 80', 0, '<p>Glide strip with aloe vera extracts. 3 blades to leave you with smooth skin. Flexible head which glides along your curves. Easy grip rubber handle for easy regular use in the shower. Lubricating Strip Present. Maximum Shelf Life: 36 Months.&nbsp;</p>\r\n', '', '', '', 75.00, '', '', NULL, '1', NULL),
(658, '52', '56', '12', '', 'GILLETTE GUARD RS. 12', 0, '<p>Gillette Guard is a single-blade system lined with a safety combo to prevent nicks and cuts. Superior Grip and flexible piviting razor head help better manever the curves of the face, neck and chin compared to double edge blade.&nbsp;</p>\r\n\r\n<p>&nbsp;</p>\r\n\r\n<p>&nbsp;</p>\r\n', '', '', '', 10.20, '', '', NULL, '1', NULL),
(660, '52', '56', '35', '', 'GILLETTE GUARD RS. 35', 0, '<p>Gillette Guard is a single-blade system lined with a safety combo to prevent nicks and cuts. Superior Grip and flexible piviting razor head help better manever the curves of the face, neck and chin compared to double edge blade.&nbsp;</p>\r\n\r\n<p>&nbsp;</p>\r\n\r\n<p>&nbsp;</p>\r\n', '', '', '', 33.00, '', '', NULL, '1', NULL),
(661, '52', '56', '25', '', 'GILLETTE PRESTE RS. 25', 0, '', '', '', '', 22.50, '', '', NULL, '1', NULL),
(662, '58', '77', '18', '', 'EVEREADY AAA ', 0, '<p>Reliable &amp; Versatile: This Eveready Carbon Zinc AAA battery pack offers reliable and long-lasting power, where they can be your dependable solution for consistent and trustworthy power. The Eveready Carbon Zinc AAA Battery is compatible with a wide range of devices, including remote controls, toys, flashlights, and more.&nbsp;</p>\r\n', '', '', '', 13.00, '', '', NULL, '1', NULL),
(663, '58', '77', '18', '', 'EVEREADY AA', 0, '<p>Reliable &amp; Versatile: This Eveready Carbon Zinc AA battery pack offers reliable and long-lasting power, where they can be your dependable solution for consistent and trustworthy power. The Eveready Carbon Zinc AA Battery is compatible with a wide range of devices, including remote controls, toys, flashlights, and more.&nbsp;</p>\r\n', '', '', '', 13.00, '', '', NULL, '1', NULL),
(664, '55', '78', '20', '', 'PAMPERS NEWBABY 2PCS', 0, '<p>Pampers Active Baby 5 Star Skin Protection- Specially designed diapers for baby&rsquo;s comfort. Adjustable Fit- Taped diapers which you can make fit or loose based on your baby&rsquo;s size. Stretchy Waist &amp; Sides- Stretchable soft material to fit snugly around waist &amp; side.&nbsp;</p>\r\n', '', '', '', 17.50, '', '', NULL, '1', NULL),
(665, '55', '78', '20', '', 'PAMPERS (S) 2PCS RS. 20', 0, '<p>Pampers Baby Dry Pants locks away the wetness and keeps your baby&#39;s bottom dry. These pants have faster absorption and prevent leakage keeping your baby&#39;s skin dry. These are easy to wear and keep your baby comfortable and smiling.</p>\r\n', '', '', '', 17.60, '', '', NULL, '1', NULL),
(666, '55', '78', '25', '', 'PAMPERS (M) 2 PCS RS. 25', 0, '<p>Pampers Baby Dry Pants locks away the wetness and keeps your baby&#39;s bottom dry. These pants have faster absorption and prevent leakage keeping your baby&#39;s skin dry. These are easy to wear and keep your baby comfortable and smiling.</p>\r\n', '', '', '', 23.50, '', '', NULL, '1', NULL),
(667, '55', '78', '30', '', 'PAMPERS (L)  2 PCS RS. 30', 0, '<p>Pampers Baby Dry Pants locks away the wetness and keeps your baby&#39;s bottom dry. These pants have faster absorption and prevent leakage keeping your baby&#39;s skin dry. These are easy to wear and keep your baby comfortable and smiling.&nbsp;</p>\r\n', '', '', '', 27.50, '', '', NULL, '1', NULL),
(668, '55', '78', '35', '', 'PAMPERS (XL) 2 PCS RS. 35', 0, '<p>India&rsquo;s Driest Pants- Let your baby&#39;s skin be dry and breathe easy with the airy, soft comfort offered by the Pampers Pants. While other ordinary pants seem dry from outside, Pampers Pants with Magic gel and larger absorbency zone keeps your baby dry from the inside for up to 12 hours. This diaper is infused with baby lotion, which moisturizes and nourishes your baby&#39;s skin and protects it from diaper rash, roughness and irritation.</p>\r\n', '', '', '', 31.00, '', '', NULL, '1', NULL),
(669, '55', '78', '40', '', 'PAMPERS (S) 4 PCS RS. 40', 0, '<p>Pampers Baby Dry Pants locks away the wetness and keeps your baby&#39;s bottom dry. These pants have faster absorption and prevent leakage keeping your baby&#39;s skin dry. These are easy to wear and keep your baby comfortable and smiling.&nbsp;</p>\r\n', '', '', '', 37.60, '', '', NULL, '1', NULL),
(670, '55', '78', '149', '', 'PAMPERS (XL) 7 PANTS ', 0, '<p>India&rsquo;s Driest Pants- Let your baby&#39;s skin be dry and breathe easy with the airy, soft comfort offered by the Pampers Pants. While other ordinary pants seem dry from outside, Pampers Pants with Magic gel and larger absorbency zone keeps your baby dry from the inside for up to 12 hours. This diaper is infused with baby lotion, which moisturizes and nourishes your baby&#39;s skin and protects it from diaper rash, roughness and irritation.</p>\r\n', '', '', '', 145.00, '', '', NULL, '1', NULL),
(671, '52', '79', '2', '', 'MENTHO PLUS RS. 2', 0, '<p>It is formulated with a combination of pure natural actives that starts quick action on headache, backache, sprains, muscular pain, tiredness, cough and cold and ensures lasting relief. Its aromatherapy effect provides comforting relief on headache.&nbsp;</p>\r\n', '', '', '', 1.70, '', '', NULL, '1', NULL),
(672, '52', '79', '40', '', 'MENTHO PLUS RS. 40', 0, '<p>is formulated with a combination of pure natural actives that starts quick action on headache, backache, sprains, muscular pain, tiredness, cough and cold and ensures lasting relief. Its aromatherapy effect provides comforting relief on headache.&nbsp;</p>\r\n\r\n<p>&nbsp;</p>\r\n\r\n<p>&nbsp;</p>\r\n', '', '', '', 37.50, '', '', NULL, '1', NULL),
(673, '52', '79', '44', '', 'ZANDU BALM RS. 44', 0, '<p>India&#39;s No. 1 and trusted ayurvedic balm with more than 100 years of expertise in pain relief. The balm is non- greasy and penetrates swiftly into the affected areas to help deliver quick and long-lasting relief from pain. It&rsquo;s analgesic properties help relieve the pain effectively.</p>\r\n', '', '', '', 39.00, '', '', NULL, '1', NULL),
(674, '52', '79', '15', '', 'ZANDU BALM RS. 15', 0, '<p>India&#39;s No. 1 and trusted ayurvedic balm with more than 100 years of expertise in pain relief. The balm is non- greasy and penetrates swiftly into the affected areas to help deliver quick and long-lasting relief from pain. It&rsquo;s analgesic properties help relieve the pain effectively.</p>\r\n\r\n<p>&nbsp;</p>\r\n\r\n<p>&nbsp;</p>\r\n', '', '', '', 13.50, '', '', NULL, '1', NULL),
(675, '52', '79', '90', '', 'VICKS VAPORUB RS. 90', 0, '<p>Vicks Vaporub contains natural ingredients that provide effective multi-symptom relief from cold symptoms. When applied on chest and throat, relieves cough and cold due to minor throat infection associated with the common cold.</p>\r\n', '', '', '', 0.00, '', '', NULL, '1', NULL),
(676, '52', '79', '24', '', 'VICKS VAPORUB RS. 24', 0, '<p>Vicks Vaporub contains natural ingredients that provide effective multi-symptom relief from cold symptoms. When applied on chest and throat, relieves cough and cold due to minor throat infection associated with the common cold.</p>\r\n', '', '', '', 0.00, '', '', NULL, '1', NULL),
(677, '52', '79', '45', '', 'VICKS VAPORUB Rs. 45', 0, '<p>Vicks Vaporub contains natural ingredients that provide effective multi-symptom relief from cold symptoms. When applied on chest and throat, relieves cough and cold due to minor throat infection associated with the common cold.</p>\r\n\r\n<p>&nbsp;</p>\r\n\r\n<p>&nbsp;</p>\r\n', '', '', '', 41.00, '', '', NULL, '1', NULL),
(678, '55', '80', '50', '', 'VICKS BABY RUB RS. 50', 0, '<p>Soothing comfort for Babies At times when your baby is fussy or irritable you want to do everything you can to soothe and comfort them. The gentle Vicks BabyRub formula is made for babies skin, and contains Eucalyptus, Rosemary, and Lavender - know for their pleasant aromas, and Aloe Vera to help soothe fussy babies.&nbsp;</p>\r\n', '', '', '', 50.00, '', '', NULL, '1', NULL),
(679, '52', '79', '44', '', 'AMRUTANJAN RS. 44', 0, '<p>Gentle massage of Pain Balm on forehead is the classic remedy for headache.If you want a good night&rsquo;s sleep gently apply Pain Balm on forehead and have a peaceful sleep.</p>\r\n', '', '', '', 42.00, '', '', NULL, '1', NULL),
(680, '52', '79', '84', '', 'IODEX RS. 84', 0, '<p>Iodex balm is a power packed formula of 5 natural ingredients. Helps provide a warm and soothing effect at the site of pain that helps reduce inflammation and relieves pain.&nbsp;</p>\r\n', '', '', '', 78.00, '', '', NULL, '1', NULL),
(682, '36', '81', '250', '', 'Udhayam Dal', 2, '', '', '', '', 200.00, '190', '10', '1740722072s_(1).jpg', '1', NULL),
(800, '35', '3', '165', '', 'RIN MATIC LIQUID 800 ML BOTTLE FL', 245, '<p>&nbsp; &nbsp;Rin Matic Liquid Detergent offers tough stain removal while protecting your clothes and leaving no residue behind. This liquid detergent protects your clothes from fading and ensures the colour of the fabric remains bright, even after repeated washing. This detergent liquid makes sure that the stubborn stains are removed effectively while leaving a pleasant fragrance. So go ahead and buy this product online today.&nbsp;</p>\r\n', '', '', '', 152.80, '', '', '173769691400ml_fl.jpg', '1', NULL);

-- --------------------------------------------------------

--
-- Table structure for table `product_image`
--

CREATE TABLE `product_image` (
  `product_image_id` int(11) NOT NULL,
  `product_id` varchar(255) DEFAULT NULL,
  `image_url` varchar(255) DEFAULT NULL,
  `mrp_rate` varchar(100) DEFAULT NULL,
  `product_rate` varchar(100) DEFAULT NULL
) ENGINE=InnoDB DEFAULT CHARSET=latin1 COLLATE=latin1_swedish_ci;

--
-- Dumping data for table `product_image`
--

INSERT INTO `product_image` (`product_image_id`, `product_id`, `image_url`, `mrp_rate`, `product_rate`) VALUES
(1, '2', '1737558220creenshot_2025-01-22_203325.png', NULL, NULL),
(3, '3', '1737609227in_topload.png', NULL, NULL),
(4, '4', '1737609609in_matic_2l.jpg', NULL, NULL),
(5, '5', '1737610143in_matic_430ml.webp', NULL, NULL),
(6, '6', '1737610271in_800ml_fl.jpg', NULL, NULL),
(7, '7', '1737610361la_200ml.webp', NULL, NULL),
(8, '8', '1737610509la_500ml.jpg', NULL, NULL),
(9, '9', '1737610619urf.webp', NULL, NULL),
(10, '10', '1737610756urf_4k.webp', NULL, NULL),
(11, '11', '17376110080077760_16-surf-excel-matic-liquid-top-load.webp', NULL, NULL),
(12, '12', '173761108900ml.jpg', NULL, NULL),
(13, '13', '1737611836ru_2.webp', NULL, NULL),
(14, '14', '1737611920creenshot_2025-01-23_112259.png', NULL, NULL),
(16, '15', '1737611959creenshot_2025-01-23_112623.png', NULL, NULL),
(17, '16', '1737611987creenshot_2025-01-23_112655.png', NULL, NULL),
(18, '18', '1737612373ru_100g.jpg', NULL, NULL),
(19, '17', '1737612400ru_50g.jpg', NULL, NULL),
(20, '19', '1737612427ru_200g.jpg', NULL, NULL),
(21, '20', '173761253400gr.jpg', NULL, NULL),
(22, '21', '1737612650reenlabel_100g.webp', NULL, NULL),
(23, '23', '1737613477uper_strong_5oog.jpg', NULL, NULL),
(25, '51', '173761364266597_16-taj-mahal-rich-flavourful-tea.webp', NULL, NULL),
(26, '24', '1737613889ilter_200.webp', NULL, NULL),
(27, '25', '1737613918ilter_500.jpg', NULL, NULL),
(28, '50', '1737613926aj_10.jpg', NULL, NULL),
(29, '49', '1737614043roses.webp', NULL, NULL),
(30, '26', '1737614059rip_200g.jpg', NULL, NULL),
(31, '48', '1737614113roses.webp', NULL, NULL),
(33, '47', '1737614188roses250.webp', NULL, NULL),
(34, '46', '1737614273roses100g.jpg', NULL, NULL),
(36, '44', '1737614444rosesNC250G.webp', NULL, NULL),
(37, '43', '1737614521rosesNC250G.webp', NULL, NULL),
(38, '42', '1737614619rosesNC100G.webp', NULL, NULL),
(39, '27', '1737614651ure_25g.jpg', NULL, NULL),
(40, '28', '1737614680creenshot_2025-01-23_121011.png', NULL, NULL),
(41, '29', '1737614725ure_100g.webp', NULL, NULL),
(42, '41', '1737614743rosesNC.avif', NULL, NULL),
(43, '30', '1737614748old_55.jpg', NULL, NULL),
(44, '31', '1737614780old_100g.jpg', NULL, NULL),
(47, '39', '1737614935roses-500gm.jpg', NULL, NULL),
(48, '38', '1737615009reosesdust250G.webp', NULL, NULL),
(50, '36', '17376151765g3roses.webp', NULL, NULL),
(51, '32', '1737615179_dust_10.png', NULL, NULL),
(53, '33', '1737615218_dust_5.webp', NULL, NULL),
(54, '35', '17376152360g3roses.webp', NULL, NULL),
(55, '34', '1737615383_2.jpg', NULL, NULL),
(56, '22', '173769828400g.jpg', NULL, NULL),
(57, '37', '1737700801_100g.png', NULL, NULL),
(58, '40', '1737701444ombined_(1).png', NULL, NULL),
(59, '45', '1737703399creenshot_2025-01-24_120400_enhanced.png', NULL, NULL),
(60, '52', '1737704712aj250g.jpg', NULL, NULL),
(61, '53', '1737704814aj500.jpg', NULL, NULL),
(62, '54', '1737704908rosesNC.jpg', NULL, NULL),
(64, '56', '1737712153azatea.jpg', NULL, NULL),
(65, '57', '1737712273axatea1kg.jpg', NULL, NULL),
(66, '58', '1737712345ipton.jpg', NULL, NULL),
(67, '59', '1737712417oney.jpg', NULL, NULL),
(68, '60', '1737712558ipton-Green-Tea-Pure-and-Light-25ct.jpg', NULL, NULL),
(69, '55', '1737712722ed.jpg', NULL, NULL),
(70, '61', '1737712791iptongreen.jpg', NULL, NULL),
(71, '62', '1737712872reentea.jpg', NULL, NULL),
(72, '63', '1737713028edlabel250g.jpg', NULL, NULL),
(73, '64', '1737713103aturalcare.jpg', NULL, NULL),
(74, '65', '173771318000glipton.jpg', NULL, NULL),
(75, '132', '1737713274ove.jpg', NULL, NULL),
(76, '66', '1737713304ulsinc.jpg', NULL, NULL),
(77, '67', '1737713372emonade.jpg', NULL, NULL),
(78, '68', '1737713430edlabel500g.jpg', NULL, NULL),
(79, '69', '173771353500glipton.jpg', NULL, NULL),
(80, '70', '1737713651ulsinc.jpg', NULL, NULL),
(81, '71', '1737713726edlabel1kg.jpg', NULL, NULL),
(82, '72', '1737713761edlabel1kg.jpg', NULL, NULL),
(83, '73', '1737713819pindigest.jpg', NULL, NULL),
(84, '131', '1737713866andruff.webp', NULL, NULL),
(85, '74', '17377138930g.jpg', NULL, NULL),
(86, '130', '1737714110resemme.jpeg', NULL, NULL),
(87, '75', '1737714143a5mr_512.png', NULL, NULL),
(88, '76', '17377142381B0quL1J2L._SX679_PIbundle-50,TopRight,0,0_AA679SH20_', NULL, NULL),
(89, '77', '173771433614amgUWIpL._SX679_PIbundle-100,TopRight,0,0_AA679SH20_', NULL, NULL),
(90, '129', '1737714401re_7ml.jpg', NULL, NULL),
(91, '78', '1737714409ownload.jpg', NULL, NULL),
(92, '79', '17377144871WbE8qXg9L.jpg', NULL, NULL),
(93, '128', '1737714508re_340.jpg', NULL, NULL),
(94, '80', '17377145271WbE8qXg9L.jpg', NULL, NULL),
(95, '81', '1737714619linic-plus-strong-and-long-health-shampoo-sachet.jpg', NULL, NULL),
(96, '127', '1737714624re_6.jpg', NULL, NULL),
(97, '82', '17377146631Su3OHW6TL.jpg', NULL, NULL),
(98, '83', '17377147271AEgt2yOOL.jpg', NULL, NULL),
(99, '126', '1737714776ndu_200.jpg', NULL, NULL),
(100, '84', '17377147791AoutwHK2L.jpg', NULL, NULL),
(101, '85', '1737714865unsilk_Shampoo_Stunning_Black_Shine_55_-Sunsilk-e7b76-358556.jpg', NULL, NULL),
(102, '125', '1737714873ndu_100.jpg', NULL, NULL),
(103, '86', '17377149331qufHbxG6L._AC_UF1000,1000_QL80_', NULL, NULL),
(104, '87', '1737715012unsilk-BlacShine-80Ml.jpg', NULL, NULL),
(105, '124', '1737715125lear_3.jpg', NULL, NULL),
(106, '88', '17377151631WH1wUKtZL.jpg', NULL, NULL),
(107, '89', '1737715256706447486_Sunsilk_Shampoo_Stunning_Black_Shine_340-Sunsilk-76f18-306853_jpg.png', NULL, NULL),
(108, '122', '1737715322ove_340.jpg', NULL, NULL),
(109, '90', '1737715339mage_picker_0EACFE0E-2D12-4CAC-B3F3-D8969CFE09A6-486-00000318B1A5741A.jpg', NULL, NULL),
(110, '91', '1737715397018-05-03_120418.144669Dove_Hair_Fall_Rescue_Shampoo_6ml', NULL, NULL),
(111, '92', '1737715465mages.jpg', NULL, NULL),
(112, '102', '1737715484ove-ezgif.com-webp-to-png-converter (2)', NULL, NULL),
(113, '123', '1737715489ove_small.jpg', NULL, NULL),
(114, '113', '1737715697linic_50.jpg', NULL, NULL),
(115, '93', '1737715702lear-anti-dantruff-1.5', NULL, NULL),
(116, '94', '17377158361zbnnmeveL.jpg', NULL, NULL),
(117, '114', '1737715875ove_glow.jpg', NULL, NULL),
(118, '95', '1737715891ownload_(1).jpg', NULL, NULL),
(119, '96', '1737715950OVE0008_L.jpg', NULL, NULL),
(120, '97', '1737715995655196003_137551_0.jpg', NULL, NULL),
(121, '116', '1737715998unsilk.jpg', NULL, NULL),
(122, '117', '1737716189unsilk_80.jpg', NULL, NULL),
(123, '98', '17377162101UUqZvYTbL._AC_UF1000,1000_QL80_', NULL, NULL),
(124, '118', '1737716238unsilk_180.jpg', NULL, NULL),
(125, '99', '173771627516O8oCehBL.jpg', NULL, NULL),
(127, '119', '1737716305unsilk_340.jpg', NULL, NULL),
(128, '100', '1737716330mages_(1).jpg', NULL, NULL),
(129, '120', '1737716432ove80ml.jpg', NULL, NULL),
(130, '103', '1737716458fa2b8d9-580b-46e9-8209-e41d71e893c91719913704017-Dove-Hair-Therapy-Intense-Repair-Shampoo-80-ml-2581719913703-1.jpg', NULL, NULL),
(131, '104', '1737716513OVE_INTENSIVE_SHAMPOO.jpg', NULL, NULL),
(132, '121', '1737716533ove_180.jpg', NULL, NULL),
(133, '105', '17377165731mYNA3tXNL.jpg', NULL, NULL),
(134, '106', '17377166681UG85JZMeL._AC_UF1000,1000_QL80_', NULL, NULL),
(135, '115', '1737716712ove_men.jpg', NULL, NULL),
(136, '107', '1737716789ndulekha-Bringha-Hair-Cleanser-Hairfall-1598951703-10075505-1.jpg', NULL, NULL),
(137, '112', '1737716802ove_men.jpg', NULL, NULL),
(138, '108', '17377169021cVHUHGhWL.jpg', NULL, NULL),
(139, '109', '1737716980-l1200.jpg', NULL, NULL),
(140, '110', '17377170791Pi7+1jTBL._AC_', NULL, NULL),
(142, '111', '173771718018L9SeP8IL.jpg', NULL, NULL),
(143, '682', '1740721546mages_(1).jfif', NULL, NULL);

-- --------------------------------------------------------

--
-- Table structure for table `social_media`
--

CREATE TABLE `social_media` (
  `social_media_id` int(11) NOT NULL,
  `facebook` varchar(255) DEFAULT NULL,
  `twitter` varchar(255) DEFAULT NULL,
  `google` varchar(255) DEFAULT NULL,
  `linkedin` varchar(255) DEFAULT NULL,
  `youtube` varchar(255) DEFAULT NULL
) ENGINE=InnoDB DEFAULT CHARSET=latin1 COLLATE=latin1_swedish_ci;

--
-- Dumping data for table `social_media`
--

INSERT INTO `social_media` (`social_media_id`, `facebook`, `twitter`, `google`, `linkedin`, `youtube`) VALUES
(9, 'https://www.facebook.com/', 'https://twitter.com/', 'https://www.google.com/', 'https://in.linkedin.com/', 'https://www.youtube.com/?gl=IN');

-- --------------------------------------------------------

--
-- Table structure for table `sub_category`
--

CREATE TABLE `sub_category` (
  `sub_category_id` int(11) NOT NULL,
  `organic_menu_id` varchar(11) DEFAULT NULL,
  `sub_category_name` varchar(100) DEFAULT NULL,
  `status` varchar(100) DEFAULT NULL,
  `cat_image` varchar(100) DEFAULT NULL
) ENGINE=InnoDB DEFAULT CHARSET=latin1 COLLATE=latin1_swedish_ci;

--
-- Dumping data for table `sub_category`
--

INSERT INTO `sub_category` (`sub_category_id`, `organic_menu_id`, `sub_category_name`, `status`, `cat_image`) VALUES
(2, '46', 'WHOLE SPICES', '1', NULL),
(3, '35', 'DETERGENTS', '1', NULL),
(4, '35', 'FABRIC CARE', '1', NULL),
(5, '35', 'WASHING BARS', '1', NULL),
(6, '50', 'TEA', '1', NULL),
(7, '50', 'COFFEE', '1', NULL),
(8, '43', 'BLENDED OIL', '1', NULL),
(9, '43', 'GHEE', '1', NULL),
(10, '43', 'RICE BRAN OIL', '1', NULL),
(11, '43', 'SUN FLOWER OIL', '1', NULL),
(12, '43', 'OLIVE OIL', '1', NULL),
(13, '43', 'GROUNDNUT OIL', '1', NULL),
(14, '43', 'MUSTARD OIL', '1', NULL),
(15, '43', 'OTHER OILS', '1', NULL),
(16, '42', 'WHEAT ATTA', '1', NULL),
(17, '42', 'RAVA & SOOJI', '1', NULL),
(18, '42', 'RICE FLOUR', '1', NULL),
(19, '42', 'MAIDA', '1', NULL),
(20, '42', 'BESAN', '1', NULL),
(21, '42', 'OTHER FLOURS', '1', NULL),
(22, '42', 'BASMATI RICE', '1', NULL),
(23, '42', 'SONA MASOORI ', '1', NULL),
(24, '42', 'OTHER RICE VARIETIES', '1', NULL),
(25, '46', 'READY MASALA', '1', NULL),
(26, '46', 'COOKING PASTES', '1', NULL),
(27, '36', 'TOOR DALL', '1', NULL),
(28, '36', 'URAD DAL', '1', NULL),
(29, '36', 'MOONG DAL', '1', NULL),
(30, '36', 'MASOOR DAL', '1', NULL),
(31, '36', 'CHANNA DAL', '1', NULL),
(32, '36', 'OTHER PULSES ', '1', NULL),
(33, '36', 'SOYA CHUNKS', '1', NULL),
(34, '37', 'SALT', '1', NULL),
(35, '37', 'SUGAR', '1', NULL),
(36, '37', 'SUGAR FREE', '1', NULL),
(37, '37', 'JAGGERY', '1', NULL),
(38, '59', 'DISHWASH LIQUID', '1', NULL),
(39, '59', 'DISHWASH BAR', '1', NULL),
(40, '59', 'SCRUB PADS', '1', NULL),
(41, '34', 'TOILET CLEANERS', '1', NULL),
(43, '34', 'FLOOR CLEANERS', '1', NULL),
(44, '61', 'SHAMPOO ', '1', NULL),
(45, '61', 'CONDITIONERS ', '1', NULL),
(46, '61', 'HAIR OIL', '1', NULL),
(47, '61', 'HAIR COLOUR ', '1', NULL),
(48, '61', 'HAIR SERUM', '1', NULL),
(49, '52', 'SOAPS', '1', NULL),
(50, '52', 'BODY WASH', '1', NULL),
(52, '62', 'SQUASH AND SYRUPS', '1', NULL),
(56, '52', 'PERSONAL CARE PRODUCTS ', '1', NULL),
(57, '59', 'DISHWASHER PRODUCTS', '1', NULL),
(58, '54', 'TOOTH CARE', '1', NULL),
(59, '63', 'JAM AND HONEY', '1', NULL),
(60, '62', 'SOUP MIX', '1', NULL),
(61, '63', 'BISCUITS', '1', NULL),
(62, '47', 'HORLICKS ', '1', NULL),
(63, '47', 'BOOSTS', '1', NULL),
(64, '47', 'MOTHERS HORLICKS ', '1', NULL),
(65, '47', 'WOMENS HORLICKS ', '1', NULL),
(66, '47', 'VIVA', '1', NULL),
(67, '47', 'HORLICKS DIABETES PLUS', '1', NULL),
(68, '47', 'GROWTH PLUS', '1', NULL),
(69, '47', 'HORLICKS STRENGTH PLUS ', '1', NULL),
(70, '36', 'SOYA CHUNKS', '1', NULL),
(71, '63', 'PACKAGED FOOD', '1', NULL),
(72, '38', 'YIPPEE NOODLES ', '1', NULL),
(73, '63', 'FOOD COLOR', '1', NULL),
(74, '38', 'MAGGI ', '1', NULL),
(75, '48', 'WHISPER', '1', NULL),
(76, '48', 'STAYFREE', '1', NULL),
(77, '58', 'BATTERIES', '1', NULL),
(78, '55', 'PAMPERS IN BABY', '1', NULL),
(79, '52', 'BODY PAIN RELIEF ', '1', NULL),
(80, '55', 'BODY PAIN RELIEF', '1', NULL),
(81, '36', 'Dal', '1', '1740658833sMJ5EL.jpg');

-- --------------------------------------------------------

--
-- Table structure for table `terms`
--

CREATE TABLE `terms` (
  `terms_content` text NOT NULL,
  `terms_id` int(11) NOT NULL
) ENGINE=InnoDB DEFAULT CHARSET=latin1 COLLATE=latin1_swedish_ci;

--
-- Dumping data for table `terms`
--

INSERT INTO `terms` (`terms_content`, `terms_id`) VALUES
('<p><strong>PRICES </strong></p>\r\n\r\n<ul>\r\n	<li>All prices quoted are on the basis of final confirmation at the time of order. Naga Ayurveda Products reserves the right to alter prices and will advise any changes at the time of order.</li>\r\n	<li>Naga Ayurveda Products reserves the right to decline or defer supply of any or all products.</li>\r\n	<li>Prices quoted will be on a specified basis as regards delivery and are exclusive of VAT where appropriate unless otherwise specified.</li>\r\n	<li>Unless otherwise indicated, all prices are in Indian Rupees.</li>\r\n</ul>\r\n\r\n<p><strong>DELIVERY </strong></p>\r\n\r\n<ul>\r\n	<li>Naga Ayurveda Products undertake and warrant to deliver goods in good order and condition up to the point of delivery / collection specified in the pricing terms.</li>\r\n	<li>Any claim in respect of non-delivery or damaged or missing goods must be made in writing within 7 days of the delivery being made and such goods must be signed for on this basis.</li>\r\n</ul>\r\n\r\n<p><strong>QUALITY </strong></p>\r\n\r\n<ul>\r\n	<li>Naga Ayurveda Products undertake and warrant to deliver goods of an agreed and merchantable quality.</li>\r\n	<li>Naga Ayurveda Products reserves the right to decline or defer supply Notwithstanding any statutory obligations. Naga Ayurveda Products reserves the right to replace or credit the value of any goods returned at our discretion. The cost of return carriage will generally be at the buyer&rsquo;s cost. Naga Ayurveda Products reserves the right to make a charge on a discretionary basis for the handling of return goods where there is no apparent cause for return as a result of quality or non-conformance (usually 10% of the value of the goods) and goods have not been tampered with, contaminated or otherwise rendered unusable.</li>\r\n</ul>\r\n\r\n<p><strong>PRODUCT SPECIFICATION / HEALTH &amp; SAFETY DATA </strong></p>\r\n\r\n<ul>\r\n	<li>Naga Ayurveda Products gives notice that it will on request provide data/specifications/certification and health &amp; safety data necessary to inform the buyer of the general characteristics and specific risks in handling its products.</li>\r\n</ul>\r\n\r\n<p><strong>SUITABILITY </strong></p>\r\n\r\n<ul>\r\n	<li>Naga Ayurveda Products will endeavor to the best of its abilities to provide products appropriate to the buyer&rsquo;s needs. However, the buyer should satisfy itself as to the ultimate suitability for the intended application and the products&rsquo; conformity to any legal requirements when used in the way intended. No liability is accepted in respect of any reputed therapeutic characteristic.</li>\r\n</ul>\r\n\r\n<p><strong>LIABILITY </strong></p>\r\n\r\n<ul>\r\n	<li>Notwithstanding the companies&rsquo; liability insurance, Naga Ayurveda Products limits its liability in ordinary circumstances to the cost only of the goods supplied or the replacement of the same. The buyer shall attempt to minimize any such liability in the event of a claim.</li>\r\n</ul>\r\n\r\n<p><strong>PAYMENT </strong></p>\r\n\r\n<ul>\r\n	<li>Where credit is offered payment of the price and VAT and any other applicable costs shall be due within 30 days of the date of the invoice supplied by the Seller, unless otherwise agreed in writing. In cases where credit is not offered payment will be required before release of goods by the Seller.</li>\r\n	<li>We understand and will exercise our statutory right to claim interest and compensation for debt recovery costs under the late payment legislation if we are not paid according to agreed credit terms.</li>\r\n	<li>The Seller reserves the right at the Seller&rsquo;s complete discretion to refuse to establish a credit account for any Buyer or to refuse credit to any Buyer notwithstanding that a credit account may already have been established, and to withdraw credit account facilities.</li>\r\n</ul>\r\n\r\n<p><strong>TITLE </strong></p>\r\n\r\n<ul>\r\n	<li>Naga Ayurveda Products reserves title in full to the goods until such time as payment in full has been made and the buyer shall hold goods such that Herbs in a Bottle can identify its title and legal ownership.</li>\r\n</ul>\r\n\r\n<p><strong>ASSIGNABILITY </strong></p>\r\n\r\n<ul>\r\n	<li>Any contract entered into is not assignable by the buyer without written consent of Naga Ayurveda Products.</li>\r\n</ul>\r\n\r\n<p><strong>CANCELLATION </strong></p>\r\n\r\n<ul>\r\n	<li>Naga Ayurveda Products reserves the right to make a discretionary charge in respect of a buyer&rsquo;s decision to cancel any contract. The contract shall be considered to be valid at the time of firm order either written or verbal.</li>\r\n</ul>\r\n\r\n<p><strong>FORCE MAJEURE </strong></p>\r\n\r\n<ul>\r\n	<li>The contract shall be subject to the usual considerations in respect of Force Majeure.</li>\r\n</ul>\r\n\r\n<p><strong>PROPER LAW </strong></p>\r\n\r\n<ul>\r\n	<li>Any contract shall ultimately be governed by Indian Law and both parties submit themselves to the non-exclusive jurisdiction of the Indian Courts.</li>\r\n</ul>\r\n\r\n<p><strong>DATA PROTECTION ACT 1998 </strong></p>\r\n\r\n<ul>\r\n	<li>We may transfer information about you to our Financiers, who:\r\n	<ol>\r\n		<li>May use, analyse and asses information about you, including the nature of your transactions, and exchange such information with other members of their group of companies and others for credit or financial assessment, market research, statistical analysis, insurance claim, underwriting and training purposes and in making payments and servicing their agreement with us;</li>\r\n		<li>From time to time may make searches of your record at credit reference agencies where you record with such agencies may include searches made and information given by other businesses, details of their searches will be kept by such agencies but will not be seen by other organisations that may make searches;</li>\r\n		<li>May give information about you and your indebtedness to the following:\r\n		<ol>\r\n			<li>Our or their insurers for underwriting and claims purposes;</li>\r\n			<li>Any guarantor or indemnifier of your or our obligations to enable them to assess such obligations;</li>\r\n			<li>Their bankers or any advisors acting on their behalf;</li>\r\n			<li>Any business to whom your indebtedness or our arrangement with our financiers may be transferred &ndash; to facilitate such transfer;</li>\r\n		</ol>\r\n		</li>\r\n		<li>May monitor and /or record any phone calls you may have with them, for training and /or security purposes;</li>\r\n		<li>In the event that they transfer all or any of their rights and obligations under their agreement with us to a third party, may transfer information about you to enable the third party to enforce their rights or comply with the obligations.</li>\r\n		<li>We will provide you with details of our financiers on request, including a contact telephone number if you want to have details of the credit reference agencies and other third parties referred to above from whom they may give information about you. You also have the right to receive a copy of certain information they hold about you apply to them in writing. However, a fee will be payable.</li>\r\n	</ol>\r\n	</li>\r\n</ul>\r\n', 2);

-- --------------------------------------------------------

--
-- Table structure for table `wishlist`
--

CREATE TABLE `wishlist` (
  `wishlist_id` int(12) NOT NULL,
  `user_id` varchar(100) NOT NULL,
  `product_id` varchar(100) NOT NULL,
  `cr_date` timestamp NOT NULL DEFAULT current_timestamp() ON UPDATE current_timestamp()
) ENGINE=MyISAM DEFAULT CHARSET=latin1 COLLATE=latin1_swedish_ci;

--
-- Indexes for dumped tables
--

--
-- Indexes for table `about_content`
--
ALTER TABLE `about_content`
  ADD PRIMARY KEY (`about_content_id`);

--
-- Indexes for table `blog_content`
--
ALTER TABLE `blog_content`
  ADD PRIMARY KEY (`blog_content_id`);

--
-- Indexes for table `contactus`
--
ALTER TABLE `contactus`
  ADD PRIMARY KEY (`id`);

--
-- Indexes for table `contact_add`
--
ALTER TABLE `contact_add`
  ADD PRIMARY KEY (`contact_add_id`);

--
-- Indexes for table `delivery_option`
--
ALTER TABLE `delivery_option`
  ADD PRIMARY KEY (`deli_opt_id`);

--
-- Indexes for table `home_slider`
--
ALTER TABLE `home_slider`
  ADD PRIMARY KEY (`slider_id`);

--
-- Indexes for table `organic_menu`
--
ALTER TABLE `organic_menu`
  ADD PRIMARY KEY (`organic_menu_id`);

--
-- Indexes for table `pincode_price`
--
ALTER TABLE `pincode_price`
  ADD PRIMARY KEY (`pincode_price_id`);

--
-- Indexes for table `privacy`
--
ALTER TABLE `privacy`
  ADD PRIMARY KEY (`privacy_id`);

--
-- Indexes for table `product`
--
ALTER TABLE `product`
  ADD PRIMARY KEY (`product_id`);

--
-- Indexes for table `product_image`
--
ALTER TABLE `product_image`
  ADD PRIMARY KEY (`product_image_id`);

--
-- Indexes for table `social_media`
--
ALTER TABLE `social_media`
  ADD PRIMARY KEY (`social_media_id`);

--
-- Indexes for table `sub_category`
--
ALTER TABLE `sub_category`
  ADD PRIMARY KEY (`sub_category_id`);

--
-- Indexes for table `terms`
--
ALTER TABLE `terms`
  ADD PRIMARY KEY (`terms_id`);

--
-- Indexes for table `wishlist`
--
ALTER TABLE `wishlist`
  ADD PRIMARY KEY (`wishlist_id`);

--
-- AUTO_INCREMENT for dumped tables
--

--
-- AUTO_INCREMENT for table `about_content`
--
ALTER TABLE `about_content`
  MODIFY `about_content_id` int(11) NOT NULL AUTO_INCREMENT, AUTO_INCREMENT=2;

--
-- AUTO_INCREMENT for table `blog_content`
--
ALTER TABLE `blog_content`
  MODIFY `blog_content_id` int(11) NOT NULL AUTO_INCREMENT;

--
-- AUTO_INCREMENT for table `contactus`
--
ALTER TABLE `contactus`
  MODIFY `id` int(11) NOT NULL AUTO_INCREMENT, AUTO_INCREMENT=2;

--
-- AUTO_INCREMENT for table `contact_add`
--
ALTER TABLE `contact_add`
  MODIFY `contact_add_id` int(11) NOT NULL AUTO_INCREMENT;

--
-- AUTO_INCREMENT for table `delivery_option`
--
ALTER TABLE `delivery_option`
  MODIFY `deli_opt_id` int(11) NOT NULL AUTO_INCREMENT, AUTO_INCREMENT=5;

--
-- AUTO_INCREMENT for table `home_slider`
--
ALTER TABLE `home_slider`
  MODIFY `slider_id` int(11) NOT NULL AUTO_INCREMENT, AUTO_INCREMENT=50;

--
-- AUTO_INCREMENT for table `organic_menu`
--
ALTER TABLE `organic_menu`
  MODIFY `organic_menu_id` int(11) NOT NULL AUTO_INCREMENT, AUTO_INCREMENT=64;

--
-- AUTO_INCREMENT for table `pincode_price`
--
ALTER TABLE `pincode_price`
  MODIFY `pincode_price_id` int(11) NOT NULL AUTO_INCREMENT, AUTO_INCREMENT=18;

--
-- AUTO_INCREMENT for table `privacy`
--
ALTER TABLE `privacy`
  MODIFY `privacy_id` int(11) NOT NULL AUTO_INCREMENT, AUTO_INCREMENT=3;

--
-- AUTO_INCREMENT for table `product`
--
ALTER TABLE `product`
  MODIFY `product_id` int(11) NOT NULL AUTO_INCREMENT, AUTO_INCREMENT=902;

--
-- AUTO_INCREMENT for table `product_image`
--
ALTER TABLE `product_image`
  MODIFY `product_image_id` int(11) NOT NULL AUTO_INCREMENT, AUTO_INCREMENT=144;

--
-- AUTO_INCREMENT for table `social_media`
--
ALTER TABLE `social_media`
  MODIFY `social_media_id` int(11) NOT NULL AUTO_INCREMENT, AUTO_INCREMENT=10;

--
-- AUTO_INCREMENT for table `sub_category`
--
ALTER TABLE `sub_category`
  MODIFY `sub_category_id` int(11) NOT NULL AUTO_INCREMENT, AUTO_INCREMENT=82;

--
-- AUTO_INCREMENT for table `terms`
--
ALTER TABLE `terms`
  MODIFY `terms_id` int(11) NOT NULL AUTO_INCREMENT, AUTO_INCREMENT=3;

--
-- AUTO_INCREMENT for table `wishlist`
--
ALTER TABLE `wishlist`
  MODIFY `wishlist_id` int(12) NOT NULL AUTO_INCREMENT;
COMMIT;

